{"id":4232,"date":"2025-03-06T09:44:17","date_gmt":"2025-03-06T09:44:17","guid":{"rendered":"https:\/\/scoalaioanbadescu.ro\/?page_id=4232"},"modified":"2025-05-23T11:04:09","modified_gmt":"2025-05-23T11:04:09","slug":"anul-scolar-2025-2026","status":"publish","type":"page","link":"https:\/\/scoalaioanbadescu.ro\/?page_id=4232","title":{"rendered":"Anul \u0218colar 2025-2026"},"content":{"rendered":"\n<div class=\"_df_book df-lite\" id=\"df_4427\"  data-title=\"\" _slug=\"4427\" wpoptions=\"true\" thumbtype=\"bg\" ><\/div><script class=\"df-shortcode-script\" type=\"application\/javascript\">window.option_df_4427 = {\"outline\":[],\"forceFit\":\"true\",\"autoEnableOutline\":\"false\",\"autoEnableThumbnail\":\"false\",\"overwritePDFOutline\":\"false\",\"direction\":\"1\",\"pageSize\":\"0\",\"soundEnable\":\"false\",\"source\":\"https:\\\/\\\/scoalaioanbadescu.ro\\\/wp-content\\\/uploads\\\/2025\\\/05\\\/Anunt-locuri-libere-dupa-reinscriere_Gradinita-nr.-2_2025-2026.pdf\",\"wpOptions\":\"true\"}; if(window.DFLIP && window.DFLIP.parseBooks){window.DFLIP.parseBooks();}<\/script>\n\n\n\n<div class=\"wp-block-file\"><a id=\"wp-block-file--media-cb0729d8-c3c8-4aea-be05-f05a7ede4caf\" href=\"https:\/\/scoalaioanbadescu.ro\/wp-content\/uploads\/2025\/04\/ANUNT-REINSCRIERE_INSCRIERE-GRADINITA-2025-2026.pdf\">ANUN\u021a RE\u00ceNSCRIERE_\u00ceNSCRIERE GR\u0102DINI\u021a\u0102 2025-2026<\/a><\/div>\n\n\n\n<div class=\"wp-block-file\"><a id=\"wp-block-file--media-4f1d756f-d3ef-4bda-8633-a0db938bb615\" href=\"https:\/\/scoalaioanbadescu.ro\/wp-content\/uploads\/2025\/04\/ANEXA-2_DECLARATIE-PROPRIE-RASPUNDERE_REINSCRIERE_INSCRIERE-GRADINITA_2025-2026.pdf\">ANEXA 2_DECLARA\u021aIE PROPRIE R\u0102SPUNDERE_RE\u00ceNSCRIERE_\u00ceNSCRIERE GR\u0102DINI\u021a\u0102_2025-2026<\/a><\/div>\n\n\n\n<div class=\"wp-block-file\"><a id=\"wp-block-file--media-9f2cf213-214b-4939-a200-6bd7f32099b8\" href=\"https:\/\/scoalaioanbadescu.ro\/wp-content\/uploads\/2025\/04\/CERERE-INSCRIERE-GRUPA-MICA_GRADINITA-NR.-2_2025-2026.pdf\">CERERE \u00ceNSCRIERE GRUPA MIC\u0102_GR\u0102DINI\u021aA NR. 2_2025-2026<\/a><\/div>\n\n\n\n<div class=\"wp-block-file\"><a id=\"wp-block-file--media-f019f783-6b31-4001-8f7f-b2d54423b2c1\" href=\"https:\/\/scoalaioanbadescu.ro\/wp-content\/uploads\/2025\/04\/CERERE-REINSCRIERE-GRUPA-MICA_GRADINITA-NR.-2_2025-2026.pdf\">CERERE RE\u00ceNSCRIERE GRUPA MIC\u0102_GR\u0102DINI\u021aA NR. 2_2025-2026<\/a><\/div>\n\n\n\n<div class=\"wp-block-file\"><a id=\"wp-block-file--media-47be951c-ce6d-4b8d-ab28-020f3b4d6b7f\" href=\"https:\/\/scoalaioanbadescu.ro\/wp-content\/uploads\/2025\/04\/CERERE-TIP-INSCRIERE-PRESCOLAR-2025-2026.pdf\">CERERE-TIP INSCRIERE PRESCOLAR 2025-2026<\/a><\/div>\n\n\n\n<div class=\"_df_book df-lite\" id=\"df_4349\"  data-title=\"4414-sc-ioan-badescu\" _slug=\"4414-sc-ioan-badescu\" wpoptions=\"true\" thumbtype=\"bg\" ><\/div><script class=\"df-shortcode-script\" type=\"application\/javascript\">window.option_df_4349 = {\"outline\":[],\"forceFit\":\"true\",\"autoEnableOutline\":\"false\",\"autoEnableThumbnail\":\"false\",\"overwritePDFOutline\":\"false\",\"direction\":\"1\",\"pageSize\":\"0\",\"soundEnable\":\"false\",\"source\":\"https:\\\/\\\/scoalaioanbadescu.ro\\\/wp-content\\\/uploads\\\/2025\\\/04\\\/4414-SC.-IOAN-BADESCU-1.pdf\",\"wpOptions\":\"true\"}; if(window.DFLIP && window.DFLIP.parseBooks){window.DFLIP.parseBooks();}<\/script>\n\n\n\n<hr class=\"wp-block-separator has-alpha-channel-opacity is-style-wide\"\/>\n\n\n\n<div class=\"_df_book df-lite\" id=\"df_4230\"  data-title=\"insc26gr\" _slug=\"insc26gr\" wpoptions=\"true\" thumbtype=\"bg\" ><\/div><script class=\"df-shortcode-script\" type=\"application\/javascript\">window.option_df_4230 = {\"outline\":[],\"forceFit\":\"true\",\"autoEnableOutline\":\"false\",\"autoEnableThumbnail\":\"false\",\"overwritePDFOutline\":\"false\",\"direction\":\"1\",\"pageSize\":\"0\",\"soundEnable\":\"false\",\"source\":\"https:\\\/\\\/scoalaioanbadescu.ro\\\/wp-content\\\/uploads\\\/2025\\\/03\\\/OMEC_3536_2025_calendar_inscriere_prescolar-1.pdf\",\"wpOptions\":\"true\"}; if(window.DFLIP && window.DFLIP.parseBooks){window.DFLIP.parseBooks();}<\/script>\n\n\n\n<p><\/p>\n","protected":false},"excerpt":{"rendered":"<p><span class=\"more-link\"><a href=\"https:\/\/scoalaioanbadescu.ro\/?page_id=4232\">Continue Reading<\/a><\/span><\/p>\n","protected":false},"author":2,"featured_media":0,"parent":0,"menu_order":0,"comment_status":"closed","ping_status":"closed","template":"","meta":{"footnotes":""},"class_list":["entry","author-cristian-ene","post-4232","page","type-page","status-publish"],"_links":{"self":[{"href":"https:\/\/scoalaioanbadescu.ro\/index.php?rest_route=\/wp\/v2\/pages\/4232","targetHints":{"allow":["GET"]}}],"collection":[{"href":"https:\/\/scoalaioanbadescu.ro\/index.php?rest_route=\/wp\/v2\/pages"}],"about":[{"href":"https:\/\/scoalaioanbadescu.ro\/index.php?rest_route=\/wp\/v2\/types\/page"}],"author":[{"embeddable":true,"href":"https:\/\/scoalaioanbadescu.ro\/index.php?rest_route=\/wp\/v2\/users\/2"}],"replies":[{"embeddable":true,"href":"https:\/\/scoalaioanbadescu.ro\/index.php?rest_route=%2Fwp%2Fv2%2Fcomments&post=4232"}],"version-history":[{"count":4,"href":"https:\/\/scoalaioanbadescu.ro\/index.php?rest_route=\/wp\/v2\/pages\/4232\/revisions"}],"predecessor-version":[{"id":4429,"href":"https:\/\/scoalaioanbadescu.ro\/index.php?rest_route=\/wp\/v2\/pages\/4232\/revisions\/4429"}],"wp:attachment":[{"href":"https:\/\/scoalaioanbadescu.ro\/index.php?rest_route=%2Fwp%2Fv2%2Fmedia&parent=4232"}],"curies":[{"name":"wp","href":"https:\/\/api.w.org\/{rel}","templated":true}]}}