{"id":3595,"date":"2024-04-15T08:03:13","date_gmt":"2024-04-15T08:03:13","guid":{"rendered":"https:\/\/scoalaioanbadescu.ro\/?page_id=3595"},"modified":"2024-04-15T08:03:16","modified_gmt":"2024-04-15T08:03:16","slug":"saptamana-verde-anul-scolar-2023-2024","status":"publish","type":"page","link":"https:\/\/scoalaioanbadescu.ro\/?page_id=3595","title":{"rendered":"S\u0103pt\u0103m\u00e2na Verde Anul \u0218colar 2023-2024"},"content":{"rendered":"\n<h2 class=\"wp-block-heading has-text-align-center\">Anul \u0218colar 2023-2024<\/h2>\n\n\n\n<div style=\"height:24px\" aria-hidden=\"true\" class=\"wp-block-spacer\"><\/div>\n\n\n\n<div class=\"_df_book df-lite\" id=\"df_3596\"  data-title=\"programul-national-saptamana-verde_ciclul-prescolar_an-scolar-2023-2024\" _slug=\"3596\" wpoptions=\"true\" thumbtype=\"bg\" ><\/div><script class=\"df-shortcode-script\" type=\"application\/javascript\">window.option_df_3596 = {\"outline\":[],\"forceFit\":\"true\",\"autoEnableOutline\":\"false\",\"autoEnableThumbnail\":\"false\",\"overwritePDFOutline\":\"false\",\"direction\":\"1\",\"pageSize\":\"0\",\"soundEnable\":\"false\",\"source\":\"https:\\\/\\\/scoalaioanbadescu.ro\\\/wp-content\\\/uploads\\\/2024\\\/04\\\/Programul-National-Saptamana-Verde_Ciclul-Prescolar_An-scolar-2023-2024.pdf\",\"wpOptions\":\"true\"}; if(window.DFLIP && window.DFLIP.parseBooks){window.DFLIP.parseBooks();}<\/script>\n\n\n\n<div style=\"height:29px\" aria-hidden=\"true\" class=\"wp-block-spacer\"><\/div>\n\n\n\n<div class=\"_df_book df-lite\" id=\"df_3593\"  data-title=\"programul-national-saptamana-verde_ciclul-primar_an-scolar-2023-2024-pdf\" _slug=\"programul-national-saptamana-verde_ciclul-primar_an-scolar-2023-2024-pdf\" wpoptions=\"true\" thumbtype=\"bg\" ><\/div><script class=\"df-shortcode-script\" type=\"application\/javascript\">window.option_df_3593 = {\"outline\":[],\"forceFit\":\"true\",\"autoEnableOutline\":\"false\",\"autoEnableThumbnail\":\"false\",\"overwritePDFOutline\":\"false\",\"direction\":\"1\",\"pageSize\":\"0\",\"soundEnable\":\"false\",\"source\":\"https:\\\/\\\/scoalaioanbadescu.ro\\\/wp-content\\\/uploads\\\/2024\\\/04\\\/Programul-National-Saptamana-Verde_Ciclul-Primar_An-scolar-2023-2024-.pdf\",\"wpOptions\":\"true\"}; if(window.DFLIP && window.DFLIP.parseBooks){window.DFLIP.parseBooks();}<\/script>\n\n\n\n<div style=\"height:29px\" aria-hidden=\"true\" class=\"wp-block-spacer\"><\/div>\n\n\n\n<div class=\"_df_book df-lite\" id=\"df_3599\"  data-title=\"programul-national-saptamana-verde_ciclul-gimnazial_an-scolar-2023-2024\" _slug=\"programul-national-saptamana-verde_ciclul-gimnazial_an-scolar-2023-2024\" wpoptions=\"true\" thumbtype=\"bg\" ><\/div><script class=\"df-shortcode-script\" type=\"application\/javascript\">window.option_df_3599 = {\"outline\":[],\"forceFit\":\"true\",\"autoEnableOutline\":\"false\",\"autoEnableThumbnail\":\"false\",\"overwritePDFOutline\":\"false\",\"direction\":\"1\",\"pageSize\":\"0\",\"soundEnable\":\"false\",\"source\":\"https:\\\/\\\/scoalaioanbadescu.ro\\\/wp-content\\\/uploads\\\/2024\\\/04\\\/Programul-National-Saptamana-Verde_Ciclul-Gimnazial_An-scolar-2023-2024.pdf\",\"wpOptions\":\"true\"}; if(window.DFLIP && window.DFLIP.parseBooks){window.DFLIP.parseBooks();}<\/script>\n","protected":false},"excerpt":{"rendered":"<p>Anul \u0218colar 2023-2024<span class=\"more-link\"><a href=\"https:\/\/scoalaioanbadescu.ro\/?page_id=3595\">Continue Reading<\/a><\/span><\/p>\n","protected":false},"author":2,"featured_media":0,"parent":0,"menu_order":0,"comment_status":"closed","ping_status":"closed","template":"","meta":{"footnotes":""},"class_list":["entry","author-cristian-ene","post-3595","page","type-page","status-publish"],"_links":{"self":[{"href":"https:\/\/scoalaioanbadescu.ro\/index.php?rest_route=\/wp\/v2\/pages\/3595","targetHints":{"allow":["GET"]}}],"collection":[{"href":"https:\/\/scoalaioanbadescu.ro\/index.php?rest_route=\/wp\/v2\/pages"}],"about":[{"href":"https:\/\/scoalaioanbadescu.ro\/index.php?rest_route=\/wp\/v2\/types\/page"}],"author":[{"embeddable":true,"href":"https:\/\/scoalaioanbadescu.ro\/index.php?rest_route=\/wp\/v2\/users\/2"}],"replies":[{"embeddable":true,"href":"https:\/\/scoalaioanbadescu.ro\/index.php?rest_route=%2Fwp%2Fv2%2Fcomments&post=3595"}],"version-history":[{"count":1,"href":"https:\/\/scoalaioanbadescu.ro\/index.php?rest_route=\/wp\/v2\/pages\/3595\/revisions"}],"predecessor-version":[{"id":3601,"href":"https:\/\/scoalaioanbadescu.ro\/index.php?rest_route=\/wp\/v2\/pages\/3595\/revisions\/3601"}],"wp:attachment":[{"href":"https:\/\/scoalaioanbadescu.ro\/index.php?rest_route=%2Fwp%2Fv2%2Fmedia&parent=3595"}],"curies":[{"name":"wp","href":"https:\/\/api.w.org\/{rel}","templated":true}]}}

Săptămâna Verde Anul Școlar 2023-2024

<h2 class="wp-block-heading has-text-align-center">Anul Școlar 2023-2024</h2>



<div style="height:24px" aria-hidden="true" class="wp-block-spacer"></div>



<div class="_df_book df-lite" id="df_3596"  data-title="programul-national-saptamana-verde_ciclul-prescolar_an-scolar-2023-2024" _slug="3596" wpoptions="true" thumbtype="bg" ></div><script class="df-shortcode-script" type="application/javascript">window.option_df_3596 = {"outline":[],"forceFit":"true","autoEnableOutline":"false","autoEnableThumbnail":"false","overwritePDFOutline":"false","direction":"1","pageSize":"0","soundEnable":"false","source":"https:\/\/scoalaioanbadescu.ro\/wp-content\/uploads\/2024\/04\/Programul-National-Saptamana-Verde_Ciclul-Prescolar_An-scolar-2023-2024.pdf","wpOptions":"true"}; if(window.DFLIP && window.DFLIP.parseBooks){window.DFLIP.parseBooks();}</script>



<div style="height:29px" aria-hidden="true" class="wp-block-spacer"></div>



<div class="_df_book df-lite" id="df_3593"  data-title="programul-national-saptamana-verde_ciclul-primar_an-scolar-2023-2024-pdf" _slug="programul-national-saptamana-verde_ciclul-primar_an-scolar-2023-2024-pdf" wpoptions="true" thumbtype="bg" ></div><script class="df-shortcode-script" type="application/javascript">window.option_df_3593 = {"outline":[],"forceFit":"true","autoEnableOutline":"false","autoEnableThumbnail":"false","overwritePDFOutline":"false","direction":"1","pageSize":"0","soundEnable":"false","source":"https:\/\/scoalaioanbadescu.ro\/wp-content\/uploads\/2024\/04\/Programul-National-Saptamana-Verde_Ciclul-Primar_An-scolar-2023-2024-.pdf","wpOptions":"true"}; if(window.DFLIP && window.DFLIP.parseBooks){window.DFLIP.parseBooks();}</script>



<div style="height:29px" aria-hidden="true" class="wp-block-spacer"></div>



<div class="_df_book df-lite" id="df_3599"  data-title="programul-national-saptamana-verde_ciclul-gimnazial_an-scolar-2023-2024" _slug="programul-national-saptamana-verde_ciclul-gimnazial_an-scolar-2023-2024" wpoptions="true" thumbtype="bg" ></div><script class="df-shortcode-script" type="application/javascript">window.option_df_3599 = {"outline":[],"forceFit":"true","autoEnableOutline":"false","autoEnableThumbnail":"false","overwritePDFOutline":"false","direction":"1","pageSize":"0","soundEnable":"false","source":"https:\/\/scoalaioanbadescu.ro\/wp-content\/uploads\/2024\/04\/Programul-National-Saptamana-Verde_Ciclul-Gimnazial_An-scolar-2023-2024.pdf","wpOptions":"true"}; if(window.DFLIP && window.DFLIP.parseBooks){window.DFLIP.parseBooks();}</script>

<p>Anul Școlar 2023-2024<span class="more-link"><a href="https://scoalaioanbadescu.ro/?page_id=3595">Continue Reading</a></span></p>
