{"id":2854,"date":"2024-02-07T09:57:54","date_gmt":"2024-02-07T09:57:54","guid":{"rendered":"https:\/\/scoalaioanbadescu.ro\/?page_id=2854"},"modified":"2024-02-07T11:48:19","modified_gmt":"2024-02-07T11:48:19","slug":"structura-an-scolar-2023-2024","status":"publish","type":"page","link":"https:\/\/scoalaioanbadescu.ro\/?page_id=2854","title":{"rendered":"Structur\u0103-An \u0218colar 2023-2024"},"content":{"rendered":"\n<p>Programul Na\u021bional &#8220;\u0218coala Altfel&#8221; se desf\u0103\u0219oar\u0103 \u00een perioada <strong>23-27.10.2023<\/strong>.<\/p>\n\n\n\n<p>Programul Na\u021bional &#8220;S\u0103pt\u0103m\u00e2na Verde&#8221; se desf\u0103\u0219oar\u0103 \u00een perioada <strong>22-26.04.2024.<\/strong><\/p>\n\n\n\n<div class=\"_df_book df-lite\" id=\"df_2856\"  data-title=\"structuraan2023-2024\" _slug=\"structuraan2023-2024\" wpoptions=\"true\" thumbtype=\"bg\" ><\/div><script class=\"df-shortcode-script\" type=\"application\/javascript\">window.option_df_2856 = {\"outline\":[],\"forceFit\":\"true\",\"autoEnableOutline\":\"false\",\"autoEnableThumbnail\":\"false\",\"overwritePDFOutline\":\"false\",\"direction\":\"1\",\"pageSize\":\"0\",\"soundEnable\":\"false\",\"source\":\"https:\\\/\\\/scoalaioanbadescu.ro\\\/wp-content\\\/uploads\\\/2024\\\/02\\\/ordinul-nr-3800-2023-privind-structura-anului-scolar-2023-2024.pdf\",\"wpOptions\":\"true\"}; if(window.DFLIP && window.DFLIP.parseBooks){window.DFLIP.parseBooks();}<\/script>\n","protected":false},"excerpt":{"rendered":"<p>Programul Na\u021bional &#8220;\u0218coala Altfel&#8221; se desf\u0103\u0219oar\u0103 \u00een perioada 23-27.10.2023. Programul Na\u021bional &#8220;S\u0103pt\u0103m\u00e2na Verde&#8221; se desf\u0103\u0219oar\u0103 \u00een perioada 22-26.04.2024.<span class=\"more-link\"><a href=\"https:\/\/scoalaioanbadescu.ro\/?page_id=2854\">Continue Reading<\/a><\/span><\/p>\n","protected":false},"author":2,"featured_media":0,"parent":0,"menu_order":0,"comment_status":"closed","ping_status":"closed","template":"","meta":{"footnotes":""},"class_list":["entry","author-cristian-ene","post-2854","page","type-page","status-publish"],"_links":{"self":[{"href":"https:\/\/scoalaioanbadescu.ro\/index.php?rest_route=\/wp\/v2\/pages\/2854","targetHints":{"allow":["GET"]}}],"collection":[{"href":"https:\/\/scoalaioanbadescu.ro\/index.php?rest_route=\/wp\/v2\/pages"}],"about":[{"href":"https:\/\/scoalaioanbadescu.ro\/index.php?rest_route=\/wp\/v2\/types\/page"}],"author":[{"embeddable":true,"href":"https:\/\/scoalaioanbadescu.ro\/index.php?rest_route=\/wp\/v2\/users\/2"}],"replies":[{"embeddable":true,"href":"https:\/\/scoalaioanbadescu.ro\/index.php?rest_route=%2Fwp%2Fv2%2Fcomments&post=2854"}],"version-history":[{"count":1,"href":"https:\/\/scoalaioanbadescu.ro\/index.php?rest_route=\/wp\/v2\/pages\/2854\/revisions"}],"predecessor-version":[{"id":2858,"href":"https:\/\/scoalaioanbadescu.ro\/index.php?rest_route=\/wp\/v2\/pages\/2854\/revisions\/2858"}],"wp:attachment":[{"href":"https:\/\/scoalaioanbadescu.ro\/index.php?rest_route=%2Fwp%2Fv2%2Fmedia&parent=2854"}],"curies":[{"name":"wp","href":"https:\/\/api.w.org\/{rel}","templated":true}]}}