{"id":2567,"date":"2024-01-23T17:36:01","date_gmt":"2024-01-23T17:36:01","guid":{"rendered":"https:\/\/scoalaioanbadescu.ro\/?page_id=2567"},"modified":"2024-02-16T17:19:05","modified_gmt":"2024-02-16T17:19:05","slug":"123123123-2","status":"publish","type":"page","link":"https:\/\/scoalaioanbadescu.ro\/","title":{"rendered":"Homepage"},"content":{"rendered":"\t\t<div data-elementor-type=\"wp-page\" data-elementor-id=\"2567\" class=\"elementor elementor-2567\">\n\t\t\t\t<div class=\"elementor-element elementor-element-2598704 e-flex e-con-boxed e-con e-parent\" data-id=\"2598704\" data-element_type=\"container\">\n\t\t\t\t\t<div class=\"e-con-inner\">\n\t\t<div class=\"elementor-element elementor-element-ce5c043 e-con-full e-flex e-con e-child\" data-id=\"ce5c043\" data-element_type=\"container\">\n\t\t<div class=\"elementor-element elementor-element-af1f272 e-con-full e-flex e-con e-child\" data-id=\"af1f272\" data-element_type=\"container\">\n\t\t\t\t<\/div>\n\t\t<div class=\"elementor-element elementor-element-3db74dc e-con-full e-flex e-con e-child\" data-id=\"3db74dc\" data-element_type=\"container\">\n\t\t<div class=\"elementor-element elementor-element-96a99bb e-flex e-con-boxed e-con e-child\" data-id=\"96a99bb\" data-element_type=\"container\">\n\t\t\t\t\t<div class=\"e-con-inner\">\n\t\t\t\t<div class=\"elementor-element elementor-element-279cf31 elementor-widget elementor-widget-html\" data-id=\"279cf31\" data-element_type=\"widget\" data-widget_type=\"html.default\">\n\t\t\t\t<div class=\"elementor-widget-container\">\n\t\t\t\t\t<div id=\"lyrics-container\">\r\n  <div id=\"lyrics\" class=\"scrolling-lyrics\">\u0218coala mea<\/h2><p>Azi sunt fericit, <br>\u0218tiu c\u0103 sunt \u0219colit. <br>Am \u00een\u021beles \u0219i eu ceva <br>C\u0103 f\u0103r\u0103 carte via\u021ba e grea.<\/p><p>Nop\u021bile n-am dormit <br>Doar la teze m-am g\u00e2ndit <br>Cu ai mei dasc\u0103li m-am tot zb\u0103tut <br>\u0218i premii multe am ob\u021binut.<\/p><p>\u0218coala mea este cea mai tare dintre toate <br>Chiar se poate! <br>Hai \u0219i tu dac\u0103 sim\u021bi a\u0219a, <br>Vino-n \u0219coala mea.<\/p><p>Acum sunt mai bogat <br>\u0218i mai tolerant, <br>De m\u00e2ine drumul \u00eemi e deschis <br>Spre o lume de nedescris\u2026<\/p><p>Nu conteaz\u0103 cine e\u0219ti, <br>Vino la \u0218coala \u201eIoan B\u0103descu\u201d din Pope\u0219ti <br>\u00cempreun\u0103 s\u0103 ne afirm\u0103m <br>\u0218i-n via\u021b\u0103 s\u0103 ne av\u00e2nt\u0103m.<\/p><p>\u0218coala mea este cea mai tare dintre toate <br>Chiar se poate! <br>Hai \u0219i tu dac\u0103 sim\u021bi a\u0219a, <br>Vino-n \u0219coala mea.<\/p><p class=\"bolduit\">De dou\u0103 ori mai buni!<\/p><p><span style=\"font-size:14px;\">Versuri Prof. Ana-Maria Jug\u0103nar<br> Muzic\u0103 Prof. Iosif N\u0103stase<\/span><\/p><\/div><\/div>\t\t\t\t<\/div>\n\t\t\t\t<\/div>\n\t\t\t\t\t<\/div>\n\t\t\t\t<\/div>\n\t\t\t\t<div class=\"elementor-element elementor-element-349a530 elementor-widget elementor-widget-wp-widget-media_audio\" data-id=\"349a530\" data-element_type=\"widget\" data-widget_type=\"wp-widget-media_audio.default\">\n\t\t\t\t<div class=\"elementor-widget-container\">\n\t\t\t\t\t<audio class=\"wp-audio-shortcode\" id=\"audio-2567-1\" preload=\"none\" style=\"width: 100%;\" controls=\"controls\"><source type=\"audio\/mpeg\" src=\"https:\/\/scoalaioanbadescu.ro\/wp-content\/uploads\/2024\/01\/melodie.mp3?_=1\" \/><source type=\"audio\/mpeg\" src=\"https:\/\/scoalaioanbadescu.gddservices.ro\/wp-content\/uploads\/2024\/01\/melodie.mp3?_=1\" \/><a href=\"https:\/\/scoalaioanbadescu.ro\/wp-content\/uploads\/2024\/01\/melodie.mp3\">https:\/\/scoalaioanbadescu.ro\/wp-content\/uploads\/2024\/01\/melodie.mp3<\/a><\/audio>\t\t\t\t<\/div>\n\t\t\t\t<\/div>\n\t\t\t\t<\/div>\n\t\t\t\t<\/div>\n\t\t\t\t\t<\/div>\n\t\t\t\t<\/div>\n\t\t<div class=\"elementor-element elementor-element-b5195db e-con-full e-flex e-con e-parent\" data-id=\"b5195db\" data-element_type=\"container\">\n\t\t<div class=\"elementor-element elementor-element-e6ea7bb e-con-full e-flex e-con e-child\" data-id=\"e6ea7bb\" data-element_type=\"container\">\n\t\t\t\t<div class=\"elementor-element elementor-element-4242a82 elementor-widget__width-inherit elementor-widget elementor-widget-html\" data-id=\"4242a82\" data-element_type=\"widget\" data-widget_type=\"html.default\">\n\t\t\t\t<div class=\"elementor-widget-container\">\n\t\t\t\t\t<div class=\"col col-2\">  <!-- <h5>\u00censcrierea \u00een \u00eenv\u0103\u021b\u0103m\u00e2ntul pre\u0219colar<\/h5><ul><\/ul><hr> --><h5>\u00censcrierea \u00een \u00eenv\u0103\u021b\u0103m\u00e2ntul primar<\/h5><ul><li class=\"info bolduit\"><span class=\"icon icon-info-circle\"><\/span>Programul de lucru \u00een perioada \u00eenscrierilor \u00een clasa preg\u0103titoare pentru anul \u015fcolar 2023-2024 <br>3 mai 2023 \u2013 18 mai 2023: <br>LUNI \u2013 JOI: 8<sup>00<\/sup>-17<sup>00<\/sup><br>VINERI: 8<sup>00<\/sup>-16<sup>00<\/sup><\/li><\/ul><p class=\"bolduit\">Pentru mai multe detalii, accesa\u021bi: <a href=\"https:\/\/scoalaioanbadescu.gddservices.ro\/?page_id=2367\">\u00censcrieri \u00een \u00eenv\u0103\u021b\u0103m\u00e2ntul primar anul \u0219colar 2023-2024<\/a><\/p><\/div>\t\t\t\t<\/div>\n\t\t\t\t<\/div>\n\t\t\t\t<\/div>\n\t\t<div class=\"elementor-element elementor-element-a3d7b80 e-con-full e-flex e-con e-child\" data-id=\"a3d7b80\" data-element_type=\"container\">\n\t\t\t\t<\/div>\n\t\t\t\t<\/div>\n\t\t\t\t<\/div>\n\t\t","protected":false},"excerpt":{"rendered":"<p>\u0218coala mea Azi sunt fericit, \u0218tiu c\u0103 sunt \u0219colit. Am \u00een\u021beles \u0219i eu ceva C\u0103 f\u0103r\u0103 carte via\u021ba e grea. Nop\u021bile n-am dormit Doar la teze m-am g\u00e2ndit Cu ai mei dasc\u0103li m-am tot zb\u0103tut \u0218i premii multe am ob\u021binut. \u0218coala mea este cea mai tare dintre toate Chiar se<span class=\"more-link\"><a href=\"https:\/\/scoalaioanbadescu.ro\/\">Continue Reading<\/a><\/span><\/p>\n","protected":false},"author":2,"featured_media":0,"parent":0,"menu_order":0,"comment_status":"closed","ping_status":"closed","template":"","meta":{"footnotes":""},"class_list":["entry","author-cristian-ene","post-2567","page","type-page","status-publish"],"_links":{"self":[{"href":"https:\/\/scoalaioanbadescu.ro\/index.php?rest_route=\/wp\/v2\/pages\/2567","targetHints":{"allow":["GET"]}}],"collection":[{"href":"https:\/\/scoalaioanbadescu.ro\/index.php?rest_route=\/wp\/v2\/pages"}],"about":[{"href":"https:\/\/scoalaioanbadescu.ro\/index.php?rest_route=\/wp\/v2\/types\/page"}],"author":[{"embeddable":true,"href":"https:\/\/scoalaioanbadescu.ro\/index.php?rest_route=\/wp\/v2\/users\/2"}],"replies":[{"embeddable":true,"href":"https:\/\/scoalaioanbadescu.ro\/index.php?rest_route=%2Fwp%2Fv2%2Fcomments&post=2567"}],"version-history":[{"count":23,"href":"https:\/\/scoalaioanbadescu.ro\/index.php?rest_route=\/wp\/v2\/pages\/2567\/revisions"}],"predecessor-version":[{"id":2615,"href":"https:\/\/scoalaioanbadescu.ro\/index.php?rest_route=\/wp\/v2\/pages\/2567\/revisions\/2615"}],"wp:attachment":[{"href":"https:\/\/scoalaioanbadescu.ro\/index.php?rest_route=%2Fwp%2Fv2%2Fmedia&parent=2567"}],"curies":[{"name":"wp","href":"https:\/\/api.w.org\/{rel}","templated":true}]}}