{"id":2491,"date":"2024-01-23T16:00:13","date_gmt":"2024-01-23T16:00:13","guid":{"rendered":"https:\/\/scoalaioanbadescu.ro\/?page_id=2491"},"modified":"2026-03-28T22:27:47","modified_gmt":"2026-03-28T22:27:47","slug":"anunturi","status":"publish","type":"page","link":"https:\/\/scoalaioanbadescu.ro\/?page_id=2491","title":{"rendered":"Anun\u021buri"},"content":{"rendered":"<div class=\"wp-block-image\">\n<figure class=\"aligncenter size-full\"><img fetchpriority=\"high\" decoding=\"async\" width=\"1157\" height=\"1267\" src=\"https:\/\/scoalaioanbadescu.ro\/wp-content\/uploads\/2026\/03\/Screenshot-2026-03-29-002003.png\" alt=\"\" class=\"wp-image-4784\"\/><\/figure>\n<\/div>\n\n\n<h2 class=\"wp-block-heading has-text-align-center\">ANUN\u021a RECHIZITE \u0218COLARE 2025-2026<\/h2>\n\n\n\n<div class=\"wp-block-file\"><a id=\"wp-block-file--media-6358b581-066c-4f41-836e-bcc4c7a1d02a\" href=\"https:\/\/scoalaioanbadescu.ro\/wp-content\/uploads\/2025\/09\/Cerere-pentru-acordarea-rechizitelor-scolare-gratuite.pdf\">Cerere pentru acordarea rechizitelor \u015fcolare gratuite<\/a><\/div>\n\n\n\n<div class=\"wp-block-file\"><a id=\"wp-block-file--media-2ae659f4-9709-4461-89ae-9addeb8dbf26\" href=\"https:\/\/scoalaioanbadescu.ro\/wp-content\/uploads\/2025\/09\/Ordin-rechizite-gratuite.pdf\">Ordin rechizite gratuite<\/a><\/div>\n\n\n\n<hr class=\"wp-block-separator has-alpha-channel-opacity is-style-wide\"\/>\n\n\n\n<h2 class=\"wp-block-heading has-text-align-center\">ANUN\u021a TICHETE SOCIALE 2025-2026<\/h2>\n\n\n\n<p>Revenire asupra perioadei de primire cereri de la p\u0103rin\u021bi\/tutori \u0219i asupra perioadei de \u00eenregistrare a cererilor \u00een SIIIR cf. art.6, al.2 \u0219i 3 din OUG 83\/2023:<\/p>\n\n\n\n<ol class=\"wp-block-list\">\n<li>08 septembrie 2025-02 octombrie 2025 (inclusiv) &#8211; primirea\/\u00eenregistrarea cererilor de la p\u0103rin\u021bi\/tutori;<\/li>\n\n\n\n<li>03-07 octombrie (inclusiv) \u00eenregistrarea cererilor \u00een SIIIR<\/li>\n<\/ol>\n\n\n<div class=\"wp-block-image\">\n<figure class=\"aligncenter size-full\"><img decoding=\"async\" width=\"2481\" height=\"3509\" src=\"https:\/\/scoalaioanbadescu.ro\/wp-content\/uploads\/2025\/09\/ANUNT-TICHETE-2025-2026_page-0001.jpg\" alt=\"\" class=\"wp-image-4597\"\/><\/figure>\n<\/div>\n\n\n<div class=\"wp-block-file\"><a id=\"wp-block-file--media-96703f57-578a-4ecd-9bce-c8e684c49d20\" href=\"https:\/\/scoalaioanbadescu.ro\/wp-content\/uploads\/2025\/09\/Model-cerere-tichete-sociale.pdf\">Model cerere tichete sociale<\/a><\/div>\n\n\n\n<hr class=\"wp-block-separator has-alpha-channel-opacity is-style-wide\"\/>\n\n\n\n<h2 class=\"wp-block-heading has-text-align-center\">ANUN\u021a BURSE 2025-2026<\/h2>\n\n\n\n<div class=\"_df_book df-lite\" id=\"df_4588\"  data-title=\"\" _slug=\"4588\" wpoptions=\"true\" thumbtype=\"bg\" ><\/div><script class=\"df-shortcode-script\" type=\"application\/javascript\">window.option_df_4588 = {\"outline\":[],\"forceFit\":\"true\",\"autoEnableOutline\":\"false\",\"autoEnableThumbnail\":\"false\",\"overwritePDFOutline\":\"false\",\"direction\":\"1\",\"pageSize\":\"0\",\"soundEnable\":\"false\",\"source\":\"https:\\\/\\\/scoalaioanbadescu.ro\\\/wp-content\\\/uploads\\\/2025\\\/09\\\/Anunt-burse-2025-2026.pdf\",\"wpOptions\":\"true\"}; if(window.DFLIP && window.DFLIP.parseBooks){window.DFLIP.parseBooks();}<\/script>\n\n\n\n<div class=\"wp-block-file\"><a id=\"wp-block-file--media-81804a02-77a0-4781-8e03-8a8d9144a167\" href=\"https:\/\/scoalaioanbadescu.ro\/wp-content\/uploads\/2025\/09\/OMEC-732-BURSE-2025-2026.pdf\">OMEC 732 BURSE 2025-2026<\/a><\/div>\n\n\n\n<div class=\"wp-block-file\"><a id=\"wp-block-file--media-2098fef3-81e0-4d8e-af7d-77502b487252\" href=\"https:\/\/scoalaioanbadescu.ro\/wp-content\/uploads\/2025\/09\/Acord-de-prelucrare-a-datelor.pdf\">Acord de prelucrare a datelor<\/a><\/div>\n\n\n\n<div class=\"wp-block-file\"><a id=\"wp-block-file--media-77585527-3cc1-4717-a1f4-0b23925968f4\" href=\"https:\/\/scoalaioanbadescu.ro\/wp-content\/uploads\/2025\/09\/Formular-pentru-declararea-veniturilor-incasate-in-sept-2024-aug.2025.pdf\">Formular pentru declararea veniturilor \u00eencasate \u00een sept 2024-aug.2025<\/a><\/div>\n\n\n\n<div class=\"wp-block-file\"><a id=\"wp-block-file--media-f56e8d06-bcb6-4289-83fc-ecfc1bbc2a5f\" href=\"https:\/\/scoalaioanbadescu.ro\/wp-content\/uploads\/2025\/09\/Anexa-3-Cerere-bursa-sociala-pe-baza-venitului.pdf\">Anexa 3 &#8211; Cerere bursa sociala pe baza venitului<\/a><\/div>\n\n\n\n<div class=\"wp-block-file\"><a id=\"wp-block-file--media-91875fb5-a1a5-435a-bf00-a39556a9eed6\" href=\"https:\/\/scoalaioanbadescu.ro\/wp-content\/uploads\/2025\/09\/Anexa-4-Cerere-bursa-sociala-pentru-motive-medicale.pdf\">Anexa 4 &#8211; Cerere bursa sociala pentru motive medicale<\/a><\/div>\n\n\n\n<div class=\"wp-block-file\"><a id=\"wp-block-file--media-e2993df5-3739-4355-8551-5e95fcbefbea\" href=\"https:\/\/scoalaioanbadescu.ro\/wp-content\/uploads\/2025\/09\/Anexa-5-Cerere-bursa-sociala-pentru-orfani-masura-de-protectie-speciala.pdf\">Anexa 5 &#8211; Cerere bursa sociala pentru orfani masura de protectie speciala<\/a><\/div>\n\n\n\n<hr class=\"wp-block-separator has-alpha-channel-opacity is-style-wide\"\/>\n\n\n<div class=\"wp-block-image\">\n<figure class=\"aligncenter size-full\"><img decoding=\"async\" width=\"1131\" height=\"1600\" src=\"https:\/\/scoalaioanbadescu.ro\/wp-content\/uploads\/2025\/09\/WhatsApp-Image-2025-09-05-at-10.56.34.jpeg\" alt=\"\" class=\"wp-image-4573\"\/><\/figure>\n<\/div>\n\n\n<div class=\"_df_book df-lite\" id=\"df_4570\"  data-title=\"anuntinfo\" _slug=\"anuntinfo\" wpoptions=\"true\" thumbtype=\"bg\" ><\/div><script class=\"df-shortcode-script\" type=\"application\/javascript\">window.option_df_4570 = {\"outline\":[],\"forceFit\":\"true\",\"autoEnableOutline\":\"false\",\"autoEnableThumbnail\":\"false\",\"overwritePDFOutline\":\"false\",\"direction\":\"1\",\"pageSize\":\"0\",\"soundEnable\":\"false\",\"source\":\"https:\\\/\\\/scoalaioanbadescu.ro\\\/wp-content\\\/uploads\\\/2025\\\/09\\\/anunt-post-vacant-informatician_03.09.2025-1.pdf\",\"wpOptions\":\"true\"}; if(window.DFLIP && window.DFLIP.parseBooks){window.DFLIP.parseBooks();}<\/script>\n\n\n<div class=\"wp-block-image\">\n<figure class=\"aligncenter size-full\"><img loading=\"lazy\" decoding=\"async\" width=\"899\" height=\"974\" src=\"https:\/\/scoalaioanbadescu.ro\/wp-content\/uploads\/2025\/07\/Screenshot-2025-07-07-162702.png\" alt=\"\" class=\"wp-image-4559\"\/><\/figure>\n<\/div>\n\n<div class=\"wp-block-image\">\n<figure class=\"aligncenter size-full\"><img loading=\"lazy\" decoding=\"async\" width=\"2550\" height=\"3300\" src=\"https:\/\/scoalaioanbadescu.ro\/wp-content\/uploads\/2025\/06\/AFIS-TICHETE-SOCIALE-ILFOV_pages-to-jpg-0001.jpg\" alt=\"\" class=\"wp-image-4453\"\/><\/figure>\n<\/div>\n\n<div class=\"wp-block-image\">\n<figure class=\"aligncenter size-full\"><img loading=\"lazy\" decoding=\"async\" width=\"1241\" height=\"1755\" src=\"https:\/\/scoalaioanbadescu.ro\/wp-content\/uploads\/2025\/06\/ANUNT-TICHETE-2024-2025_page-0001.jpg\" alt=\"\" class=\"wp-image-4455\"\/><\/figure>\n<\/div>\n\n\n<div class=\"_df_book df-lite\" id=\"df_4342\"  data-title=\"codanunt2131\" _slug=\"codanunt2131\" wpoptions=\"true\" thumbtype=\"bg\" ><\/div><script class=\"df-shortcode-script\" type=\"application\/javascript\">window.option_df_4342 = {\"outline\":[],\"forceFit\":\"true\",\"autoEnableOutline\":\"false\",\"autoEnableThumbnail\":\"false\",\"overwritePDFOutline\":\"false\",\"direction\":\"1\",\"pageSize\":\"0\",\"soundEnable\":\"false\",\"source\":\"https:\\\/\\\/scoalaioanbadescu.ro\\\/wp-content\\\/uploads\\\/2025\\\/03\\\/NOTE-FINALE-CU-COD.pdf\",\"wpOptions\":\"true\"}; if(window.DFLIP && window.DFLIP.parseBooks){window.DFLIP.parseBooks();}<\/script>\n\n\n\n<div class=\"_df_book df-lite\" id=\"df_4339\"  data-title=\"anuntcod1231\" _slug=\"anuntcod1231\" wpoptions=\"true\" thumbtype=\"bg\" ><\/div><script class=\"df-shortcode-script\" type=\"application\/javascript\">window.option_df_4339 = {\"outline\":[],\"forceFit\":\"true\",\"autoEnableOutline\":\"false\",\"autoEnableThumbnail\":\"false\",\"overwritePDFOutline\":\"false\",\"direction\":\"1\",\"pageSize\":\"0\",\"soundEnable\":\"false\",\"source\":\"https:\\\/\\\/scoalaioanbadescu.ro\\\/wp-content\\\/uploads\\\/2025\\\/03\\\/NOTE-FINALE-SPANIOLA.pdf\",\"wpOptions\":\"true\"}; if(window.DFLIP && window.DFLIP.parseBooks){window.DFLIP.parseBooks();}<\/script>\n\n\n\n<hr class=\"wp-block-separator has-alpha-channel-opacity is-style-wide\"\/>\n\n\n\n<div class=\"_df_book df-lite\" id=\"df_4332\"  data-title=\"anuntinitcodfr\" _slug=\"anuntinitcodfr\" wpoptions=\"true\" thumbtype=\"bg\" ><\/div><script class=\"df-shortcode-script\" type=\"application\/javascript\">window.option_df_4332 = {\"outline\":[],\"forceFit\":\"true\",\"autoEnableOutline\":\"false\",\"autoEnableThumbnail\":\"false\",\"overwritePDFOutline\":\"false\",\"direction\":\"1\",\"pageSize\":\"0\",\"soundEnable\":\"false\",\"source\":\"https:\\\/\\\/scoalaioanbadescu.ro\\\/wp-content\\\/uploads\\\/2025\\\/03\\\/NOTE-INITIALE-CU-COD-FR.pdf\",\"wpOptions\":\"true\"}; if(window.DFLIP && window.DFLIP.parseBooks){window.DFLIP.parseBooks();}<\/script>\n\n\n<div class=\"wp-block-image\">\n<figure class=\"aligncenter size-full\"><img loading=\"lazy\" decoding=\"async\" width=\"1461\" height=\"829\" src=\"https:\/\/scoalaioanbadescu.ro\/wp-content\/uploads\/2025\/03\/anunt.png\" alt=\"\" class=\"wp-image-4333\"\/><\/figure>\n<\/div>\n\n\n<div class=\"_df_book df-lite\" id=\"df_4323\"  data-title=\"repartizare-olimpiada-lfr-si-lsp_elevi-sala\" _slug=\"repartizare-olimpiada-lfr-si-lsp_elevi-sala\" wpoptions=\"true\" thumbtype=\"bg\" ><\/div><script class=\"df-shortcode-script\" type=\"application\/javascript\">window.option_df_4323 = {\"outline\":[],\"forceFit\":\"true\",\"autoEnableOutline\":\"false\",\"autoEnableThumbnail\":\"false\",\"overwritePDFOutline\":\"false\",\"direction\":\"1\",\"pageSize\":\"0\",\"soundEnable\":\"false\",\"source\":\"https:\\\/\\\/scoalaioanbadescu.ro\\\/wp-content\\\/uploads\\\/2025\\\/03\\\/Repartizare-Olimpiada-LFR-si-LSP_ELEVI-SALA.pdf\",\"wpOptions\":\"true\"}; if(window.DFLIP && window.DFLIP.parseBooks){window.DFLIP.parseBooks();}<\/script>\n\n\n<div class=\"wp-block-image\">\n<figure class=\"aligncenter size-full\"><img loading=\"lazy\" decoding=\"async\" width=\"863\" height=\"683\" src=\"https:\/\/scoalaioanbadescu.ro\/wp-content\/uploads\/2025\/03\/Screenshot-2025-03-16-003829.png\" alt=\"\" class=\"wp-image-4328\"\/><\/figure>\n<\/div>\n\n\n<hr class=\"wp-block-separator has-alpha-channel-opacity is-style-wide\"\/>\n\n\n\n<div class=\"_df_book df-lite\" id=\"df_4291\"  data-title=\"note-dupa-contestatii-v2-doar-cu-cod\" _slug=\"note-dupa-contestatii-v2-doar-cu-cod\" wpoptions=\"true\" thumbtype=\"bg\" ><\/div><script class=\"df-shortcode-script\" type=\"application\/javascript\">window.option_df_4291 = {\"outline\":[],\"forceFit\":\"true\",\"autoEnableOutline\":\"false\",\"autoEnableThumbnail\":\"false\",\"overwritePDFOutline\":\"false\",\"direction\":\"1\",\"pageSize\":\"0\",\"soundEnable\":\"false\",\"source\":\"https:\\\/\\\/scoalaioanbadescu.ro\\\/wp-content\\\/uploads\\\/2025\\\/03\\\/NOTE-DUPA-CONTESTATII-V2-doar-cu-cod.pdf\",\"wpOptions\":\"true\"}; if(window.DFLIP && window.DFLIP.parseBooks){window.DFLIP.parseBooks();}<\/script>\n\n\n\n<div class=\"_df_book df-lite\" id=\"df_4287\"  data-title=\"notf12-3\" _slug=\"notf12-3\" wpoptions=\"true\" thumbtype=\"bg\" ><\/div><script class=\"df-shortcode-script\" type=\"application\/javascript\">window.option_df_4287 = {\"outline\":[],\"forceFit\":\"true\",\"autoEnableOutline\":\"false\",\"autoEnableThumbnail\":\"false\",\"overwritePDFOutline\":\"false\",\"direction\":\"1\",\"pageSize\":\"0\",\"soundEnable\":\"false\",\"source\":\"https:\\\/\\\/scoalaioanbadescu.ro\\\/wp-content\\\/uploads\\\/2025\\\/03\\\/NOTE-FINALE-de-afisat.pdf\",\"wpOptions\":\"true\"}; if(window.DFLIP && window.DFLIP.parseBooks){window.DFLIP.parseBooks();}<\/script>\n\n\n\n<hr class=\"wp-block-separator has-alpha-channel-opacity is-style-wide\"\/>\n\n\n\n<div class=\"_df_book df-lite\" id=\"df_4268\"  data-title=\"notainit\" _slug=\"notainit\" wpoptions=\"true\" thumbtype=\"bg\" ><\/div><script class=\"df-shortcode-script\" type=\"application\/javascript\">window.option_df_4268 = {\"outline\":[],\"forceFit\":\"true\",\"autoEnableOutline\":\"false\",\"autoEnableThumbnail\":\"false\",\"overwritePDFOutline\":\"false\",\"enableDownload\":\"false\",\"direction\":\"1\",\"pageSize\":\"0\",\"soundEnable\":\"false\",\"source\":\"https:\\\/\\\/scoalaioanbadescu.ro\\\/wp-content\\\/uploads\\\/2025\\\/03\\\/NOTE-INTIALE-INAINTE-DE-CONTESTATIE-DOAR-CU-COD.pdf\",\"wpOptions\":\"true\"}; if(window.DFLIP && window.DFLIP.parseBooks){window.DFLIP.parseBooks();}<\/script>\n\n\n\n<p>Transmiterea contesta\u021biei prin intermediul mijloacelor electronice necesit\u0103 ata\u0219area, pe l\u00e2ng\u0103 formularul tip de contesta\u021bie, a unui document de identitate al p\u0103rintelui\/tutorelui legal instituit \u0219i al candidatului, \u00een cazul elevilor minori. Elevii majori vor ata\u0219a doar documentul de identitate propriu.<br>Cererile de reevaluare depuse \u00een afara intervalului orar stabilit, nu vor fi luate \u00een considerare.<br>La toate etapele olimpiadei se pot contesta numai rezultatele ob\u021binute de concuren\u021bi la proba scris\u0103.<br>\u2022 Elevii participan\u021bi pot contesta numai punctajul ini\u021bial al propriei lucr\u0103ri scrise.<br>\u2022 Nota ob\u021binut\u0103 \u00een urma reevalu\u0103rii lucr\u0103rii reprezint\u0103 nota final\u0103.<br>\u2022 Elevii minori pot depune contesta\u021bii, fiind \u00eenso\u021bi\u021bi de tutorele legal instituit.<br><strong>Interval orar depunere\/transmitere contestatii: 10:00-16:00<\/strong><\/p>\n\n\n\n<div class=\"wp-block-file\"><a id=\"wp-block-file--media-6116a0b8-3c04-4069-aaff-6e8c8c0ca9cf\" href=\"https:\/\/scoalaioanbadescu.ro\/wp-content\/uploads\/2025\/03\/Cerere-contestatie_ONLE_etapa-judeteana_2025.docx\">Cerere contestatie_ONLE_etapa judeteana_2025<\/a><a href=\"https:\/\/scoalaioanbadescu.ro\/wp-content\/uploads\/2025\/03\/Cerere-contestatie_ONLE_etapa-judeteana_2025.docx\" class=\"wp-block-file__button wp-element-button\" download aria-describedby=\"wp-block-file--media-6116a0b8-3c04-4069-aaff-6e8c8c0ca9cf\">Descarc\u0103<\/a><\/div>\n\n\n\n<hr class=\"wp-block-separator has-alpha-channel-opacity is-style-wide\"\/>\n\n\n\n<div class=\"_df_book df-lite\" id=\"df_4265\"  data-title=\"rezosr\" _slug=\"rezosr\" wpoptions=\"true\" thumbtype=\"bg\" ><\/div><script class=\"df-shortcode-script\" type=\"application\/javascript\">window.option_df_4265 = {\"outline\":[],\"forceFit\":\"true\",\"autoEnableOutline\":\"false\",\"autoEnableThumbnail\":\"false\",\"overwritePDFOutline\":\"false\",\"enableDownload\":\"false\",\"direction\":\"1\",\"pageSize\":\"0\",\"soundEnable\":\"false\",\"source\":\"https:\\\/\\\/scoalaioanbadescu.ro\\\/wp-content\\\/uploads\\\/2025\\\/03\\\/rezultate-OSR.pdf\",\"wpOptions\":\"true\"}; if(window.DFLIP && window.DFLIP.parseBooks){window.DFLIP.parseBooks();}<\/script>\n\n\n\n<p>Repartizarea elevilor pe s\u0103li la Olimpiada de Limba Englez\u0103, etapa Jude\u021bean\u0103, se poate accesa aici. S\u0103lile sunt distribuite&nbsp;astfel:<br>Etaj 1: sala de bagaje, Sala 1, Sala 2,&nbsp;Sala&nbsp;3<br>Etaj 2: Sala 4, 5, 6,&nbsp;7<br>Etaj 3: Sala 8 \u0219i&nbsp;9<\/p>\n\n\n\n<div class=\"_df_book df-lite\" id=\"df_4256\"  data-title=\"anuntsala\" _slug=\"anuntsala\" wpoptions=\"true\" thumbtype=\"bg\" ><\/div><script class=\"df-shortcode-script\" type=\"application\/javascript\">window.option_df_4256 = {\"outline\":[],\"forceFit\":\"true\",\"autoEnableOutline\":\"false\",\"autoEnableThumbnail\":\"false\",\"overwritePDFOutline\":\"false\",\"enableDownload\":\"false\",\"direction\":\"1\",\"pageSize\":\"0\",\"soundEnable\":\"false\",\"source\":\"https:\\\/\\\/scoalaioanbadescu.ro\\\/wp-content\\\/uploads\\\/2025\\\/03\\\/LISTA-NOMINALA-ELEVI-SALA-.pdf\",\"wpOptions\":\"true\"}; if(window.DFLIP && window.DFLIP.parseBooks){window.DFLIP.parseBooks();}<\/script>\n\n\n\n<hr class=\"wp-block-separator has-alpha-channel-opacity is-style-wide\"\/>\n\n\n\n<div class=\"_df_book df-lite\" id=\"df_3914\"  data-title=\"planificarea-inspectiilor-pentru-ocuparea-posturilor-septembrie-2024-2025docx\" _slug=\"planificarea-inspectiilor-pentru-ocuparea-posturilor-septembrie-2024-2025docx\" wpoptions=\"true\" thumbtype=\"bg\" ><\/div><script class=\"df-shortcode-script\" type=\"application\/javascript\">window.option_df_3914 = {\"outline\":[],\"forceFit\":\"true\",\"autoEnableOutline\":\"false\",\"autoEnableThumbnail\":\"false\",\"overwritePDFOutline\":\"false\",\"direction\":\"1\",\"pageSize\":\"0\",\"soundEnable\":\"false\",\"source\":\"https:\\\/\\\/scoalaioanbadescu.ro\\\/wp-content\\\/uploads\\\/2024\\\/09\\\/PLANIFICAREA-INSPECTIILOR-PENTRU-OCUPAREA-POSTURILOR.-septembrie-2024-2025docx.pdf\",\"wpOptions\":\"true\"}; if(window.DFLIP && window.DFLIP.parseBooks){window.DFLIP.parseBooks();}<\/script>\n\n\n\n<h2 class=\"wp-block-heading has-text-align-center has-vivid-red-color has-text-color has-link-color wp-elements-ca3cfe19088498dce7d6b124668784d8\">\u00cencep\u00e2nd de 16.09, programul de la secretariat este&nbsp;urm\u0103torul<\/h2>\n\n\n<div class=\"wp-block-image\">\n<figure class=\"aligncenter size-full\"><img loading=\"lazy\" decoding=\"async\" width=\"1203\" height=\"767\" src=\"https:\/\/scoalaioanbadescu.ro\/wp-content\/uploads\/2024\/09\/Screenshot-2024-09-16-214140.png\" alt=\"\" class=\"wp-image-3870\"\/><\/figure>\n<\/div>\n\n\n<p class=\"has-text-align-center\">Stima\u021bi p\u0103rin\u021bi \u0219i \u00eentreg personal al \u0218colii Gimnaziale Ioan&nbsp;B\u0103descu,<br><br><br>Domnul primar Iacob Petre, reprezentat de domnul Marius Pascu \u00een \u00eent\u00e2lnirea cu reprezentan\u021bii consiliului de administra\u021bie din \u0219coal\u0103, v\u0103 comunic\u0103 faptul c\u0103 va g\u0103si o solu\u021bie pentru ca elevii claselor a III -a \u0219i a IV- a s\u0103 poat\u0103 func\u021biona \u0219i desf\u0103\u0219ura procesul instructiv-educativ \u00een tura de diminea\u021b\u0103 \u00een anul \u0219colar&nbsp;2024-2025.<br><br><\/p>\n\n\n<div class=\"wp-block-image\">\n<figure class=\"aligncenter size-full\"><img loading=\"lazy\" decoding=\"async\" width=\"1129\" height=\"1600\" src=\"https:\/\/scoalaioanbadescu.ro\/wp-content\/uploads\/2024\/06\/nota.jpg\" alt=\"\" class=\"wp-image-3710\"\/><\/figure>\n<\/div>\n\n<div class=\"wp-block-image\">\n<figure class=\"aligncenter size-full\"><img loading=\"lazy\" decoding=\"async\" width=\"1093\" height=\"1147\" src=\"https:\/\/scoalaioanbadescu.ro\/wp-content\/uploads\/2024\/05\/Screenshot-2024-05-23-143524.png\" alt=\"\" class=\"wp-image-3630\"\/><\/figure>\n<\/div>\n\n\n<p><\/p>\n","protected":false},"excerpt":{"rendered":"<p>ANUN\u021a RECHIZITE \u0218COLARE 2025-2026 ANUN\u021a TICHETE SOCIALE 2025-2026 Revenire asupra perioadei de primire cereri de la p\u0103rin\u021bi\/tutori \u0219i asupra perioadei de \u00eenregistrare a cererilor \u00een SIIIR cf. art.6, al.2 \u0219i 3 din OUG 83\/2023: ANUN\u021a BURSE 2025-2026 Transmiterea contesta\u021biei prin intermediul mijloacelor electronice necesit\u0103 ata\u0219area, pe l\u00e2ng\u0103 formularul tip de<span class=\"more-link\"><a href=\"https:\/\/scoalaioanbadescu.ro\/?page_id=2491\">Continue Reading<\/a><\/span><\/p>\n","protected":false},"author":2,"featured_media":0,"parent":0,"menu_order":0,"comment_status":"closed","ping_status":"closed","template":"","meta":{"footnotes":""},"class_list":["entry","author-cristian-ene","post-2491","page","type-page","status-publish"],"_links":{"self":[{"href":"https:\/\/scoalaioanbadescu.ro\/index.php?rest_route=\/wp\/v2\/pages\/2491","targetHints":{"allow":["GET"]}}],"collection":[{"href":"https:\/\/scoalaioanbadescu.ro\/index.php?rest_route=\/wp\/v2\/pages"}],"about":[{"href":"https:\/\/scoalaioanbadescu.ro\/index.php?rest_route=\/wp\/v2\/types\/page"}],"author":[{"embeddable":true,"href":"https:\/\/scoalaioanbadescu.ro\/index.php?rest_route=\/wp\/v2\/users\/2"}],"replies":[{"embeddable":true,"href":"https:\/\/scoalaioanbadescu.ro\/index.php?rest_route=%2Fwp%2Fv2%2Fcomments&post=2491"}],"version-history":[{"count":67,"href":"https:\/\/scoalaioanbadescu.ro\/index.php?rest_route=\/wp\/v2\/pages\/2491\/revisions"}],"predecessor-version":[{"id":4796,"href":"https:\/\/scoalaioanbadescu.ro\/index.php?rest_route=\/wp\/v2\/pages\/2491\/revisions\/4796"}],"wp:attachment":[{"href":"https:\/\/scoalaioanbadescu.ro\/index.php?rest_route=%2Fwp%2Fv2%2Fmedia&parent=2491"}],"curies":[{"name":"wp","href":"https:\/\/api.w.org\/{rel}","templated":true}]}}