{"id":2367,"date":"2024-01-22T17:22:08","date_gmt":"2024-01-22T17:22:08","guid":{"rendered":"https:\/\/scoalaioanbadescu.ro\/?page_id=2367"},"modified":"2024-02-21T12:58:22","modified_gmt":"2024-02-21T12:58:22","slug":"invatamant-primar-2023-2024","status":"publish","type":"page","link":"https:\/\/scoalaioanbadescu.ro\/?page_id=2367","title":{"rendered":"\u00cenv\u0103\u021b\u0103m\u00e2nt primar 2023-2024"},"content":{"rendered":"\t\t<div data-elementor-type=\"wp-page\" data-elementor-id=\"2367\" class=\"elementor elementor-2367\">\n\t\t\t\t<div class=\"elementor-element elementor-element-28b94e1 e-flex e-con-boxed e-con e-parent\" data-id=\"28b94e1\" data-element_type=\"container\">\n\t\t\t\t\t<div class=\"e-con-inner\">\n\t\t\t\t<div class=\"elementor-element elementor-element-a672dce elementor-widget elementor-widget-text-editor\" data-id=\"a672dce\" data-element_type=\"widget\" data-widget_type=\"text-editor.default\">\n\t\t\t\t<div class=\"elementor-widget-container\">\n\t\t\t\t\t\t\t\t\t<div><span style=\"text-decoration-line: underline;\">Programul de lucru<\/span>&nbsp;\u00een perioada \u00eenscrierilor \u00een clasa preg\u0103titoare pentru anul \u015fcolar 2023-2024<br>3 mai 2023 \u2013 18 mai 2023:<br>LUNI \u2013 JOI: 8<span style=\"font-size: 13.5px; line-height: 0; position: relative; vertical-align: baseline; top: -0.5em;\">00<\/span>-17<span style=\"font-size: 13.5px; line-height: 0; position: relative; vertical-align: baseline; top: -0.5em;\">00<\/span><br>VINERI: 8<span style=\"font-size: 13.5px; line-height: 0; position: relative; vertical-align: baseline; top: -0.5em;\">00<\/span>-16<span style=\"font-size: 13.5px; line-height: 0; position: relative; vertical-align: baseline; top: -0.5em;\">00<\/span><\/div><div>&nbsp;<\/div><p><span>Criterii specifice de departajare privind \u00eenscrierea copiilor \u00een clasa preg\u0103titoare \u00een anul \u015fcolar 2023-2024:<\/span><br>1.Existen\u0163a unui document care dovede\u015fte c\u0103 este \u00een grija bunicilor care locuiesc \u00een Pope\u015fti-Leordeni (p\u0103rin\u0163i pleca\u0163i \u00een str\u0103in\u0103tate, p\u0103rin\u0163i care locuiesc \u00een alt\u0103 localitate).<br>2.Existen\u0163a unui p\u0103rinte angajat \u00een localitatea Pope\u015fti Leordeni.<\/p><p style=\"margin-bottom: 1em;\"><a href=\"https:\/\/scoalaioanbadescu.ro\/?page_id=2374\">Procedura de \u00eenscriere \u00een clasa preg\u0103titoare an \u0219colar 2023-2024<\/a>.<\/p>\t\t\t\t\t\t\t\t<\/div>\n\t\t\t\t<\/div>\n\t\t\t\t\t<\/div>\n\t\t\t\t<\/div>\n\t\t<div class=\"elementor-element elementor-element-7b6161a e-flex e-con-boxed e-con e-parent\" data-id=\"7b6161a\" data-element_type=\"container\">\n\t\t\t\t\t<div class=\"e-con-inner\">\n\t\t\t\t<div class=\"elementor-element elementor-element-53c468d elementor-widget elementor-widget-html\" data-id=\"53c468d\" data-element_type=\"widget\" data-widget_type=\"html.default\">\n\t\t\t\t<div class=\"elementor-widget-container\">\n\t\t\t\t\t<div class=\"_df_book df-lite\" id=\"df_3181\"  data-title=\"pliant\" _slug=\"pliant\" wpoptions=\"true\" thumbtype=\"bg\" ><\/div><script class=\"df-shortcode-script\" type=\"application\/javascript\">window.option_df_3181 = {\"outline\":[],\"forceFit\":\"true\",\"autoEnableOutline\":\"false\",\"autoEnableThumbnail\":\"false\",\"overwritePDFOutline\":\"false\",\"direction\":\"1\",\"pageSize\":\"0\",\"soundEnable\":\"false\",\"source\":\"https:\\\/\\\/scoalaioanbadescu.ro\\\/wp-content\\\/uploads\\\/2024\\\/02\\\/pliant-sc-ioan-badescu-modificari-finale-ambele-poze.pdf\",\"wpOptions\":\"true\"}; if(window.DFLIP && window.DFLIP.parseBooks){window.DFLIP.parseBooks();}<\/script>\t\t\t\t<\/div>\n\t\t\t\t<\/div>\n\t\t\t\t\t<\/div>\n\t\t\t\t<\/div>\n\t\t<div class=\"elementor-element elementor-element-473dc1d e-flex e-con-boxed e-con e-parent\" data-id=\"473dc1d\" data-element_type=\"container\">\n\t\t\t\t\t<div class=\"e-con-inner\">\n\t\t\t\t<div class=\"elementor-element elementor-element-995da19 elementor-widget elementor-widget-text-editor\" data-id=\"995da19\" data-element_type=\"widget\" data-widget_type=\"text-editor.default\">\n\t\t\t\t<div class=\"elementor-widget-container\">\n\t\t\t\t\t\t\t\t\t<p><a href=\"\/wp-content\/uploads\/2024\/01\/Anexa-3_Declaratie_proprie_raspundere.pdf\" target=\"_blank\" rel=\"noopener\">Declara\u021bie pe proprie r\u0103spundere privind autenticitate documentelor de \u00eenscriere transmise online.<\/a><\/p><p><a href=\"\/wp-content\/uploads\/2024\/01\/Anexa_1_cerere_eliberare_recomandare_inscriere_pentru_copiii_6_ani_data_de_01.09.2023.pdf\" target=\"_blank\" rel=\"noopener\">Recomandare evaluare nivel de dezvoltare \u2013 tipizat 2023.<\/a><\/p><p id=\"10\">\u00cen perioada 05.04.2023\u201326.04.2023, se realizeaz\u0103 evaluarea nivelului de dezvoltare a copiilor care nu au frecventat gr\u0103dini\u021ba sau care s-au \u00eentors din str\u0103in\u0103tate \u0219i \u00eemplinesc 6 ani \u00een perioada 01.09.-31.12.2023 \u00een vederea \u00eenscrierii acestora \u00een clasa preg\u0103titoare \u00een anul \u0219colar 2023-2024. Informa\u021bi suplimentare:\u00a0<a href=\"https:\/\/www.cjrae-ilfov.ro\/evaluarea-nivelului-de-dezvoltare\/\" target=\"_blank\" rel=\"noopener\">https:\/\/www.cjrae-ilfov.ro\/evaluarea-nivelului-de-dezvoltare\/<\/a>.<\/p><p>Documente importante:<\/p><div class=\"info\"><ul><li><a href=\"\/wp-content\/uploads\/2024\/01\/1Cererea-pentru-evaluarea-nivelului-de-dezvoltare.pdf\" target=\"_blank\" rel=\"noopener\">Cerere de evaluare a nivelului de dezvoltare 2023.<\/a><\/li><li><a href=\"\/wp-content\/uploads\/2024\/01\/2PO-privind-evaluarea-nivelului-de-dezvoltare.pdf\" target=\"_blank\" rel=\"noopener\">Procedura opera\u021bional\u0103 privind evaluarea nivelului de dezvoltare a copiilor care \u00eemplinesc v\u00e2rsta de 6 ani \u00een perioada 01.09.2023-31.12.2023, nu au frecventat gr\u0103dini\u021ba sau care s-au \u00eentors din str\u0103in\u0103tate \u00een vederea \u00eenscrierii \u00een \u00eenv\u0103\u021b\u0103m\u00e2ntul primar.<\/a><\/li><li><a href=\"\/wp-content\/uploads\/2024\/01\/3Programul-centrelor-de-evaluare-a-nivelului-de-dezvoltare.pdf\" target=\"_blank\" rel=\"noopener\">Programul centrelor de evaluare a nivelului de dezvoltare CJRAE Ilfov 2023.<\/a><\/li><li><a href=\"\/wp-content\/uploads\/2024\/01\/4Lista-centrelor-de-evaluare-a-nivelului-de-dezvoltare.pdf\" target=\"_blank\" rel=\"noopener\">Centre de Evaluare a nivelului de dezvoltare \u00een vederea \u00eenscrierii \u00een \u00eenv\u0103\u021b\u0103m\u00e2ntul primar pentru anul \u0219colar 2022\u20142023.<\/a><\/li><\/ul><\/div><p><a href=\"\/wp-content\/uploads\/2024\/01\/OM_3704_2023_calendar_inscriere_primar.pdf\" target=\"_blank\" rel=\"noopener\">ORDIN nr. 3.704\/17 februarie 2023 privind aprobarea Calendarului \u00eenscrierii \u00een \u00eenv\u0103\u021b\u0103m\u00e2ntul primar pentru anul \u0219colar 2023-2024.<\/a><br \/><a href=\"\/wp-content\/uploads\/2024\/01\/circumscriptie_strazi_arondate-2024.pdf\" target=\"_blank\" rel=\"noopener\">Str\u0103zile aferente \u0218colii Gimnaziale \u201eIoan B\u0103descu\u201d, care fac parte din circumscrip\u021biile \u0219colare din ora\u0219ul Pope\u0219ti-Leordeni pentru anul \u0219colar 2023-2024.<\/a><\/p>\t\t\t\t\t\t\t\t<\/div>\n\t\t\t\t<\/div>\n\t\t\t\t<div class=\"elementor-element elementor-element-8e1a4e6 elementor-widget elementor-widget-image\" data-id=\"8e1a4e6\" data-element_type=\"widget\" data-widget_type=\"image.default\">\n\t\t\t\t<div class=\"elementor-widget-container\">\n\t\t\t\t\t\t\t\t\t\t\t\t\t\t\t<img fetchpriority=\"high\" decoding=\"async\" width=\"724\" height=\"1024\" src=\"https:\/\/scoalaioanbadescu.ro\/wp-content\/uploads\/2024\/01\/inscrierepoza2024.png\" class=\"attachment-large size-large wp-image-2373\" alt=\"\" \/>\t\t\t\t\t\t\t\t\t\t\t\t\t\t\t<\/div>\n\t\t\t\t<\/div>\n\t\t\t\t\t<\/div>\n\t\t\t\t<\/div>\n\t\t\t\t<\/div>\n\t\t","protected":false},"excerpt":{"rendered":"<p>Programul de lucru&nbsp;\u00een perioada \u00eenscrierilor \u00een clasa preg\u0103titoare pentru anul \u015fcolar 2023-20243 mai 2023 \u2013 18 mai 2023:LUNI \u2013 JOI: 800-1700VINERI: 800-1600&nbsp; Criterii specifice de departajare privind \u00eenscrierea copiilor \u00een clasa preg\u0103titoare \u00een anul \u015fcolar 2023-2024:1.Existen\u0163a unui document care dovede\u015fte c\u0103 este \u00een grija bunicilor care locuiesc \u00een Pope\u015fti-Leordeni (p\u0103rin\u0163i<span class=\"more-link\"><a href=\"https:\/\/scoalaioanbadescu.ro\/?page_id=2367\">Continue Reading<\/a><\/span><\/p>\n","protected":false},"author":2,"featured_media":0,"parent":0,"menu_order":0,"comment_status":"closed","ping_status":"closed","template":"","meta":{"footnotes":""},"class_list":["entry","author-cristian-ene","post-2367","page","type-page","status-publish"],"_links":{"self":[{"href":"https:\/\/scoalaioanbadescu.ro\/index.php?rest_route=\/wp\/v2\/pages\/2367","targetHints":{"allow":["GET"]}}],"collection":[{"href":"https:\/\/scoalaioanbadescu.ro\/index.php?rest_route=\/wp\/v2\/pages"}],"about":[{"href":"https:\/\/scoalaioanbadescu.ro\/index.php?rest_route=\/wp\/v2\/types\/page"}],"author":[{"embeddable":true,"href":"https:\/\/scoalaioanbadescu.ro\/index.php?rest_route=\/wp\/v2\/users\/2"}],"replies":[{"embeddable":true,"href":"https:\/\/scoalaioanbadescu.ro\/index.php?rest_route=%2Fwp%2Fv2%2Fcomments&post=2367"}],"version-history":[{"count":13,"href":"https:\/\/scoalaioanbadescu.ro\/index.php?rest_route=\/wp\/v2\/pages\/2367\/revisions"}],"predecessor-version":[{"id":3186,"href":"https:\/\/scoalaioanbadescu.ro\/index.php?rest_route=\/wp\/v2\/pages\/2367\/revisions\/3186"}],"wp:attachment":[{"href":"https:\/\/scoalaioanbadescu.ro\/index.php?rest_route=%2Fwp%2Fv2%2Fmedia&parent=2367"}],"curies":[{"name":"wp","href":"https:\/\/api.w.org\/{rel}","templated":true}]}}