{"id":2319,"date":"2024-01-22T16:59:25","date_gmt":"2024-01-22T16:59:25","guid":{"rendered":"https:\/\/scoalaioanbadescu.ro\/?page_id=2319"},"modified":"2024-02-16T17:19:05","modified_gmt":"2024-02-16T17:19:05","slug":"invatamant-primar-2021-2022-2","status":"publish","type":"page","link":"https:\/\/scoalaioanbadescu.ro\/?page_id=2319","title":{"rendered":"\u00cenv\u0103\u021b\u0103m\u00e2nt primar 2022-2023"},"content":{"rendered":"\t\t<div data-elementor-type=\"wp-page\" data-elementor-id=\"2319\" class=\"elementor elementor-2319\">\n\t\t\t\t<div class=\"elementor-element elementor-element-d169b0d e-flex e-con-boxed e-con e-parent\" data-id=\"d169b0d\" data-element_type=\"container\">\n\t\t\t\t\t<div class=\"e-con-inner\">\n\t\t\t\t<div class=\"elementor-element elementor-element-42a48e9 elementor-widget elementor-widget-video\" data-id=\"42a48e9\" data-element_type=\"widget\" data-settings=\"{&quot;video_type&quot;:&quot;hosted&quot;,&quot;controls&quot;:&quot;yes&quot;}\" data-widget_type=\"video.default\">\n\t\t\t\t<div class=\"elementor-widget-container\">\n\t\t\t\t\t\t\t<div class=\"e-hosted-video elementor-wrapper elementor-open-inline\">\n\t\t\t\t\t<video class=\"elementor-video\" src=\"https:\/\/scoalaioanbadescu.ro\/wp-content\/uploads\/2024\/01\/prezentare_2022b.mp4\" controls=\"\" preload=\"metadata\" controlsList=\"nodownload\"><\/video>\n\t\t\t\t<\/div>\n\t\t\t\t\t\t<\/div>\n\t\t\t\t<\/div>\n\t\t\t\t<div class=\"elementor-element elementor-element-b5c1836 elementor-widget elementor-widget-text-editor\" data-id=\"b5c1836\" data-element_type=\"widget\" data-widget_type=\"text-editor.default\">\n\t\t\t\t<div class=\"elementor-widget-container\">\n\t\t\t\t\t\t\t\t\t<p><a href=\"\/wp-content\/uploads\/2024\/01\/lista_admisi_etapa_I_nr_cerere.pdf\">List\u0103 copii admi\u0219i la Gr\u0103dini\u021ba nr. 2 \u00een anul \u0219colar 2022-2023<\/a><\/p><p><a href=\"\/?page_id=2326\">List\u0103 \u00eenscri\u0219i clasa preg\u0103titoare \u0219i gr\u0103dini\u021b\u0103<\/a><\/p><div class=\"info bolduit\">Programul de lucru \u00een perioada \u00eenscrierilor \u00een clasa preg\u0103titoare pentru anul \u015fcolar 2022-2023 11 aprilie 2022 \u2013 10 mai 2022:<br \/>LUNI \u2013 JOI: 8<sup>00<\/sup>-17<sup>00<\/sup><br \/>VINERI: 8<sup>00<\/sup>-16<sup>00<\/sup><br \/><span class=\"subliniat\">Vineri 22.04.2022, Luni 25.04.2022 \u0219i Mar\u021bi 26.04.2022 sunt declarate zile libere cf. M.E.<\/span><\/div><p class=\"bolduit\"><a href=\"\/?page_id=2342\">Procedura de \u00eenscriere \u00een clasa preg\u0103titoare an \u0219colar 2022-2023<\/a><\/p><p>CERERE-TIP de \u00eenscriere \u00een clasa preg\u0103titoare \u2013 2022 \u2013 etapa I\u00a0[\u00a0<a href=\"\/wp-content\/uploads\/2024\/01\/Cerere-tip_clsprg_2022_etapa_I.pdf\" download=\"\">Descarc\u0103 documentul de aici: CERERE-TIP<\/a>]<\/p><p id=\"10\">Evaluarea dezvolt\u0103rii copiilor care \u00eemplinesc 6 ani \u00een perioada 1 septembrie \u2013 31 decembrie 2022 \u0219i eliberarea recomand\u0103rii pentru \u00eenscrierea \u00een \u00eenv\u0103\u021b\u0103m\u00e2ntul primar se realizeaz\u0103 \u00een perioada 30 martie \u2013 8 aprilie 2022:<\/p><div class=\"info\"><ul><li><a href=\"\/wp-content\/uploads\/2024\/01\/1._Procedura_CJRAE_Ilfov_-_Evaluare__nivel_de_dezvoltare_2022.pdf\" target=\"_blank\" rel=\"noopener\">Procedura opera\u021bional\u0103 privind evaluarea nivelului de dezvoltare a copiilor care \u00eemplinesc v\u00e2rsta de 6 ani \u00een perioada 01.09.2022 -31.12.2022, nu au frecventat gr\u0103dini\u021ba sau care s-au \u00eentors din str\u0103in\u0103tate \u00een vederea \u00eenscrierii \u00een \u00eenv\u0103\u021b\u0103m\u00e2ntul primar.<\/a><\/li><li><a href=\"\/wp-content\/uploads\/2024\/01\/2._Centre_de_Evaluare_a_nivelului__de_dezvoltare_CJRAE_Ilfov_2022.pdf\" target=\"_blank\" rel=\"noopener\">Centre de Evaluare a nivelului de dezvoltare CJRAE Ilfov 2022.<\/a><\/li><li><a href=\"\/wp-content\/uploads\/2024\/01\/3._Cerere_de_evaluare_a_nivelului__de_dezvoltare_2022.pdf\" target=\"_blank\" rel=\"noopener\">Cerere de evaluare a nivelului de dezvoltare 2022.<\/a><\/li><li><a href=\"\/wp-content\/uploads\/2024\/01\/4._Recomandare_evaluare_nivel_de__dezvoltare_-_tipizat_2022.pdf\" target=\"_blank\" rel=\"noopener\">Recomandare evaluare nivel de dezvoltare \u2013 tipizat 2022.<\/a><\/li><li><a href=\"\/wp-content\/uploads\/2024\/01\/5._Registrul_de_evidenta_al_recomandarilor_-_tipizat_2022.pdf\" target=\"_blank\" rel=\"noopener\">Registrul de eviden\u021b\u0103 al recomandarilor \u2013 tipizat 2022.<\/a><\/li><li><a href=\"\/wp-content\/uploads\/2024\/01\/6._Programul_centrelor_de_evaluare__a_nivelului_de_dezvoltare_-_CJRAE_Ilfov_2022.pdf\" target=\"_blank\" rel=\"noopener\">Programul centrelor de evaluare a nivelului de dezvoltare CJRAE Ilfov 2022.<\/a><\/li><\/ul><\/div><p><a href=\"\/wp-content\/uploads\/2024\/01\/monitorul_oficial_partea_I_nr_280.pdf\" target=\"_blank\" rel=\"noopener\">Ordin al ministrului educa\u021biei privind aprobarea Metodologiei de \u00eenscriere a copiilor \u00een \u00eenv\u0103\u021b\u0103m\u00e2ntul primar \u0219i a Calendarului \u00eenscrierii \u00een \u00eenv\u0103\u021b\u0103m\u00e2ntul primar pentru anul \u0219colar 2022\u20142023.<\/a><br \/><a href=\"\/wp-content\/uploads\/2024\/01\/circumscriptie_strazi_arondate.pdf\" target=\"_blank\" rel=\"noopener\">Str\u0103zile aferente \u0218colii Gimnaziale \u201eIoan B\u0103descu\u201d, care fac parte din circumscrip\u021biile \u0219colare din ora\u0219ul Pope\u0219ti-Leordeni \u00eencep\u00e2nd cu anul \u0219colar 2022-2023.<\/a><\/p>\t\t\t\t\t\t\t\t<\/div>\n\t\t\t\t<\/div>\n\t\t\t\t\t<\/div>\n\t\t\t\t<\/div>\n\t\t\t\t<\/div>\n\t\t","protected":false},"excerpt":{"rendered":"<p>https:\/\/scoalaioanbadescu.ro\/wp-content\/uploads\/2024\/01\/prezentare_2022b.mp4 List\u0103 copii admi\u0219i la Gr\u0103dini\u021ba nr. 2 \u00een anul \u0219colar 2022-2023 List\u0103 \u00eenscri\u0219i clasa preg\u0103titoare \u0219i gr\u0103dini\u021b\u0103 Programul de lucru \u00een perioada \u00eenscrierilor \u00een clasa preg\u0103titoare pentru anul \u015fcolar 2022-2023 11 aprilie 2022 \u2013 10 mai 2022:LUNI \u2013 JOI: 800-1700VINERI: 800-1600Vineri 22.04.2022, Luni 25.04.2022 \u0219i Mar\u021bi 26.04.2022 sunt declarate<span class=\"more-link\"><a href=\"https:\/\/scoalaioanbadescu.ro\/?page_id=2319\">Continue Reading<\/a><\/span><\/p>\n","protected":false},"author":2,"featured_media":0,"parent":0,"menu_order":0,"comment_status":"closed","ping_status":"closed","template":"","meta":{"footnotes":""},"class_list":["entry","author-cristian-ene","post-2319","page","type-page","status-publish"],"_links":{"self":[{"href":"https:\/\/scoalaioanbadescu.ro\/index.php?rest_route=\/wp\/v2\/pages\/2319","targetHints":{"allow":["GET"]}}],"collection":[{"href":"https:\/\/scoalaioanbadescu.ro\/index.php?rest_route=\/wp\/v2\/pages"}],"about":[{"href":"https:\/\/scoalaioanbadescu.ro\/index.php?rest_route=\/wp\/v2\/types\/page"}],"author":[{"embeddable":true,"href":"https:\/\/scoalaioanbadescu.ro\/index.php?rest_route=\/wp\/v2\/users\/2"}],"replies":[{"embeddable":true,"href":"https:\/\/scoalaioanbadescu.ro\/index.php?rest_route=%2Fwp%2Fv2%2Fcomments&post=2319"}],"version-history":[{"count":13,"href":"https:\/\/scoalaioanbadescu.ro\/index.php?rest_route=\/wp\/v2\/pages\/2319\/revisions"}],"predecessor-version":[{"id":3051,"href":"https:\/\/scoalaioanbadescu.ro\/index.php?rest_route=\/wp\/v2\/pages\/2319\/revisions\/3051"}],"wp:attachment":[{"href":"https:\/\/scoalaioanbadescu.ro\/index.php?rest_route=%2Fwp%2Fv2%2Fmedia&parent=2319"}],"curies":[{"name":"wp","href":"https:\/\/api.w.org\/{rel}","templated":true}]}}