{"id":2242,"date":"2024-01-22T15:44:55","date_gmt":"2024-01-22T15:44:55","guid":{"rendered":"https:\/\/scoalaioanbadescu.ro\/?page_id=2242"},"modified":"2024-02-16T17:19:05","modified_gmt":"2024-02-16T17:19:05","slug":"invatamant-primar-2020-2021","status":"publish","type":"page","link":"https:\/\/scoalaioanbadescu.ro\/?page_id=2242","title":{"rendered":"\u00cenv\u0103\u021b\u0103m\u00e2nt primar 2020-2021"},"content":{"rendered":"\t\t<div data-elementor-type=\"wp-page\" data-elementor-id=\"2242\" class=\"elementor elementor-2242\">\n\t\t\t\t<div class=\"elementor-element elementor-element-2f8043b e-flex e-con-boxed e-con e-parent\" data-id=\"2f8043b\" data-element_type=\"container\">\n\t\t\t\t\t<div class=\"e-con-inner\">\n\t\t\t\t<div class=\"elementor-element elementor-element-74f896f elementor-widget elementor-widget-text-editor\" data-id=\"74f896f\" data-element_type=\"widget\" data-widget_type=\"text-editor.default\">\n\t\t\t\t<div class=\"elementor-widget-container\">\n\t\t\t\t\t\t\t\t\t<ul><li><a href=\"\/wp-content\/uploads\/2024\/01\/CERERE_TIP_CLSPRG_2020_ETAPA_I.pdf\" target=\"_blank\" rel=\"noopener\">\u00a0Cerere-tip de \u00eenscriere \u00een clasa preg\u0103titoare \u2013 2020 \u2013 etapa I<\/a><\/li><li><a href=\"\/wp-content\/uploads\/2024\/01\/metodologia-de-inscriere-in-invatamantul-primar-anul-scolar-2020-2021.pdf\" target=\"_blank\" rel=\"noopener\">\u00a0Metodologia de \u0131\u0302nscriere a copiilor \u0131\u0302n \u0131\u0302nva\u0306t\u0326a\u0306ma\u0302ntul primar pentru anul s\u0326colar 2020-2021<\/a><\/li><li><a href=\"\/wp-content\/uploads\/2024\/01\/oferta-educationala_2018-2019.pdf\">\u00a0Ofert\u0103 educa\u021bional\u0103<\/a><\/li><li><a href=\"\/?page_id=2264\">\u00a0Lista copiilor admi\u0219i \u00een clasa preg\u0103titoare, an \u0219colar 2019-2020<\/a><\/li><li><a href=\"\/?page_id=2271\">Lista cererilor de \u00eenscriere la clasa preg\u0103titoare respinse din lips\u0103 de locuri, an \u0219colar 2019-2020<\/a><\/li><\/ul><h5>Anun\u021b<\/h5><p><a href=\"http:\/\/legislatie.just.ro\/Public\/DetaliiDocument\/225581\" target=\"_blank\" rel=\"noopener\"><span class=\"bolduit\">ORDIN nr. 4.244 din 12 mai 2020<\/span><br \/>pentru modificarea \u0219i completarea calendarului \u0219i a metodologiei de \u00eenscriere a copiilor \u00een \u00eenv\u0103\u021b\u0103m\u00e2ntul primar pentru anul \u0219colar 2020-2021, aprobate prin Ordinul ministrului educa\u021biei \u0219i cercet\u0103rii nr. 3.277\/2020<br \/><span class=\"inclinat\">Publicat \u00een MONITORUL OFICIAL nr. 390 din 14 mai 2020<\/span><\/a><\/p><h5>Anun\u021b<\/h5><p><a href=\"\/wp-content\/uploads\/2024\/01\/PO_FORMATIUNI_DE__STUDIU_CLS__PREG.pdf\">Procedur\u0103 opera\u021bional\u0103 privind constituirea forma\u021biunilor de studiu la clasa preg\u0103titoare \u00een anul \u0219colar 2020-2021.<\/a><\/p><h5>Anun\u021b<\/h5><p>Programul de lucru de la secretariatul \u0219colii, \u00een perioada \u00eenscrierilor \u00een clas\u0103 preg\u0103titoare pentru anul \u0219colar 2020-2021, respectiv 4.03.2020-23.03.2020, este urm\u0103torul:<\/p><ul><li>MIERCURI 4.03.2020: 8.00-18.00<\/li><li>JOI 5.03.2020 \u2013 VINERI 6.03.2020: 8.00-15.00<\/li><li>LUNI 9.03.2020 \u2013 MIERCURI 11.03.2020: 8.00-17.00<\/li><li>JOI 12.03.2020 \u2013 VINERI 13.03.2020: 8.00-15.00<\/li><li>LUNI 16.03.2020 \u2013 MIERCURI 18.03.2020: 8.00-17.00<\/li><li>JOI 19.03.2020: 8.00-15.00<\/li><li>VINERI 20.03.2020: 8.00-15.00<\/li><li>LUNI 23.03.2020: 8.00-15.00<\/li><\/ul><h5>Anun\u021b<\/h5><p>Ziua &#8220;Por\u021bilor Deschise&#8221; va fi mar\u021bi, 3.03.2020, la sediul claselor primare din cadrul \u0218colii Modulare de pe Strada Leordeni, Nr 3-5, \u00een intervalul orar 8.00-13.00.<br \/>V\u0103 a\u0219tept\u0103m cu mare drag!<\/p><h5>Anun\u021b<\/h5><p>Evaluarea dezvolt\u0103rii psihosomatice a copiilor ce se doresc a fi \u00eenscri\u0219i \u00een clas\u0103 preg\u0103titoare \u00een anul \u0219colar 2020-2021 se va face la Centrul Nr 5 &#8211; Cabinetul \u0218colar de Asisten\u021b\u0103 Psihopedagogic\u0103 &#8211; Liceul Teoretic Radu Popescu, Pope\u0219ti Leordeni, din strada Leordeni, Nr. 52, \u00een perioada 25.02.2020-30.03.2020, cu programare prealabil\u0103 la num\u0103rul de telefon 021.467.34.23.<\/p><p>Acte necesare pentru evaluarea psihosomatic\u0103 a copiilor:<\/p><ol><li>1. COPIE \u0218I ORIGINAL CERTIFICAT NASTERE COPIL<\/li><li>2. COPIE \u0218I ORIGINAL C.I. P\u0102RIN\u021aE INSO\u021aITOR<\/li><li>3. ADEVERINT\u0102 DE LA MEDICUL DE FAMILIE CU MEN\u021aIUNEA \u201eAPT PENTRU \u00ceNSCRIERE \u00ceN CLASA PREG\u0102TITOARE\u201d (CU NR.DE INREGISTRARE)<\/li><\/ol><p>V\u0103 ata\u0219\u0103m:<\/p><ol><li>1. Preciz\u0103ri privind organizarea evalu\u0103rii psihosomatice:\u00a0<a href=\"\/wp-content\/uploads\/2024\/01\/Centre_evaluare_psihosomatica_2020.pdf\" target=\"_blank\" rel=\"noopener\">[ FACSIMIL ]<\/a><\/li><li>2. Programul evalu\u0103rilor psihosomatice:\u00a0<a href=\"\/wp-content\/uploads\/2024\/01\/Programul_evaluarii_psihosomatice_2020.pdf\" target=\"_blank\" rel=\"noopener\">[ FACSIMIL ]<\/a><\/li><li>3. Procedura opera\u021bional\u0103 de evaluare psihosomatic\u0103:\u00a0<a href=\"\/wp-content\/uploads\/2024\/01\/Procedura_privind_evaluarea_dezvoltarii_psihomatice_a_copiilor_2020.pdf\" target=\"_blank\" rel=\"noopener\">[ FACSIMIL ]<\/a><\/li><\/ol><p class=\"inclinat\">V\u0103 a\u0219tept\u0103m cu drag \u00een r\u00e2ndul comunit\u0103\u021bii noastre \u0219colare!<\/p>\t\t\t\t\t\t\t\t<\/div>\n\t\t\t\t<\/div>\n\t\t\t\t<div class=\"elementor-element elementor-element-9b0ec88 elementor-widget elementor-widget-html\" data-id=\"9b0ec88\" data-element_type=\"widget\" data-widget_type=\"html.default\">\n\t\t\t\t<div class=\"elementor-widget-container\">\n\t\t\t\t\t<div class=\"_df_book df-lite\" id=\"df_2277\"  data-title=\"inscrierecentru\" _slug=\"inscrierecentru\" wpoptions=\"true\" thumbtype=\"bg\" ><\/div><script class=\"df-shortcode-script\" type=\"application\/javascript\">window.option_df_2277 = {\"outline\":[],\"forceFit\":\"true\",\"autoEnableOutline\":\"false\",\"autoEnableThumbnail\":\"false\",\"overwritePDFOutline\":\"false\",\"direction\":\"1\",\"pageSize\":\"0\",\"soundEnable\":\"false\",\"source\":\"https:\\\/\\\/scoalaioanbadescu.ro\\\/wp-content\\\/uploads\\\/2024\\\/01\\\/Popesti_Leordeni_Scoala_Gimnaziala_Ioan_Badescu-2020-2021.pdf\",\"wpOptions\":\"true\"}; if(window.DFLIP && window.DFLIP.parseBooks){window.DFLIP.parseBooks();}<\/script>\t\t\t\t<\/div>\n\t\t\t\t<\/div>\n\t\t\t\t\t<\/div>\n\t\t\t\t<\/div>\n\t\t\t\t<\/div>\n\t\t","protected":false},"excerpt":{"rendered":"<p>\u00a0Cerere-tip de \u00eenscriere \u00een clasa preg\u0103titoare \u2013 2020 \u2013 etapa I \u00a0Metodologia de \u0131\u0302nscriere a copiilor \u0131\u0302n \u0131\u0302nva\u0306t\u0326a\u0306ma\u0302ntul primar pentru anul s\u0326colar 2020-2021 \u00a0Ofert\u0103 educa\u021bional\u0103 \u00a0Lista copiilor admi\u0219i \u00een clasa preg\u0103titoare, an \u0219colar 2019-2020 Lista cererilor de \u00eenscriere la clasa preg\u0103titoare respinse din lips\u0103 de locuri, an \u0219colar 2019-2020 Anun\u021b<span class=\"more-link\"><a href=\"https:\/\/scoalaioanbadescu.ro\/?page_id=2242\">Continue Reading<\/a><\/span><\/p>\n","protected":false},"author":2,"featured_media":0,"parent":0,"menu_order":0,"comment_status":"closed","ping_status":"closed","template":"","meta":{"footnotes":""},"class_list":["entry","author-cristian-ene","post-2242","page","type-page","status-publish"],"_links":{"self":[{"href":"https:\/\/scoalaioanbadescu.ro\/index.php?rest_route=\/wp\/v2\/pages\/2242","targetHints":{"allow":["GET"]}}],"collection":[{"href":"https:\/\/scoalaioanbadescu.ro\/index.php?rest_route=\/wp\/v2\/pages"}],"about":[{"href":"https:\/\/scoalaioanbadescu.ro\/index.php?rest_route=\/wp\/v2\/types\/page"}],"author":[{"embeddable":true,"href":"https:\/\/scoalaioanbadescu.ro\/index.php?rest_route=\/wp\/v2\/users\/2"}],"replies":[{"embeddable":true,"href":"https:\/\/scoalaioanbadescu.ro\/index.php?rest_route=%2Fwp%2Fv2%2Fcomments&post=2242"}],"version-history":[{"count":16,"href":"https:\/\/scoalaioanbadescu.ro\/index.php?rest_route=\/wp\/v2\/pages\/2242\/revisions"}],"predecessor-version":[{"id":3045,"href":"https:\/\/scoalaioanbadescu.ro\/index.php?rest_route=\/wp\/v2\/pages\/2242\/revisions\/3045"}],"wp:attachment":[{"href":"https:\/\/scoalaioanbadescu.ro\/index.php?rest_route=%2Fwp%2Fv2%2Fmedia&parent=2242"}],"curies":[{"name":"wp","href":"https:\/\/api.w.org\/{rel}","templated":true}]}}