{"id":2210,"date":"2024-01-22T15:10:46","date_gmt":"2024-01-22T15:10:46","guid":{"rendered":"https:\/\/scoalaioanbadescu.ro\/?page_id=2210"},"modified":"2024-02-16T17:19:05","modified_gmt":"2024-02-16T17:19:05","slug":"invatamant-primar-2018-2019","status":"publish","type":"page","link":"https:\/\/scoalaioanbadescu.ro\/?page_id=2210","title":{"rendered":"\u00cenv\u0103\u021b\u0103m\u00e2nt primar 2018-2019"},"content":{"rendered":"\t\t<div data-elementor-type=\"wp-page\" data-elementor-id=\"2210\" class=\"elementor elementor-2210\">\n\t\t\t\t<div class=\"elementor-element elementor-element-b73dc3c e-flex e-con-boxed e-con e-parent\" data-id=\"b73dc3c\" data-element_type=\"container\">\n\t\t\t\t\t<div class=\"e-con-inner\">\n\t\t\t\t<div class=\"elementor-element elementor-element-6fc9479 elementor-widget elementor-widget-text-editor\" data-id=\"6fc9479\" data-element_type=\"widget\" data-widget_type=\"text-editor.default\">\n\t\t\t\t<div class=\"elementor-widget-container\">\n\t\t\t\t\t\t\t\t\t<p>Ast\u0103zi, 12 aprilie, \u00eencepe a doua etap\u0103 de \u00eenscriere \u00een \u00eenv\u0103\u021b\u0103m\u00e2ntul primar (anul \u0219colar 2018-2019), rezervat\u0103 copiilor care nu au fost cuprin\u015fi \u00een nicio unitate de \u00eenv\u0103\u0163\u0103m\u00e2nt dup\u0103 prima etap\u0103.<\/p>\t\t\t\t\t\t\t\t<\/div>\n\t\t\t\t<\/div>\n\t\t\t\t<div class=\"elementor-element elementor-element-77ae4a2 elementor-widget elementor-widget-text-editor\" data-id=\"77ae4a2\" data-element_type=\"widget\" data-widget_type=\"text-editor.default\">\n\t\t\t\t<div class=\"elementor-widget-container\">\n\t\t\t\t\t\t\t\t\t<div class=\"info bolduit\"><span style=\"color: var( --e-global-color-text ); text-align: var(--text-align);\">\u00cen acest sens, p\u0103rin\u0163ii vor completa un nou formular de \u00eenscriere, repartizarea urm\u00e2nd a se realiza pe locurile disponibile. <\/span><u style=\"color: var( --e-global-color-text ); text-align: var(--text-align);\">Ultima zi: 18 aprilie.<\/u><\/div><p>Rezultatele finale vor fi afi\u015fate \u00een unit\u0103\u0163ile de \u00eenv\u0103\u0163\u0103m\u00e2nt \u015fi pe site-urile inspectorarelor \u015fcolare \u00een data de 23 aprilie. \u00centre 24 aprilie \u0219i 4 mai, inspectoratele \u015fcolare vor solu\u0163iona toate cazurile nerezolvate dup\u0103 finalizarea etapei a doua.<\/p><p>Informa\u021bii suplimentare:\u00a0Ministerul Educa\u0163iei Na\u0163ionale &#8211; \u00censcrierea \u00een \u00eenv\u0103\u021b\u0103m\u00e2ntul primar 2018-2019.<\/p><p>Cererea de \u00eenscriere pentru elepa a II a o pute\u021bi accesa la adresa:\u00a0<a href=\"\/wp-content\/uploads\/2024\/01\/CERERE_TIP_CLSPRG_2018_ETAPA_II.pdf\" target=\"_blank\" rel=\"noopener\">Cerere-tip de \u00eenscriere<\/a>.<\/p><h5>Anun\u021b<\/h5><p>Au fost aprobate metodologia \u015fi calendarul de \u00eenscriere \u00een \u00eenv\u0103\u0163\u0103m\u00e2ntul primar pentru anul \u015fcolar 2018-2019.<\/p><p>Detalii:\u00a0<a href=\"https:\/\/tinyurl.com\/yd7p74bk\" target=\"_blank\" rel=\"noopener\">Ordinul ministrului Educa\u021biei Na\u021bionale nr. 3.242\/23.02.2018 privind aprobarea calendarului \u0219i a metodologiei de \u00eenscriere a copiilor \u00een \u00eenv\u0103\u021b\u0103m\u00e2ntul primar pentru anul \u0219colar 2018-2019<\/a>.<\/p><p class=\"inclinat\">V\u0103 a\u0219tept\u0103m cu drag la noi \u00een \u0219coal\u0103!<\/p><h5>Anun\u021b<\/h5><p>\u00censcrierile \u00een clasa preg\u0103titoare pentru anul \u015fcolar 2018-2019 se fac \u020bn perioada 8 martie \u2013 26 martie 2018, la secretariatul \u015fcolii \u2013 \u00een limita locurilor propuse pentru acest an.<\/p><p>\u00cen acest an \u015fcolar se \u00eenscriu obligatoriu to\u0163i copiii care \u00eemplinesc v\u00e2rsta de 6 ani p\u00e2n\u0103 la data de 31.08.2018.<\/p><p>Copiii care \u020bmplinesc v\u00e2rsta de 6 ani \u020bn perioada 1 septembrie \u2013 31 decembrie 2018 se pot \u00eenscrie \u00een clasa preg\u0103titoare, la cererea p\u0103rin\u0163ilor, numai cu avizul comisiei de evaluare psihosomatic\u0103.<\/p><p>Acte necesare:<\/p><ul><li>Cerere de \u00eenscriere tip ( de la secretariat sau online)<\/li><li>Certificat na\u0219tere copil \u00een copie \u0219i original<\/li><li>Aviz de la medicul de familie cu men\u021biunea: apt pentru \u00eenscriere \u00een clasa preg\u0103titoare<\/li><li>B.I.\/C.I. ambii p\u0103rin\u021bi \u00een copie \u0219i original<\/li><\/ul><h5>Anun\u021b<\/h5><p>Programul de lucru la secretariatul \u0219colii \u00een perioada \u00eenscrierilor \u00een clasa preg\u0103titoare pentru anul \u015fcolar 2018-2019, respectiv 8 martie \u2013 26 martie 2018:<\/p><ul><li>JOI, 8.03.2018<\/li><li>VINERI, 9.03.2018 : 8.00 \u2013 18.00<\/li><li>LUNI, 12.03.2018 \u2013 VINERI, 16.03.2018 : 8.00 \u2013 18.00<\/li><li>LUNI, 19.03.2016 \u2013 VINERI, 23.03.2018 : 8.00 \u2013 18.00<\/li><li>LUNI, 26.03.2018 : 8.00 \u2013 18.00<\/li><\/ul><h5>Anun\u021b<\/h5><p class=\"bolduit\">Evaluarea psihosomatic\u0103 a pre\u0219colarilor care \u00eemplinesc 6 ani dup\u0103 31.08.2018, \u00een vederea \u00eenscrierii acestora \u00een clas\u0103 preg\u0103titoare.<\/p><p>Evaluarea se desf\u0103\u0219oar\u0103 la Centrul nr 6.<\/p><p>\u0218coala Gimnazial\u0103 Ioan B\u0103descu apartine de Centrul de evaluare psihosomatica nr. 6 cu sediul la Liceul Teoretic \u201cRadu Popescu\u201d Popesti-Leordeni.<\/p><p class=\"inclinat\">Mult succes!<\/p><ul><li>Joi 01. 03. 2018-\u00eentre orele 10.00-14.00<\/li><\/ul><ul><li>Luni, 05. 03. 2018 &#8211; \u00eentre orele 14.00-18.00<\/li><li>Mar\u0163i, 06. 03. 2018 &#8211; \u00eentre orele 10.00-14.00<\/li><li>Miercuri, 07. 03. 2018 &#8211; \u00eentre orele 14.00-18.00<\/li><li>Joi, 08. 03. 2018 &#8211; \u00eentre orele 10.00-14.00<\/li><\/ul><ul><li>Luni, 12. 03. 2018-\u00eentre orele 14.00-18.00<\/li><li>Mar\u0163i, 13. 03. 2018-\u00eentre orele 10.00-14.00<\/li><li>Miercuri, 14. 03. 2018 &#8211; \u00eentre orele 14.00-18.00<\/li><li>Joi, 15. 03. 2018 &#8211; \u00eentre orele 10.00-14.00<\/li><\/ul><ul><li>Luni, 19. 03. 2018 &#8211; \u00eentre orele 14.00-18.00<\/li><li>Mar\u0163i, 20. 03. 2018 &#8211; \u00eentre orele 10.00-14.00<\/li><li>Miercuri, 21. 03. 2018 &#8211; \u00eentre orele 14.00-18.00<\/li><li>Joi, 22. 03. 2018 &#8211; \u00eentre orele 10.00-14.00<\/li><li>Vineri 23.03.2018 &#8211; \u00eentre orele 10.00-12.00<\/li><\/ul><p class=\"bolduit\">Programul evalu\u0103rii psihosomatice pentru \u00eenscrierea \u00een clas\u0103 preg\u0103titoare pentru anul \u0219colar 2018-2019<\/p><p>Evaluarea se desf\u0103\u0219oar\u0103 la Centrul nr 6.<\/p><p>\u0218coala Gimnazial\u0103 Ioan B\u0103descu apartine de Centrul de evaluare psihosomatica nr. 6 cu sediul la Liceul Teoretic \u201cRadu Popescu\u201d Popesti-Leordeni.<\/p><ul><li>Luni, 05.03.2018: 14.00-18.00<\/li><li>Mar\u021bi, 06.03.2018: 10.00-12.00 si 14.00-16.00<\/li><li>Miercuri, 07.03.2018: 13.00-15.00 si 16.00-18.00<\/li><li>Joi, 08.03.2018: 9.00-12.00 si 14.00-15.00<\/li><\/ul><ul><li>Luni, 12.03.2018: 14.00-18.00<\/li><li>Mar\u021bi, 13.03.2018: 10.00-12.00 si 14.00-16.00<\/li><li>Miercuri, 14.03.2018: 13.00-15.00 si 16.00-18.00<\/li><li>Joi, 15.03.2018: 9.00-12.00 si 14.00-15.00<\/li><\/ul><ul><li>Luni, 19.03.2018: 14.00-18.00<\/li><li>Mar\u021bi, 20.03.2018: 10.00-12.00 si 14.00-16.00<\/li><li>Miercuri, 21.03.2018: 13.00-15.00 si 16.00-18.00<\/li><li>Joi, 22.03.2018: 9.00-12.00 si 14.00-15.00<\/li><li>Vineri, 23.03.2018: 10.00-12.00<\/li><\/ul><p class=\"inclinat\">V\u0103 a\u0219tept\u0103m cu drag!<\/p>\t\t\t\t\t\t\t\t<\/div>\n\t\t\t\t<\/div>\n\t\t\t\t<div class=\"elementor-element elementor-element-a9cecd3 elementor-widget elementor-widget-html\" data-id=\"a9cecd3\" data-element_type=\"widget\" data-widget_type=\"html.default\">\n\t\t\t\t<div class=\"elementor-widget-container\">\n\t\t\t\t\t<div class=\"_df_book df-lite\" id=\"df_2252\"  data-title=\"inscriere-20189\" _slug=\"inscriere-20189\" wpoptions=\"true\" thumbtype=\"bg\" ><\/div><script class=\"df-shortcode-script\" type=\"application\/javascript\">window.option_df_2252 = {\"outline\":[],\"forceFit\":\"true\",\"autoEnableOutline\":\"false\",\"autoEnableThumbnail\":\"false\",\"overwritePDFOutline\":\"false\",\"direction\":\"1\",\"pageSize\":\"0\",\"soundEnable\":\"false\",\"source\":\"https:\\\/\\\/scoalaioanbadescu.ro\\\/wp-content\\\/uploads\\\/2024\\\/01\\\/invatamant20189.pdf\",\"wpOptions\":\"true\"}; if(window.DFLIP && window.DFLIP.parseBooks){window.DFLIP.parseBooks();}<\/script>\t\t\t\t<\/div>\n\t\t\t\t<\/div>\n\t\t\t\t\t<\/div>\n\t\t\t\t<\/div>\n\t\t\t\t<\/div>\n\t\t","protected":false},"excerpt":{"rendered":"<p>Ast\u0103zi, 12 aprilie, \u00eencepe a doua etap\u0103 de \u00eenscriere \u00een \u00eenv\u0103\u021b\u0103m\u00e2ntul primar (anul \u0219colar 2018-2019), rezervat\u0103 copiilor care nu au fost cuprin\u015fi \u00een nicio unitate de \u00eenv\u0103\u0163\u0103m\u00e2nt dup\u0103 prima etap\u0103. \u00cen acest sens, p\u0103rin\u0163ii vor completa un nou formular de \u00eenscriere, repartizarea urm\u00e2nd a se realiza pe locurile disponibile. Ultima<span class=\"more-link\"><a href=\"https:\/\/scoalaioanbadescu.ro\/?page_id=2210\">Continue Reading<\/a><\/span><\/p>\n","protected":false},"author":2,"featured_media":0,"parent":0,"menu_order":0,"comment_status":"closed","ping_status":"closed","template":"","meta":{"footnotes":""},"class_list":["entry","author-cristian-ene","post-2210","page","type-page","status-publish"],"_links":{"self":[{"href":"https:\/\/scoalaioanbadescu.ro\/index.php?rest_route=\/wp\/v2\/pages\/2210","targetHints":{"allow":["GET"]}}],"collection":[{"href":"https:\/\/scoalaioanbadescu.ro\/index.php?rest_route=\/wp\/v2\/pages"}],"about":[{"href":"https:\/\/scoalaioanbadescu.ro\/index.php?rest_route=\/wp\/v2\/types\/page"}],"author":[{"embeddable":true,"href":"https:\/\/scoalaioanbadescu.ro\/index.php?rest_route=\/wp\/v2\/users\/2"}],"replies":[{"embeddable":true,"href":"https:\/\/scoalaioanbadescu.ro\/index.php?rest_route=%2Fwp%2Fv2%2Fcomments&post=2210"}],"version-history":[{"count":19,"href":"https:\/\/scoalaioanbadescu.ro\/index.php?rest_route=\/wp\/v2\/pages\/2210\/revisions"}],"predecessor-version":[{"id":3039,"href":"https:\/\/scoalaioanbadescu.ro\/index.php?rest_route=\/wp\/v2\/pages\/2210\/revisions\/3039"}],"wp:attachment":[{"href":"https:\/\/scoalaioanbadescu.ro\/index.php?rest_route=%2Fwp%2Fv2%2Fmedia&parent=2210"}],"curies":[{"name":"wp","href":"https:\/\/api.w.org\/{rel}","templated":true}]}}