{"id":2148,"date":"2024-01-21T17:41:49","date_gmt":"2024-01-21T17:41:49","guid":{"rendered":"https:\/\/scoalaioanbadescu.ro\/?page_id=2148"},"modified":"2024-02-16T17:19:07","modified_gmt":"2024-02-16T17:19:07","slug":"repartizarea-candidatilor-pe-sali-la-testul-de-aptitudini-limba-engleza-pentru-inscriere-in-clasa-a-v-a-an-scolar-2021-2022-cu-predare-intensiv","status":"publish","type":"page","link":"https:\/\/scoalaioanbadescu.ro\/?page_id=2148","title":{"rendered":"Repartizarea candida\u021bilor pe s\u0103li la Testul de aptitudini Limba Englez\u0103 pentru \u00eenscriere \u00een clasa a V-a an \u0219colar 2021-2022 cu predare intensiv"},"content":{"rendered":"\n<h2 class=\"wp-block-heading has-text-align-center\">SALA 1 (ETAJ)<\/h2>\n\n\n\n<figure class=\"wp-block-table\"><table><thead><tr><th class=\"has-text-align-center\" data-align=\"center\">Nr. Crt.<\/th><th class=\"has-text-align-center\" data-align=\"center\">Numele \u015fi prenumele elevului<\/th><th class=\"has-text-align-center\" data-align=\"center\"><strong>Clasa \/ \u0218coala de provenien\u021b\u0103<\/strong><\/th><\/tr><\/thead><tbody><tr><td class=\"has-text-align-center\" data-align=\"center\">1<\/td><td class=\"has-text-align-center\" data-align=\"center\">AGACHE ALEXANDRU-GABRIEL<\/td><td class=\"has-text-align-center\" data-align=\"center\">IV C-\u0218coala gimn.Ioan B\u0103descu Popesti<\/td><\/tr><tr><td class=\"has-text-align-center\" data-align=\"center\">2<\/td><td class=\"has-text-align-center\" data-align=\"center\">BALA\u0218 LUCA<\/td><td class=\"has-text-align-center\" data-align=\"center\">IV A-\u0218coala gimn.Ioan B\u0103descu Popesti<\/td><\/tr><tr><td class=\"has-text-align-center\" data-align=\"center\">3<\/td><td class=\"has-text-align-center\" data-align=\"center\">BEGU RUXANDRA-IOANA<\/td><td class=\"has-text-align-center\" data-align=\"center\">IV A-\u0218coala gimn.Ioan B\u0103descu Popesti<\/td><\/tr><tr><td class=\"has-text-align-center\" data-align=\"center\">4<\/td><td class=\"has-text-align-center\" data-align=\"center\">BILIN ANDREEA-FLORENTINA<\/td><td class=\"has-text-align-center\" data-align=\"center\">IV B-\u0218coala gimn.Ioan B\u0103descu Popesti<\/td><\/tr><tr><td class=\"has-text-align-center\" data-align=\"center\">5<\/td><td class=\"has-text-align-center\" data-align=\"center\">BONDAR \u0218TEFAN<\/td><td class=\"has-text-align-center\" data-align=\"center\">IV A-\u0218coala gimn.Ioan B\u0103descu Popesti<\/td><\/tr><tr><td class=\"has-text-align-center\" data-align=\"center\">6<\/td><td class=\"has-text-align-center\" data-align=\"center\">BOSTAN SELENA-ASIYE<\/td><td class=\"has-text-align-center\" data-align=\"center\">IV A-\u0218coala gimn.Ioan B\u0103descu Popesti<\/td><\/tr><tr><td class=\"has-text-align-center\" data-align=\"center\">7<\/td><td class=\"has-text-align-center\" data-align=\"center\">BUTUNOI ALEXANDRU<\/td><td class=\"has-text-align-center\" data-align=\"center\">IV B-\u0218coala gimn.Ioan B\u0103descu Popesti<\/td><\/tr><tr><td class=\"has-text-align-center\" data-align=\"center\">8<\/td><td class=\"has-text-align-center\" data-align=\"center\">CACIP ANDREI-GABRIEL<\/td><td class=\"has-text-align-center\" data-align=\"center\">IV C-\u0218coala gimn.Ioan B\u0103descu Popesti<\/td><\/tr><tr><td class=\"has-text-align-center\" data-align=\"center\">9<\/td><td class=\"has-text-align-center\" data-align=\"center\">CAZONE ERIC-ALEXANDRU<\/td><td class=\"has-text-align-center\" data-align=\"center\">IV A-\u0218coala gimn.Ioan B\u0103descu Popesti<\/td><\/tr><tr><td class=\"has-text-align-center\" data-align=\"center\">10<\/td><td class=\"has-text-align-center\" data-align=\"center\">CIOBANU TEODORA<\/td><td class=\"has-text-align-center\" data-align=\"center\">IV A-\u0218coala gimn.Ioan B\u0103descu Popesti<\/td><\/tr><tr><td class=\"has-text-align-center\" data-align=\"center\">11<\/td><td class=\"has-text-align-center\" data-align=\"center\">C\u00ceRJAN R\u0102ZVAN-\u0218TEFAN<\/td><td class=\"has-text-align-center\" data-align=\"center\">IV A-\u0218coala gimn.Ioan B\u0103descu Popesti<\/td><\/tr><tr><td class=\"has-text-align-center\" data-align=\"center\">12<\/td><td class=\"has-text-align-center\" data-align=\"center\">CRISTEA MIHAI-FLORIN<\/td><td class=\"has-text-align-center\" data-align=\"center\">IV B-\u0218coala gimn.Ioan B\u0103descu Popesti<\/td><\/tr><tr><td class=\"has-text-align-center\" data-align=\"center\">13<\/td><td class=\"has-text-align-center\" data-align=\"center\">DELICOI EDUARD-GABRIEL<\/td><td class=\"has-text-align-center\" data-align=\"center\">IV B-\u0218coala gimn.Ioan B\u0103descu Popesti<\/td><\/tr><tr><td class=\"has-text-align-center\" data-align=\"center\">14<\/td><td class=\"has-text-align-center\" data-align=\"center\">DUMITRACHE \u0218TEFAN-CLAUDIU<\/td><td class=\"has-text-align-center\" data-align=\"center\">IV A-\u0218coala gimn.Ioan B\u0103descu Popesti<\/td><\/tr><tr><td class=\"has-text-align-center\" data-align=\"center\">15<\/td><td class=\"has-text-align-center\" data-align=\"center\">G\u0102BREANU ANDREEA<\/td><td class=\"has-text-align-center\" data-align=\"center\">IV C-\u0218coala gimn.Ioan B\u0103descu Popesti<\/td><\/tr><\/tbody><\/table><\/figure>\n\n\n\n<p><\/p>\n\n\n\n<h2 class=\"wp-block-heading has-text-align-center\">SALA 2 (ETAJ)<\/h2>\n\n\n\n<figure class=\"wp-block-table\"><table><thead><tr><th class=\"has-text-align-center\" data-align=\"center\">Nr. Crt.<\/th><th class=\"has-text-align-center\" data-align=\"center\">Numele \u015fi prenumele elevului<\/th><th class=\"has-text-align-center\" data-align=\"center\">Clasa \/ \u0218coala de provenien\u021b\u0103<\/th><\/tr><\/thead><tbody><tr><td class=\"has-text-align-center\" data-align=\"center\">1<\/td><td class=\"has-text-align-center\" data-align=\"center\">GRIGORE NICOLETA<\/td><td class=\"has-text-align-center\" data-align=\"center\">IV B-\u0218coala gimn.Ioan B\u0103descu Popesti<\/td><\/tr><tr><td class=\"has-text-align-center\" data-align=\"center\">2<\/td><td class=\"has-text-align-center\" data-align=\"center\">HANTEA BRISEIS ALEXIA<\/td><td class=\"has-text-align-center\" data-align=\"center\">IV B-\u0218coala gimn.Ioan B\u0103descu Popesti<\/td><\/tr><tr><td class=\"has-text-align-center\" data-align=\"center\">3<\/td><td class=\"has-text-align-center\" data-align=\"center\">IACOB RAISA-GABRIELA<\/td><td class=\"has-text-align-center\" data-align=\"center\">IV B-\u0218coala gimn.Ioan B\u0103descu Popesti<\/td><\/tr><tr><td class=\"has-text-align-center\" data-align=\"center\">4<\/td><td class=\"has-text-align-center\" data-align=\"center\">IONESCU ALISA-ANTONIA<\/td><td class=\"has-text-align-center\" data-align=\"center\">IV D \u0218coala Gimn.nr.79 Bucure\u0219ti<\/td><\/tr><tr><td class=\"has-text-align-center\" data-align=\"center\">5<\/td><td class=\"has-text-align-center\" data-align=\"center\">IORDACHE DENIS ANDREI<\/td><td class=\"has-text-align-center\" data-align=\"center\">IV B-\u0218coala gimn.Ioan B\u0103descu Popesti<\/td><\/tr><tr><td class=\"has-text-align-center\" data-align=\"center\">6<\/td><td class=\"has-text-align-center\" data-align=\"center\">KORENSCHI ARKADI-EMANUEL<\/td><td class=\"has-text-align-center\" data-align=\"center\">IV B-\u0218coala gimn.Ioan B\u0103descu Popesti<\/td><\/tr><tr><td class=\"has-text-align-center\" data-align=\"center\">7<\/td><td class=\"has-text-align-center\" data-align=\"center\">LUNCA\u015eU LUCA-DANIEL<\/td><td class=\"has-text-align-center\" data-align=\"center\">IV C-\u0218coala gimn.Ioan B\u0103descu Popesti<\/td><\/tr><tr><td class=\"has-text-align-center\" data-align=\"center\">8<\/td><td class=\"has-text-align-center\" data-align=\"center\">LUNGU MIHAI-ALEXANDRU<\/td><td class=\"has-text-align-center\" data-align=\"center\">IV A-\u0218coala gimn.Ioan B\u0103descu Popesti<\/td><\/tr><tr><td class=\"has-text-align-center\" data-align=\"center\">9<\/td><td class=\"has-text-align-center\" data-align=\"center\">MATEI TEODOR-\u0218TEFAN<\/td><td class=\"has-text-align-center\" data-align=\"center\">IV A-\u0218coala gimn.Ioan B\u0103descu Popesti<\/td><\/tr><tr><td class=\"has-text-align-center\" data-align=\"center\">10<\/td><td class=\"has-text-align-center\" data-align=\"center\">MELTEI BIANCA-MARIA<\/td><td class=\"has-text-align-center\" data-align=\"center\">IV B-\u0218coala gimn.Ioan B\u0103descu Popesti<\/td><\/tr><tr><td class=\"has-text-align-center\" data-align=\"center\">11<\/td><td class=\"has-text-align-center\" data-align=\"center\">MICU SEBASTIAN-ANDREEAS<\/td><td class=\"has-text-align-center\" data-align=\"center\">IV B-\u0218coala gimn.Ioan B\u0103descu Popesti<\/td><\/tr><tr><td class=\"has-text-align-center\" data-align=\"center\">12<\/td><td class=\"has-text-align-center\" data-align=\"center\">MOROIANU ALEXIA-IOANA<\/td><td class=\"has-text-align-center\" data-align=\"center\">IV A-\u0218coala gimn.Ioan B\u0103descu Popesti<\/td><\/tr><tr><td class=\"has-text-align-center\" data-align=\"center\">13<\/td><td class=\"has-text-align-center\" data-align=\"center\">NEAGU EDUARD-MIHAI<\/td><td class=\"has-text-align-center\" data-align=\"center\">IV A-\u0218coala gimn.Ioan B\u0103descu Popesti<\/td><\/tr><tr><td class=\"has-text-align-center\" data-align=\"center\">14<\/td><td class=\"has-text-align-center\" data-align=\"center\">NEGOI LARISA<\/td><td class=\"has-text-align-center\" data-align=\"center\">IV C-\u0218coala gimn.Ioan B\u0103descu Popesti<\/td><\/tr><tr><td class=\"has-text-align-center\" data-align=\"center\">15<\/td><td class=\"has-text-align-center\" data-align=\"center\">NEGREANU ADA-GABRIELA<\/td><td class=\"has-text-align-center\" data-align=\"center\">IV A-\u0218coala gimn.Ioan B\u0103descu Popesti<\/td><\/tr><\/tbody><\/table><\/figure>\n\n\n\n<p><\/p>\n\n\n\n<h2 class=\"wp-block-heading has-text-align-center\">SALA 3 (ETAJ)<\/h2>\n\n\n\n<figure class=\"wp-block-table\"><table><thead><tr><th class=\"has-text-align-center\" data-align=\"center\">N<strong>r. Crt.<\/strong><\/th><th class=\"has-text-align-center\" data-align=\"center\">Numele \u015fi prenumele elevului<\/th><th class=\"has-text-align-center\" data-align=\"center\">Clasa \/ \u0218coala de provenien\u021b\u0103<\/th><\/tr><\/thead><tbody><tr><td class=\"has-text-align-center\" data-align=\"center\">1<\/td><td class=\"has-text-align-center\" data-align=\"center\">OPROIU IANCU<\/td><td class=\"has-text-align-center\" data-align=\"center\">IV A-\u0218coala gimn.Ioan B\u0103descu Popesti<\/td><\/tr><tr><td class=\"has-text-align-center\" data-align=\"center\">2<\/td><td class=\"has-text-align-center\" data-align=\"center\">PAVEL CRISTINA-ANNEMARIE<\/td><td class=\"has-text-align-center\" data-align=\"center\">IV C-\u0218coala gimn.Ioan B\u0103descu Popesti<\/td><\/tr><tr><td class=\"has-text-align-center\" data-align=\"center\">3<\/td><td class=\"has-text-align-center\" data-align=\"center\">PETRESCU DAN-ALEXANDRU<\/td><td class=\"has-text-align-center\" data-align=\"center\">IV B-\u0218coala gimn.Ioan B\u0103descu Popesti<\/td><\/tr><tr><td class=\"has-text-align-center\" data-align=\"center\">4<\/td><td class=\"has-text-align-center\" data-align=\"center\">RUSU MARIA<\/td><td class=\"has-text-align-center\" data-align=\"center\">IV A-\u0218coala gimn.Ioan B\u0103descu Popesti<\/td><\/tr><tr><td class=\"has-text-align-center\" data-align=\"center\">5<\/td><td class=\"has-text-align-center\" data-align=\"center\">SALA DARIUS-MIHAI<\/td><td class=\"has-text-align-center\" data-align=\"center\">IV B-\u0218coala gimn.Ioan B\u0103descu Popesti<\/td><\/tr><tr><td class=\"has-text-align-center\" data-align=\"center\">6<\/td><td class=\"has-text-align-center\" data-align=\"center\">\u0218ERBAN MATEI-ALEXANDRU<\/td><td class=\"has-text-align-center\" data-align=\"center\">IV A-\u0218coala gimn.Ioan B\u0103descu Popesti<\/td><\/tr><tr><td class=\"has-text-align-center\" data-align=\"center\">7<\/td><td class=\"has-text-align-center\" data-align=\"center\">STANCU ANDREEA-ANA-MARIA<\/td><td class=\"has-text-align-center\" data-align=\"center\">IV A-\u0218coala gimn.Ioan B\u0103descu Popesti<\/td><\/tr><tr><td class=\"has-text-align-center\" data-align=\"center\">8<\/td><td class=\"has-text-align-center\" data-align=\"center\">TALO\u0218 PATRICK-\u0218TEFAN<\/td><td class=\"has-text-align-center\" data-align=\"center\">IV B-\u0218coala gimn.Ioan B\u0103descu Popesti<\/td><\/tr><tr><td class=\"has-text-align-center\" data-align=\"center\">9<\/td><td class=\"has-text-align-center\" data-align=\"center\">\u021aOROPOC BIANCA MARIA<\/td><td class=\"has-text-align-center\" data-align=\"center\">IV B-\u0218coala gimn.Ioan B\u0103descu Popesti<\/td><\/tr><tr><td class=\"has-text-align-center\" data-align=\"center\">10<\/td><td class=\"has-text-align-center\" data-align=\"center\">TUDOR ROBERTO-MARIAN<\/td><td class=\"has-text-align-center\" data-align=\"center\">IV A-\u0218coala gimn.Ioan B\u0103descu Popesti<\/td><\/tr><tr><td class=\"has-text-align-center\" data-align=\"center\">11<\/td><td class=\"has-text-align-center\" data-align=\"center\">TUFAN SOFIA-ELENA-VIVIANA<\/td><td class=\"has-text-align-center\" data-align=\"center\">IV C-\u0218coala gimn.Ioan B\u0103descu Popesti<\/td><\/tr><tr><td class=\"has-text-align-center\" data-align=\"center\">12<\/td><td class=\"has-text-align-center\" data-align=\"center\">VELICU MIHAELA-CLARA<\/td><td class=\"has-text-align-center\" data-align=\"center\">IV A-\u0218coala gimn.Ioan B\u0103descu Popesti<\/td><\/tr><tr><td class=\"has-text-align-center\" data-align=\"center\">13<\/td><td class=\"has-text-align-center\" data-align=\"center\">ZAVALA\u0218 MIRUNA-MARIA<\/td><td class=\"has-text-align-center\" data-align=\"center\">IV A-\u0218coala gimn.Ioan B\u0103descu Popesti<\/td><\/tr><tr><td class=\"has-text-align-center\" data-align=\"center\">14<\/td><td class=\"has-text-align-center\" data-align=\"center\">Z\u0102VELC\u0102 IOANA-ADRIANA<\/td><td class=\"has-text-align-center\" data-align=\"center\">IV B-\u0218coala gimn.Ioan B\u0103descu Popesti<\/td><\/tr><\/tbody><\/table><\/figure>\n","protected":false},"excerpt":{"rendered":"<p>SALA 1 (ETAJ) Nr. Crt. Numele \u015fi prenumele elevului Clasa \/ \u0218coala de provenien\u021b\u0103 1 AGACHE ALEXANDRU-GABRIEL IV C-\u0218coala gimn.Ioan B\u0103descu Popesti 2 BALA\u0218 LUCA IV A-\u0218coala gimn.Ioan B\u0103descu Popesti 3 BEGU RUXANDRA-IOANA IV A-\u0218coala gimn.Ioan B\u0103descu Popesti 4 BILIN ANDREEA-FLORENTINA IV B-\u0218coala gimn.Ioan B\u0103descu Popesti 5 BONDAR \u0218TEFAN IV<span class=\"more-link\"><a href=\"https:\/\/scoalaioanbadescu.ro\/?page_id=2148\">Continue Reading<\/a><\/span><\/p>\n","protected":false},"author":2,"featured_media":0,"parent":0,"menu_order":0,"comment_status":"closed","ping_status":"closed","template":"","meta":{"footnotes":""},"class_list":["entry","author-cristian-ene","post-2148","page","type-page","status-publish"],"_links":{"self":[{"href":"https:\/\/scoalaioanbadescu.ro\/index.php?rest_route=\/wp\/v2\/pages\/2148","targetHints":{"allow":["GET"]}}],"collection":[{"href":"https:\/\/scoalaioanbadescu.ro\/index.php?rest_route=\/wp\/v2\/pages"}],"about":[{"href":"https:\/\/scoalaioanbadescu.ro\/index.php?rest_route=\/wp\/v2\/types\/page"}],"author":[{"embeddable":true,"href":"https:\/\/scoalaioanbadescu.ro\/index.php?rest_route=\/wp\/v2\/users\/2"}],"replies":[{"embeddable":true,"href":"https:\/\/scoalaioanbadescu.ro\/index.php?rest_route=%2Fwp%2Fv2%2Fcomments&post=2148"}],"version-history":[{"count":1,"href":"https:\/\/scoalaioanbadescu.ro\/index.php?rest_route=\/wp\/v2\/pages\/2148\/revisions"}],"predecessor-version":[{"id":2150,"href":"https:\/\/scoalaioanbadescu.ro\/index.php?rest_route=\/wp\/v2\/pages\/2148\/revisions\/2150"}],"wp:attachment":[{"href":"https:\/\/scoalaioanbadescu.ro\/index.php?rest_route=%2Fwp%2Fv2%2Fmedia&parent=2148"}],"curies":[{"name":"wp","href":"https:\/\/api.w.org\/{rel}","templated":true}]}}