{"id":2047,"date":"2024-01-21T16:30:14","date_gmt":"2024-01-21T16:30:14","guid":{"rendered":"https:\/\/scoalaioanbadescu.ro\/?page_id=2047"},"modified":"2024-02-16T17:19:06","modified_gmt":"2024-02-16T17:19:06","slug":"prsa-2018-2019","status":"publish","type":"page","link":"https:\/\/scoalaioanbadescu.ro\/?page_id=2047","title":{"rendered":"PRSA 2018-2019"},"content":{"rendered":"\t\t<div data-elementor-type=\"wp-page\" data-elementor-id=\"2047\" class=\"elementor elementor-2047\">\n\t\t\t\t<div class=\"elementor-element elementor-element-919f5df e-flex e-con-boxed e-con e-parent\" data-id=\"919f5df\" data-element_type=\"container\">\n\t\t\t\t\t<div class=\"e-con-inner\">\n\t\t\t\t<div class=\"elementor-element elementor-element-80fe3f4 elementor-widget elementor-widget-text-editor\" data-id=\"80fe3f4\" data-element_type=\"widget\" data-widget_type=\"text-editor.default\">\n\t\t\t\t<div class=\"elementor-widget-container\">\n\t\t\t\t\t\t\t\t\t<p>Programul na\u0163ional \u201e\u015ecoala altfel\u201d are o durat\u0103 de 5 zile consecutive lucr\u0103toare \u00een timpul anului \u015fcolar \u015fi poate fi derulat \u00een perioada 1 octombrie 2018 &#8211; 31 mai 2019, pe baza unei planific\u0103ri ce r\u0103m\u00e2ne la decizia \u015fcolilor. Desf\u0103\u0219urarea programului \u201e\u015ecoala altfel\u201d nu coincide cu perioada alocat\u0103 sus\u0163inerii tezelor semestriale. Acestea vor avea loc, de regul\u0103, la finalul semestrelor, dup\u0103 parcurgerea programei \u015fcolare, cu cel pu\u0163in trei s\u0103pt\u0103m\u00e2ni \u00eenainte de finalul semestrului. Etapele na\u0163ionale ale olimpiadelor \u015fcolare se organizeaz\u0103, \u00een general, \u00een perioada vacan\u0163ei de prim\u0103var\u0103, potrivit unui calendar specific.<\/p><p>La \u0218coala Gimnazial\u0103 \u201eIoan B\u0103descu\u201d, Programul Na\u021bional \u201e\u0218coala altfel\u201d se va desf\u0103\u0219ura \u00een perioada 27-31 mai 2019.<\/p>\t\t\t\t\t\t\t\t<\/div>\n\t\t\t\t<\/div>\n\t\t\t\t\t<\/div>\n\t\t\t\t<\/div>\n\t\t<div class=\"elementor-element elementor-element-8ad93a9 e-flex e-con-boxed e-con e-parent\" data-id=\"8ad93a9\" data-element_type=\"container\">\n\t\t\t\t\t<div class=\"e-con-inner\">\n\t\t\t\t<div class=\"elementor-element elementor-element-7a547f2 elementor-widget elementor-widget-spacer\" data-id=\"7a547f2\" data-element_type=\"widget\" data-widget_type=\"spacer.default\">\n\t\t\t\t<div class=\"elementor-widget-container\">\n\t\t\t\t\t\t\t<div class=\"elementor-spacer\">\n\t\t\t<div class=\"elementor-spacer-inner\"><\/div>\n\t\t<\/div>\n\t\t\t\t\t\t<\/div>\n\t\t\t\t<\/div>\n\t\t\t\t\t<\/div>\n\t\t\t\t<\/div>\n\t\t<div class=\"elementor-element elementor-element-d521f64 e-flex e-con-boxed e-con e-parent\" data-id=\"d521f64\" data-element_type=\"container\">\n\t\t\t\t\t<div class=\"e-con-inner\">\n\t\t\t\t<div class=\"elementor-element elementor-element-8f83c44 elementor-widget elementor-widget-heading\" data-id=\"8f83c44\" data-element_type=\"widget\" data-widget_type=\"heading.default\">\n\t\t\t\t<div class=\"elementor-widget-container\">\n\t\t\t\t\t<h1 class=\"elementor-heading-title elementor-size-default\">Activit\u0103\u021bile desf\u0103\u0219urate \u00een cadrul Programului Na\u021bional \u201e\u0218coala altfel\u201d<\/h1>\t\t\t\t<\/div>\n\t\t\t\t<\/div>\n\t\t\t\t<div class=\"elementor-element elementor-element-ca7aab7 elementor-widget elementor-widget-pdf_viewer\" data-id=\"ca7aab7\" data-element_type=\"widget\" data-widget_type=\"pdf_viewer.default\">\n\t\t\t\t<div class=\"elementor-widget-container\">\n\t\t\t\t\t<iframe src=\"https:\/\/docs.google.com\/viewer?url=https:\/\/scoalaioanbadescu.gddservices.ro\/wp-content\/uploads\/2024\/01\/PRSA-20189.pdf&amp;embedded=true\" style=\"display: block; margin-left: auto; margin-right: auto; width: 640px; height: 1020px;\" frameborder=\"1\" marginheight=\"0px\" marginwidth=\"0px\" allowfullscreen><\/iframe>\t\t\t\t<\/div>\n\t\t\t\t<\/div>\n\t\t\t\t\t<\/div>\n\t\t\t\t<\/div>\n\t\t\t\t<\/div>\n\t\t","protected":false},"excerpt":{"rendered":"<p>Programul na\u0163ional \u201e\u015ecoala altfel\u201d are o durat\u0103 de 5 zile consecutive lucr\u0103toare \u00een timpul anului \u015fcolar \u015fi poate fi derulat \u00een perioada 1 octombrie 2018 &#8211; 31 mai 2019, pe baza unei planific\u0103ri ce r\u0103m\u00e2ne la decizia \u015fcolilor. Desf\u0103\u0219urarea programului \u201e\u015ecoala altfel\u201d nu coincide cu perioada alocat\u0103 sus\u0163inerii tezelor semestriale.<span class=\"more-link\"><a href=\"https:\/\/scoalaioanbadescu.ro\/?page_id=2047\">Continue Reading<\/a><\/span><\/p>\n","protected":false},"author":2,"featured_media":0,"parent":0,"menu_order":0,"comment_status":"closed","ping_status":"closed","template":"","meta":{"footnotes":""},"class_list":["entry","author-cristian-ene","post-2047","page","type-page","status-publish"],"_links":{"self":[{"href":"https:\/\/scoalaioanbadescu.ro\/index.php?rest_route=\/wp\/v2\/pages\/2047","targetHints":{"allow":["GET"]}}],"collection":[{"href":"https:\/\/scoalaioanbadescu.ro\/index.php?rest_route=\/wp\/v2\/pages"}],"about":[{"href":"https:\/\/scoalaioanbadescu.ro\/index.php?rest_route=\/wp\/v2\/types\/page"}],"author":[{"embeddable":true,"href":"https:\/\/scoalaioanbadescu.ro\/index.php?rest_route=\/wp\/v2\/users\/2"}],"replies":[{"embeddable":true,"href":"https:\/\/scoalaioanbadescu.ro\/index.php?rest_route=%2Fwp%2Fv2%2Fcomments&post=2047"}],"version-history":[{"count":4,"href":"https:\/\/scoalaioanbadescu.ro\/index.php?rest_route=\/wp\/v2\/pages\/2047\/revisions"}],"predecessor-version":[{"id":2055,"href":"https:\/\/scoalaioanbadescu.ro\/index.php?rest_route=\/wp\/v2\/pages\/2047\/revisions\/2055"}],"wp:attachment":[{"href":"https:\/\/scoalaioanbadescu.ro\/index.php?rest_route=%2Fwp%2Fv2%2Fmedia&parent=2047"}],"curies":[{"name":"wp","href":"https:\/\/api.w.org\/{rel}","templated":true}]}}

<div data-elementor-type="wp-page" data-elementor-id="2047" class="elementor elementor-2047">
				<div class="elementor-element elementor-element-919f5df e-flex e-con-boxed e-con e-parent" data-id="919f5df" data-element_type="container">
					<div class="e-con-inner">
				<div class="elementor-element elementor-element-80fe3f4 elementor-widget elementor-widget-text-editor" data-id="80fe3f4" data-element_type="widget" data-widget_type="text-editor.default">
				<div class="elementor-widget-container">
									<p>Programul naţional „Şcoala altfel” are o durată de 5 zile consecutive lucrătoare în timpul anului şcolar şi poate fi derulat în perioada 1 octombrie 2018 &#8211; 31 mai 2019, pe baza unei planificări ce rămâne la decizia şcolilor. Desfășurarea programului „Şcoala altfel” nu coincide cu perioada alocată susţinerii tezelor semestriale. Acestea vor avea loc, de regulă, la finalul semestrelor, după parcurgerea programei şcolare, cu cel puţin trei săptămâni înainte de finalul semestrului. Etapele naţionale ale olimpiadelor şcolare se organizează, în general, în perioada vacanţei de primăvară, potrivit unui calendar specific.</p><p>La Școala Gimnazială „Ioan Bădescu”, Programul Național „Școala altfel” se va desfășura în perioada 27-31 mai 2019.</p>								</div>
				</div>
					</div>
				</div>
		<div class="elementor-element elementor-element-8ad93a9 e-flex e-con-boxed e-con e-parent" data-id="8ad93a9" data-element_type="container">
					<div class="e-con-inner">
				<div class="elementor-element elementor-element-7a547f2 elementor-widget elementor-widget-spacer" data-id="7a547f2" data-element_type="widget" data-widget_type="spacer.default">
				<div class="elementor-widget-container">
							<div class="elementor-spacer">
			<div class="elementor-spacer-inner"></div>
		</div>
						</div>
				</div>
					</div>
				</div>
		<div class="elementor-element elementor-element-d521f64 e-flex e-con-boxed e-con e-parent" data-id="d521f64" data-element_type="container">
					<div class="e-con-inner">
				<div class="elementor-element elementor-element-8f83c44 elementor-widget elementor-widget-heading" data-id="8f83c44" data-element_type="widget" data-widget_type="heading.default">
				<div class="elementor-widget-container">
					<h1 class="elementor-heading-title elementor-size-default">Activitățile desfășurate în cadrul Programului Național „Școala altfel”</h1>				</div>
				</div>
				<div class="elementor-element elementor-element-ca7aab7 elementor-widget elementor-widget-pdf_viewer" data-id="ca7aab7" data-element_type="widget" data-widget_type="pdf_viewer.default">
				<div class="elementor-widget-container">
					<iframe src="https://docs.google.com/viewer?url=https://scoalaioanbadescu.gddservices.ro/wp-content/uploads/2024/01/PRSA-20189.pdf&amp;embedded=true" style="display: block; margin-left: auto; margin-right: auto; width: 640px; height: 1020px;" frameborder="1" marginheight="0px" marginwidth="0px" allowfullscreen></iframe>				</div>
				</div>
					</div>
				</div>
				</div>

<p>Programul naţional „Şcoala altfel” are o durată de 5 zile consecutive lucrătoare în timpul anului şcolar şi poate fi derulat în perioada 1 octombrie 2018 &#8211; 31 mai 2019, pe baza unei planificări ce rămâne la decizia şcolilor. Desfășurarea programului „Şcoala altfel” nu coincide cu perioada alocată susţinerii tezelor semestriale.<span class="more-link"><a href="https://scoalaioanbadescu.ro/?page_id=2047">Continue Reading</a></span></p>
