{"id":2035,"date":"2024-01-21T16:19:39","date_gmt":"2024-01-21T16:19:39","guid":{"rendered":"https:\/\/scoalaioanbadescu.ro\/?page_id=2035"},"modified":"2024-02-16T17:19:06","modified_gmt":"2024-02-16T17:19:06","slug":"prsa-2017-2018","status":"publish","type":"page","link":"https:\/\/scoalaioanbadescu.ro\/?page_id=2035","title":{"rendered":"PRSA 2017-2018"},"content":{"rendered":"\t\t<div data-elementor-type=\"wp-page\" data-elementor-id=\"2035\" class=\"elementor elementor-2035\">\n\t\t\t\t<div class=\"elementor-element elementor-element-230c0e4 e-flex e-con-boxed e-con e-parent\" data-id=\"230c0e4\" data-element_type=\"container\">\n\t\t\t\t\t<div class=\"e-con-inner\">\n\t\t\t\t<div class=\"elementor-element elementor-element-caef6bf elementor-widget elementor-widget-text-editor\" data-id=\"caef6bf\" data-element_type=\"widget\" data-widget_type=\"text-editor.default\">\n\t\t\t\t<div class=\"elementor-widget-container\">\n\t\t\t\t\t\t\t\t\t<p>Programul na\u021bional \u201e\u0218coala altfel\u201d are o durat\u0103 de 5 zile consecutive lucr\u0103toare \u00een timpul anului \u0219colar \u0219i poate fi derulat \u00een perioada 2 octombrie 2017 \u2013 31 mai 2018 pe baza unei planific\u0103ri ce r\u0103m\u00e2ne la decizia \u0219colilor. Desf\u0103\u0219urarea programului \u201e\u0218coala altfel\u201d nu coincide cu perioada alocat\u0103 sus\u021binerii tezelor semestriale, care vor avea loc, de regul\u0103, la finalul semestrelor, dup\u0103 parcurgerea programei \u0219colare cu cel pu\u021bin trei s\u0103pt\u0103m\u00e2ni \u00eenainte de finalul semestrului.<\/p><p>La \u0218coala Gimnazial\u0103 \u201eIoan B\u0103descu\u201d, Programul Na\u021bional \u201e\u0218coala altfel\u201d se va desf\u0103\u0219ura \u00een perioada 26-30 martie 2018.<\/p>\t\t\t\t\t\t\t\t<\/div>\n\t\t\t\t<\/div>\n\t\t\t\t<div class=\"elementor-element elementor-element-61674cf elementor-widget elementor-widget-spacer\" data-id=\"61674cf\" data-element_type=\"widget\" data-widget_type=\"spacer.default\">\n\t\t\t\t<div class=\"elementor-widget-container\">\n\t\t\t\t\t\t\t<div class=\"elementor-spacer\">\n\t\t\t<div class=\"elementor-spacer-inner\"><\/div>\n\t\t<\/div>\n\t\t\t\t\t\t<\/div>\n\t\t\t\t<\/div>\n\t\t\t\t\t<\/div>\n\t\t\t\t<\/div>\n\t\t<div class=\"elementor-element elementor-element-1caff5e e-flex e-con-boxed e-con e-parent\" data-id=\"1caff5e\" data-element_type=\"container\">\n\t\t\t\t\t<div class=\"e-con-inner\">\n\t\t\t\t<div class=\"elementor-element elementor-element-fb11b25 elementor-widget elementor-widget-heading\" data-id=\"fb11b25\" data-element_type=\"widget\" data-widget_type=\"heading.default\">\n\t\t\t\t<div class=\"elementor-widget-container\">\n\t\t\t\t\t<h1 class=\"elementor-heading-title elementor-size-default\">Activit\u0103\u021bile desf\u0103\u0219urate \u00een cadrul Programului Na\u021bional \u201e\u0218coala altfel\u201d<\/h1>\t\t\t\t<\/div>\n\t\t\t\t<\/div>\n\t\t\t\t<div class=\"elementor-element elementor-element-1a548fa elementor-widget elementor-widget-pdf_viewer\" data-id=\"1a548fa\" data-element_type=\"widget\" data-widget_type=\"pdf_viewer.default\">\n\t\t\t\t<div class=\"elementor-widget-container\">\n\t\t\t\t\t<iframe src=\"https:\/\/docs.google.com\/viewer?url=https:\/\/scoalaioanbadescu.gddservices.ro\/wp-content\/uploads\/2024\/01\/PRSA-20178.pdf&amp;embedded=true\" style=\"display: block; margin-left: auto; margin-right: auto; width: 800px; height: 1020px;\" frameborder=\"1\" marginheight=\"0px\" marginwidth=\"0px\" allowfullscreen><\/iframe>\t\t\t\t<\/div>\n\t\t\t\t<\/div>\n\t\t\t\t\t<\/div>\n\t\t\t\t<\/div>\n\t\t\t\t<\/div>\n\t\t","protected":false},"excerpt":{"rendered":"<p>Programul na\u021bional \u201e\u0218coala altfel\u201d are o durat\u0103 de 5 zile consecutive lucr\u0103toare \u00een timpul anului \u0219colar \u0219i poate fi derulat \u00een perioada 2 octombrie 2017 \u2013 31 mai 2018 pe baza unei planific\u0103ri ce r\u0103m\u00e2ne la decizia \u0219colilor. Desf\u0103\u0219urarea programului \u201e\u0218coala altfel\u201d nu coincide cu perioada alocat\u0103 sus\u021binerii tezelor semestriale,<span class=\"more-link\"><a href=\"https:\/\/scoalaioanbadescu.ro\/?page_id=2035\">Continue Reading<\/a><\/span><\/p>\n","protected":false},"author":2,"featured_media":0,"parent":0,"menu_order":0,"comment_status":"closed","ping_status":"closed","template":"","meta":{"footnotes":""},"class_list":["entry","author-cristian-ene","post-2035","page","type-page","status-publish"],"_links":{"self":[{"href":"https:\/\/scoalaioanbadescu.ro\/index.php?rest_route=\/wp\/v2\/pages\/2035","targetHints":{"allow":["GET"]}}],"collection":[{"href":"https:\/\/scoalaioanbadescu.ro\/index.php?rest_route=\/wp\/v2\/pages"}],"about":[{"href":"https:\/\/scoalaioanbadescu.ro\/index.php?rest_route=\/wp\/v2\/types\/page"}],"author":[{"embeddable":true,"href":"https:\/\/scoalaioanbadescu.ro\/index.php?rest_route=\/wp\/v2\/users\/2"}],"replies":[{"embeddable":true,"href":"https:\/\/scoalaioanbadescu.ro\/index.php?rest_route=%2Fwp%2Fv2%2Fcomments&post=2035"}],"version-history":[{"count":10,"href":"https:\/\/scoalaioanbadescu.ro\/index.php?rest_route=\/wp\/v2\/pages\/2035\/revisions"}],"predecessor-version":[{"id":2052,"href":"https:\/\/scoalaioanbadescu.ro\/index.php?rest_route=\/wp\/v2\/pages\/2035\/revisions\/2052"}],"wp:attachment":[{"href":"https:\/\/scoalaioanbadescu.ro\/index.php?rest_route=%2Fwp%2Fv2%2Fmedia&parent=2035"}],"curies":[{"name":"wp","href":"https:\/\/api.w.org\/{rel}","templated":true}]}}