{"id":1990,"date":"2024-01-21T15:51:56","date_gmt":"2024-01-21T15:51:56","guid":{"rendered":"https:\/\/scoalaioanbadescu.ro\/?page_id=1990"},"modified":"2024-02-16T17:19:05","modified_gmt":"2024-02-16T17:19:05","slug":"1990-2","status":"publish","type":"page","link":"https:\/\/scoalaioanbadescu.ro\/?page_id=1990","title":{"rendered":"CNPR Anul \u0219colar 2017-2018"},"content":{"rendered":"\t\t<div data-elementor-type=\"wp-page\" data-elementor-id=\"1990\" class=\"elementor elementor-1990\">\n\t\t\t\t<div class=\"elementor-element elementor-element-432e4589 e-flex e-con-boxed e-con e-parent\" data-id=\"432e4589\" data-element_type=\"container\">\n\t\t\t\t\t<div class=\"e-con-inner\">\n\t\t\t\t<div class=\"elementor-element elementor-element-4f32a781 elementor-widget elementor-widget-text-editor\" data-id=\"4f32a781\" data-element_type=\"widget\" data-widget_type=\"text-editor.default\">\n\t\t\t\t<div class=\"elementor-widget-container\">\n\t\t\t\t\t\t\t\t\t\n<figure class=\"wp-block-table\"><table><thead><tr><th class=\"has-text-align-center\" data-align=\"center\">Nr. crt.<\/th><th class=\"has-text-align-center\" data-align=\"center\">Numele \u0219i prenumele<\/th><th class=\"has-text-align-center\" data-align=\"center\">Calitatea<\/th><\/tr><\/thead><tbody><tr><td class=\"has-text-align-center\" data-align=\"center\">1<\/td><td class=\"has-text-align-center\" data-align=\"center\">Coman Angelica<\/td><td class=\"has-text-align-center\" data-align=\"center\">Director Prof. limba englez\u0103<\/td><\/tr><tr><td class=\"has-text-align-center\" data-align=\"center\">2<\/td><td class=\"has-text-align-center\" data-align=\"center\">Ungureanu Mihaela Monica<\/td><td class=\"has-text-align-center\" data-align=\"center\">Membru Profesor \u00eenv\u0103\u021b\u0103m\u00e2nt pre\u0219colar \u0219i primar<\/td><\/tr><tr><td class=\"has-text-align-center\" data-align=\"center\">3<\/td><td class=\"has-text-align-center\" data-align=\"center\">Cazone Ancu\u021ba M\u0103d\u0103lina<\/td><td class=\"has-text-align-center\" data-align=\"center\">Membru Profesor \u00eenv\u0103\u021b\u0103m\u00e2nt pre\u0219colar \u0219i primar<\/td><\/tr><tr><td class=\"has-text-align-center\" data-align=\"center\">4<\/td><td class=\"has-text-align-center\" data-align=\"center\">Barbu Felicia Mariana<\/td><td class=\"has-text-align-center\" data-align=\"center\">Membru Profesor \u00eenv\u0103\u021b\u0103m\u00e2nt pre\u0219colar \u0219i primar<\/td><\/tr><tr><td class=\"has-text-align-center\" data-align=\"center\">5<\/td><td class=\"has-text-align-center\" data-align=\"center\">Burcin Angelica<\/td><td class=\"has-text-align-center\" data-align=\"center\">Membru Institutor<\/td><\/tr><tr><td class=\"has-text-align-center\" data-align=\"center\">6<\/td><td class=\"has-text-align-center\" data-align=\"center\">Ionescu Florentina<\/td><td class=\"has-text-align-center\" data-align=\"center\">Membru Profesor \u00eenv\u0103\u021b\u0103m\u00e2nt pre\u0219colar \u0219i primar<\/td><\/tr><tr><td class=\"has-text-align-center\" data-align=\"center\">7<\/td><td class=\"has-text-align-center\" data-align=\"center\">T\u00eern\u0103cop Florentina<\/td><td class=\"has-text-align-center\" data-align=\"center\">Membru Institutor<\/td><\/tr><tr><td class=\"has-text-align-center\" data-align=\"center\">8<\/td><td class=\"has-text-align-center\" data-align=\"center\">Florea Viorica<\/td><td class=\"has-text-align-center\" data-align=\"center\">Membru Profesor \u00eenv\u0103\u021b\u0103m\u00e2nt pre\u0219colar \u0219i primar<\/td><\/tr><tr><td class=\"has-text-align-center\" data-align=\"center\">9<\/td><td class=\"has-text-align-center\" data-align=\"center\">Casapu Steliana Vasilica<\/td><td class=\"has-text-align-center\" data-align=\"center\">Membru Profesor \u00eenv\u0103\u021b\u0103m\u00e2nt pre\u0219colar \u0219i primar<\/td><\/tr><tr><td class=\"has-text-align-center\" data-align=\"center\">10<\/td><td class=\"has-text-align-center\" data-align=\"center\">Aldea Eugenia<\/td><td class=\"has-text-align-center\" data-align=\"center\">Membru Institutor<\/td><\/tr><tr><td class=\"has-text-align-center\" data-align=\"center\">11<\/td><td class=\"has-text-align-center\" data-align=\"center\">Vincene Ana Maria<\/td><td class=\"has-text-align-center\" data-align=\"center\">Membru Profesor \u00eenv\u0103\u021b\u0103m\u00e2nt pre\u0219colar \u0219i primar<\/td><\/tr><tr><td class=\"has-text-align-center\" data-align=\"center\">12<\/td><td class=\"has-text-align-center\" data-align=\"center\">Stoica Roxana Daniela<\/td><td class=\"has-text-align-center\" data-align=\"center\">Membru Profesor \u00eenv\u0103\u021b\u0103m\u00e2nt pre\u0219colar \u0219i primar<\/td><\/tr><tr><td class=\"has-text-align-center\" data-align=\"center\">13<\/td><td class=\"has-text-align-center\" data-align=\"center\">Neac\u0219u Petru\u021ba<\/td><td class=\"has-text-align-center\" data-align=\"center\">Membru Profesor \u00eenv\u0103\u021b\u0103m\u00e2nt pre\u0219colar \u0219i primar<\/td><\/tr><tr><td class=\"has-text-align-center\" data-align=\"center\">14<\/td><td class=\"has-text-align-center\" data-align=\"center\">Cioltei Maria<\/td><td class=\"has-text-align-center\" data-align=\"center\">Membru \u00cenv\u0103\u021b\u0103tor<\/td><\/tr><tr><td class=\"has-text-align-center\" data-align=\"center\">15<\/td><td class=\"has-text-align-center\" data-align=\"center\">Diaconescu Elena<\/td><td class=\"has-text-align-center\" data-align=\"center\">Membru Profesor \u00eenv\u0103\u021b\u0103m\u00e2nt pre\u0219colar \u0219i primar<\/td><\/tr><tr><td class=\"has-text-align-center\" data-align=\"center\">16<\/td><td class=\"has-text-align-center\" data-align=\"center\">Racheru Daniela<\/td><td class=\"has-text-align-center\" data-align=\"center\">Membru Profesor \u00eenv\u0103\u021b\u0103m\u00e2nt pre\u0219colar \u0219i primar<\/td><\/tr><tr><td class=\"has-text-align-center\" data-align=\"center\">17<\/td><td class=\"has-text-align-center\" data-align=\"center\">Diaconu Carmen<\/td><td class=\"has-text-align-center\" data-align=\"center\">Membru Profesor \u00eenv\u0103\u021b\u0103m\u00e2nt pre\u0219colar \u0219i primar<\/td><\/tr><tr><td class=\"has-text-align-center\" data-align=\"center\">18<\/td><td class=\"has-text-align-center\" data-align=\"center\">Vincene M\u0103d\u0103lina<\/td><td class=\"has-text-align-center\" data-align=\"center\">Membru Prof. limba \u0219i literatura rom\u00e2n\u0103<\/td><\/tr><tr><td class=\"has-text-align-center\" data-align=\"center\">19<\/td><td class=\"has-text-align-center\" data-align=\"center\">Ungureanu Marilena<\/td><td class=\"has-text-align-center\" data-align=\"center\">Membru Prof. limba \u0219i literatura rom\u00e2n\u0103<\/td><\/tr><tr><td class=\"has-text-align-center\" data-align=\"center\">20<\/td><td class=\"has-text-align-center\" data-align=\"center\">Petre Maria<\/td><td class=\"has-text-align-center\" data-align=\"center\">Membru Prof. limba englez\u0103<\/td><\/tr><tr><td class=\"has-text-align-center\" data-align=\"center\">21<\/td><td class=\"has-text-align-center\" data-align=\"center\">Popa Ionela<\/td><td class=\"has-text-align-center\" data-align=\"center\">Membru Prof. limba englez\u0103<\/td><\/tr><tr><td class=\"has-text-align-center\" data-align=\"center\">22<\/td><td class=\"has-text-align-center\" data-align=\"center\">Mateescu Livia Marilena<\/td><td class=\"has-text-align-center\" data-align=\"center\">Membru Prof. limba francez\u0103<\/td><\/tr><tr><td class=\"has-text-align-center\" data-align=\"center\">23<\/td><td class=\"has-text-align-center\" data-align=\"center\">Radu Gl\u0103van Iuliana Florentina<\/td><td class=\"has-text-align-center\" data-align=\"center\">Membru Prof. matematic\u0103<\/td><\/tr><tr><td class=\"has-text-align-center\" data-align=\"center\">24<\/td><td class=\"has-text-align-center\" data-align=\"center\">Iancu Adina<\/td><td class=\"has-text-align-center\" data-align=\"center\">Membru Prof. matematic\u0103<\/td><\/tr><tr><td class=\"has-text-align-center\" data-align=\"center\">25<\/td><td class=\"has-text-align-center\" data-align=\"center\">V\u0103g\u00eei Cornelia Gabriela<\/td><td class=\"has-text-align-center\" data-align=\"center\">Membru Prof. biologie<\/td><\/tr><tr><td class=\"has-text-align-center\" data-align=\"center\">26<\/td><td class=\"has-text-align-center\" data-align=\"center\">Muntean Jeni Gabriela<\/td><td class=\"has-text-align-center\" data-align=\"center\">Membru Prof. fizic\u0103-chimie<\/td><\/tr><tr><td class=\"has-text-align-center\" data-align=\"center\">27<\/td><td class=\"has-text-align-center\" data-align=\"center\">Manea Leontina<\/td><td class=\"has-text-align-center\" data-align=\"center\">Membru Prof. ed. tehnologic\u0103<\/td><\/tr><tr><td class=\"has-text-align-center\" data-align=\"center\">28<\/td><td class=\"has-text-align-center\" data-align=\"center\">Popa Aristotel Justinian<\/td><td class=\"has-text-align-center\" data-align=\"center\">Membru Prof. geografie<\/td><\/tr><tr><td class=\"has-text-align-center\" data-align=\"center\">29<\/td><td class=\"has-text-align-center\" data-align=\"center\">Bondar Ancu\u021ba<\/td><td class=\"has-text-align-center\" data-align=\"center\">Membru Prof. istorie<\/td><\/tr><tr><td class=\"has-text-align-center\" data-align=\"center\">30<\/td><td class=\"has-text-align-center\" data-align=\"center\">Moldovan Ioan<\/td><td class=\"has-text-align-center\" data-align=\"center\">Membru Prof. religie catolic\u0103<\/td><\/tr><tr><td class=\"has-text-align-center\" data-align=\"center\">31<\/td><td class=\"has-text-align-center\" data-align=\"center\">Pisic\u0103 Florin Mihai<\/td><td class=\"has-text-align-center\" data-align=\"center\">Membru Prof. religie ortodox\u0103<\/td><\/tr><tr><td class=\"has-text-align-center\" data-align=\"center\">32<\/td><td class=\"has-text-align-center\" data-align=\"center\">Ardeleanu Mihaela<\/td><td class=\"has-text-align-center\" data-align=\"center\">Membru Prof. religie ortodox\u0103<\/td><\/tr><tr><td class=\"has-text-align-center\" data-align=\"center\">33<\/td><td class=\"has-text-align-center\" data-align=\"center\">Iordache Cosma<\/td><td class=\"has-text-align-center\" data-align=\"center\">Membru Prof. ed. muzical\u0103<\/td><\/tr><tr><td class=\"has-text-align-center\" data-align=\"center\">34<\/td><td class=\"has-text-align-center\" data-align=\"center\">Pisic\u0103 Florin Mihai<\/td><td class=\"has-text-align-center\" data-align=\"center\">Membru Prof. ed. plastic\u0103<\/td><\/tr><tr><td class=\"has-text-align-center\" data-align=\"center\">35<\/td><td class=\"has-text-align-center\" data-align=\"center\">Gunciu Roberto Florentin<\/td><td class=\"has-text-align-center\" data-align=\"center\">Membru Prof. ed. Fizic\u0103<\/td><\/tr><tr><td class=\"has-text-align-center\" data-align=\"center\">36<\/td><td class=\"has-text-align-center\" data-align=\"center\">Chiric Silvia<\/td><td class=\"has-text-align-center\" data-align=\"center\">Administrator Financiar<\/td><\/tr><tr><td class=\"has-text-align-center\" data-align=\"center\">37<\/td><td class=\"has-text-align-center\" data-align=\"center\">Plea\u0219u Elena<\/td><td class=\"has-text-align-center\" data-align=\"center\">Secretar<\/td><\/tr><tr><td class=\"has-text-align-center\" data-align=\"center\">38<\/td><td class=\"has-text-align-center\" data-align=\"center\">Pieleanu Elena<\/td><td class=\"has-text-align-center\" data-align=\"center\">\u00cengrijitor<\/td><\/tr><tr><td class=\"has-text-align-center\" data-align=\"center\">39<\/td><td class=\"has-text-align-center\" data-align=\"center\">Alfons Aurelia<\/td><td class=\"has-text-align-center\" data-align=\"center\">\u00cengrijitor<\/td><\/tr><tr><td class=\"has-text-align-center\" data-align=\"center\">40<\/td><td class=\"has-text-align-center\" data-align=\"center\">Enache Cristiana<\/td><td class=\"has-text-align-center\" data-align=\"center\">\u00cengrijitor<\/td><\/tr><tr><td class=\"has-text-align-center\" data-align=\"center\">41<\/td><td class=\"has-text-align-center\" data-align=\"center\">Pavel Iacob<\/td><td class=\"has-text-align-center\" data-align=\"center\">Fochist<\/td><\/tr><tr><td class=\"has-text-align-center\" data-align=\"center\">42<\/td><td class=\"has-text-align-center\" data-align=\"center\">Florea Adrian<\/td><td class=\"has-text-align-center\" data-align=\"center\">Paznic<\/td><\/tr><tr><td class=\"has-text-align-center\" data-align=\"center\">43<\/td><td class=\"has-text-align-center\" data-align=\"center\">Constantin Vasile<\/td><td class=\"has-text-align-center\" data-align=\"center\">Paznic<\/td><\/tr><\/tbody><\/table><\/figure>\n\t\t\t\t\t\t\t\t<\/div>\n\t\t\t\t<\/div>\n\t\t\t\t\t<\/div>\n\t\t\t\t<\/div>\n\t\t\t\t<\/div>\n\t\t","protected":false},"excerpt":{"rendered":"<p>Nr. crt. Numele \u0219i prenumele Calitatea 1 Coman Angelica Director Prof. limba englez\u0103 2 Ungureanu Mihaela Monica Membru Profesor \u00eenv\u0103\u021b\u0103m\u00e2nt pre\u0219colar \u0219i primar 3 Cazone Ancu\u021ba M\u0103d\u0103lina Membru Profesor \u00eenv\u0103\u021b\u0103m\u00e2nt pre\u0219colar \u0219i primar 4 Barbu Felicia Mariana Membru Profesor \u00eenv\u0103\u021b\u0103m\u00e2nt pre\u0219colar \u0219i primar 5 Burcin Angelica Membru Institutor 6 Ionescu<span class=\"more-link\"><a href=\"https:\/\/scoalaioanbadescu.ro\/?page_id=1990\">Continue Reading<\/a><\/span><\/p>\n","protected":false},"author":2,"featured_media":0,"parent":0,"menu_order":0,"comment_status":"closed","ping_status":"closed","template":"","meta":{"footnotes":""},"class_list":["entry","author-cristian-ene","post-1990","page","type-page","status-publish"],"_links":{"self":[{"href":"https:\/\/scoalaioanbadescu.ro\/index.php?rest_route=\/wp\/v2\/pages\/1990","targetHints":{"allow":["GET"]}}],"collection":[{"href":"https:\/\/scoalaioanbadescu.ro\/index.php?rest_route=\/wp\/v2\/pages"}],"about":[{"href":"https:\/\/scoalaioanbadescu.ro\/index.php?rest_route=\/wp\/v2\/types\/page"}],"author":[{"embeddable":true,"href":"https:\/\/scoalaioanbadescu.ro\/index.php?rest_route=\/wp\/v2\/users\/2"}],"replies":[{"embeddable":true,"href":"https:\/\/scoalaioanbadescu.ro\/index.php?rest_route=%2Fwp%2Fv2%2Fcomments&post=1990"}],"version-history":[{"count":8,"href":"https:\/\/scoalaioanbadescu.ro\/index.php?rest_route=\/wp\/v2\/pages\/1990\/revisions"}],"predecessor-version":[{"id":1998,"href":"https:\/\/scoalaioanbadescu.ro\/index.php?rest_route=\/wp\/v2\/pages\/1990\/revisions\/1998"}],"wp:attachment":[{"href":"https:\/\/scoalaioanbadescu.ro\/index.php?rest_route=%2Fwp%2Fv2%2Fmedia&parent=1990"}],"curies":[{"name":"wp","href":"https:\/\/api.w.org\/{rel}","templated":true}]}}