{"id":1972,"date":"2024-01-21T15:33:24","date_gmt":"2024-01-21T15:33:24","guid":{"rendered":"https:\/\/scoalaioanbadescu.ro\/?page_id=1972"},"modified":"2024-02-16T17:19:05","modified_gmt":"2024-02-16T17:19:05","slug":"cda-anul-scolar-2018-2019","status":"publish","type":"page","link":"https:\/\/scoalaioanbadescu.ro\/?page_id=1972","title":{"rendered":"CDA Anul \u0218colar 2018-2019"},"content":{"rendered":"\t\t<div data-elementor-type=\"wp-page\" data-elementor-id=\"1972\" class=\"elementor elementor-1972\">\n\t\t\t\t<div class=\"elementor-element elementor-element-4622261 e-flex e-con-boxed e-con e-parent\" data-id=\"4622261\" data-element_type=\"container\">\n\t\t\t\t\t<div class=\"e-con-inner\">\n\t\t\t\t<div class=\"elementor-element elementor-element-e170b62 elementor-widget elementor-widget-text-editor\" data-id=\"e170b62\" data-element_type=\"widget\" data-widget_type=\"text-editor.default\">\n\t\t\t\t<div class=\"elementor-widget-container\">\n\t\t\t\t\t\t\t\t\t<p><b>Pre\u0219edinte<\/b>: Coman Angelica<\/p>\n<p><b>Membri<\/b><\/p>\n<ul>\n<li>Ungureanu Marilena<\/li>\n<li>Stratulat Cristina Amelia<\/li>\n<li>Barbu Felicia Mariana<\/li>\n<li>Reprezentan\u021bi Consiliu Local: Oncu\u0163a Elena \u015fi Cazacu Silviu<\/li>\n<li>Reprezentant Primar: Anghel C\u0103t\u0103lin<\/li>\n<li>Reprezentan\u021bi Asocia\u021bia de P\u0103rin\u021bi: Matei Simona \u015fi Dumitrache Florentina<\/li>\n<\/ul>\n<p><b>Membri f\u0103r\u0103 drept de vot<\/b><\/p>\n<ul>\n<li>Secretar: Burcin Angelica<\/li>\n<li>Lider de sindicat: T\u00eern\u0103cop Florentina<\/li>\n<li>Reprezentant Consiliul Elevilor: Bod\u00eerc\u0103 Teodora<\/li>\n<li>Invitat: Ungureanu Mihaela Monica<\/li>\n<\/ul>\t\t\t\t\t\t\t\t<\/div>\n\t\t\t\t<\/div>\n\t\t\t\t\t<\/div>\n\t\t\t\t<\/div>\n\t\t\t\t<\/div>\n\t\t","protected":false},"excerpt":{"rendered":"<p>Pre\u0219edinte: Coman Angelica Membri Ungureanu Marilena Stratulat Cristina Amelia Barbu Felicia Mariana Reprezentan\u021bi Consiliu Local: Oncu\u0163a Elena \u015fi Cazacu Silviu Reprezentant Primar: Anghel C\u0103t\u0103lin Reprezentan\u021bi Asocia\u021bia de P\u0103rin\u021bi: Matei Simona \u015fi Dumitrache Florentina Membri f\u0103r\u0103 drept de vot Secretar: Burcin Angelica Lider de sindicat: T\u00eern\u0103cop Florentina Reprezentant Consiliul Elevilor: Bod\u00eerc\u0103<span class=\"more-link\"><a href=\"https:\/\/scoalaioanbadescu.ro\/?page_id=1972\">Continue Reading<\/a><\/span><\/p>\n","protected":false},"author":2,"featured_media":0,"parent":0,"menu_order":0,"comment_status":"closed","ping_status":"closed","template":"","meta":{"footnotes":""},"class_list":["entry","author-cristian-ene","post-1972","page","type-page","status-publish"],"_links":{"self":[{"href":"https:\/\/scoalaioanbadescu.ro\/index.php?rest_route=\/wp\/v2\/pages\/1972","targetHints":{"allow":["GET"]}}],"collection":[{"href":"https:\/\/scoalaioanbadescu.ro\/index.php?rest_route=\/wp\/v2\/pages"}],"about":[{"href":"https:\/\/scoalaioanbadescu.ro\/index.php?rest_route=\/wp\/v2\/types\/page"}],"author":[{"embeddable":true,"href":"https:\/\/scoalaioanbadescu.ro\/index.php?rest_route=\/wp\/v2\/users\/2"}],"replies":[{"embeddable":true,"href":"https:\/\/scoalaioanbadescu.ro\/index.php?rest_route=%2Fwp%2Fv2%2Fcomments&post=1972"}],"version-history":[{"count":7,"href":"https:\/\/scoalaioanbadescu.ro\/index.php?rest_route=\/wp\/v2\/pages\/1972\/revisions"}],"predecessor-version":[{"id":1979,"href":"https:\/\/scoalaioanbadescu.ro\/index.php?rest_route=\/wp\/v2\/pages\/1972\/revisions\/1979"}],"wp:attachment":[{"href":"https:\/\/scoalaioanbadescu.ro\/index.php?rest_route=%2Fwp%2Fv2%2Fmedia&parent=1972"}],"curies":[{"name":"wp","href":"https:\/\/api.w.org\/{rel}","templated":true}]}}