{"id":1945,"date":"2024-01-21T14:44:32","date_gmt":"2024-01-21T14:44:32","guid":{"rendered":"https:\/\/scoalaioanbadescu.ro\/?page_id=1945"},"modified":"2024-02-16T17:19:05","modified_gmt":"2024-02-16T17:19:05","slug":"comisii-de-lucru","status":"publish","type":"page","link":"https:\/\/scoalaioanbadescu.ro\/?page_id=1945","title":{"rendered":"CDL Anul \u0218colar 2017-2018"},"content":{"rendered":"\t\t<div data-elementor-type=\"wp-page\" data-elementor-id=\"1945\" class=\"elementor elementor-1945\">\n\t\t\t\t<div class=\"elementor-element elementor-element-026e781 e-flex e-con-boxed e-con e-parent\" data-id=\"026e781\" data-element_type=\"container\">\n\t\t\t\t\t<div class=\"e-con-inner\">\n\t\t<div class=\"elementor-element elementor-element-9677b1f e-con-full e-flex e-con e-child\" data-id=\"9677b1f\" data-element_type=\"container\">\n\t\t\t\t<div class=\"elementor-element elementor-element-e55d7ce elementor-widget elementor-widget-text-editor\" data-id=\"e55d7ce\" data-element_type=\"widget\" data-widget_type=\"text-editor.default\">\n\t\t\t\t<div class=\"elementor-widget-container\">\n\t\t\t\t\t\t\t\t\t<h2>Comisia metodic\u0103 a educatoarelor<\/h2>\n<ul>\n<li>Ungureanu Monica \u2013 Responsabil<\/li>\n<li>Cazone Ancu\u021ba M\u0103d\u0103lina<\/li>\n<\/ul>\n<h2>Comisia metodic\u0103 a \u00eenv\u0103\u0163\u0103torilor<\/h2>\n<ul>\n<li>Barbu Felicia Mariana \u2013 Responsabil<\/li>\n<li>Aldea Eugenia<\/li>\n<li>T\u00eern\u0103cop Florentina<\/li>\n<li>Burcin Angelica<\/li>\n<li>Racheru Daniela<\/li>\n<li>Stoica Roxana Daniela<\/li>\n<li>Vincene Ana Maria<\/li>\n<li>Diaconescu Elena<\/li>\n<li>Cioltei Maria<\/li>\n<li>Ionescu Florentina<\/li>\n<li>C\u0103preanu Elisabeta<\/li>\n<li>Casapu Steliana Vasilica<\/li>\n<li>Diaconu Carmen<\/li>\n<\/ul>\n<h2>Comisia dirigin\u0163ilor<\/h2>\n<ul>\n<li>Bondar Ancuta \u2013 Responsabil<\/li>\n<li>Mateescu Livia Marilena<\/li>\n<li>Petre Maria<\/li>\n<li>V\u0103g\u00eei Cornelia Gabriela<\/li>\n<li>Ungureanu Marilena<\/li>\n<li>Vincene M\u0103d\u0103lina<\/li>\n<li>Iancu Adina<\/li>\n<li>Muntean Jeni Gabriela<\/li>\n<\/ul>\n<h2>Comisia metodic\u0103 a ariei curriculare limb\u0103, comunicare, arte \u0219i sport<\/h2>\n<ul>\n<li>Ungureanu Marilena \u2013 Responsabil<\/li>\n<li>Coman Angelica<\/li>\n<li>Petre Maria<\/li>\n<li>Popa Ionela<\/li>\n<li>Vincene M\u0103d\u0103lina<\/li>\n<li>Mateescu Livia Marilena<\/li>\n<li>Iordache Cosma<\/li>\n<li>Pisic\u0103 Florin Mihai<\/li>\n<li>Gunciu Roberto Florentin<\/li>\n<\/ul>\n<h2>Comisia metodic\u0103 a ariei curriculare matematic\u0103, \u015ftiin\u0163e \u0219i tehnologie<\/h2>\n<ul>\n<li>V\u0103g\u00eei Cornelia Gabriela \u2013 Responsabil<\/li>\n<li>Muntean Jeni Gabriela<\/li>\n<li>Manea Leontina<\/li>\n<li>Laz\u0103r Oana Mihaela<\/li>\n<li>Iancu Adina<\/li>\n<\/ul>\n<h2>Comisia metodic\u0103 a ariei curriculare om \u015fi societate<\/h2>\n<ul>\n<li>Ardeleanu Mihaela \u2013 Responsabil<\/li>\n<li>Pisic\u0103 Florin Mihai<\/li>\n<li>Popa Aristotel Justinian<\/li>\n<li>Bondar Ancu\u021ba<\/li>\n<li>Moldovan Ioan<\/li>\n<\/ul>\n<h2>Comisii cu caracter permanent :<\/h2>\n<h3>Comisia pentru curriculum<\/h3>\n<ul>\n<li>Coman Angelica \u2013 Pre\u0219edintel<\/li>\n<li>Ungureanu Mihaela Monica<\/li>\n<li>Barbu Felicia Mariana<\/li>\n<li>Ungureanu Marilena<\/li>\n<li>Ardeleanu Mihaela<\/li>\n<li>V\u0103g\u00eei Cornelia Gabriela<\/li>\n<li>Bondar Ancu\u021ba<\/li>\n<li>Bondar Ancuta \u2013 Coordonator pentru proiecte \u0219i programe educative \u0219colare \u0219i extra\u0219colare<\/li>\n<li>Bondar Ancu\u021ba \u2013 Responsabil Consiliul Elevilor<\/li>\n<\/ul>\n<h3>Comisia de securitate \u015fi s\u0103n\u0103tate \u00een munc\u0103 \u0219i pentru situa\u021bii de urgen\u021b\u0103<\/h3>\n<ul>\n<li>Aldea Eugenia \u2013 Responsabil<\/li>\n<li>Gunciu Roberto Florentin<\/li>\n<li>Ungureanu Mihaela Monica<\/li>\n<li>T\u00eern\u0103cop Florentina<\/li>\n<\/ul>\n<h3>Comisia pentru dezvoltare profesional\u0103 \u0219i evolu\u021bie \u00een cariera didactic\u0103<\/h3>\n<ul>\n<li>Coman Angelica \u2013 Pre\u0219edinte<\/li>\n<li>Vincene M\u0103d\u0103lina \u2013 Responsabil<\/li>\n<li>Membri:\n<ul>\n<li>Ungureanu Mihaela Monica<\/li>\n<li>Cioltei Maria<\/li>\n<li>Muntean Jeni Gabriela<\/li>\n<\/ul>\n<\/li>\n<\/ul>\n<h3>Comisia pentru evaluare \u015fi asigurarea calit\u0103\u0163ii<\/h3>\n<ul>\n<li>Coman Angelica \u2013 Coordonator<\/li>\n<li>Membri:\n<ul>\n<li>Muntean Jeni Gabriela \u2013 Reprezentant FE<\/li>\n<li>Muntean Jeni Gabriela \u2013 Responsabil<\/li>\n<li>T\u00eern\u0103cop Florentina \u2013 Sindicat<\/li>\n<li>Simona Matei \u2013 Reprezentant Asocia\u021biei de P\u0103rin\u021bi<\/li>\n<li>Oncu\u0163a Elena \u2013 Reprezentant Consiliul Local<\/li>\n<li>Tudose Diana Alexandra \u2013 Reprezentant Elevi<\/li>\n<\/ul>\n<\/li>\n<\/ul>\n<h3>Comisia SCIM<\/h3>\n<ul>\n<li>Plea\u0219u Elena \u2013 Pre\u0219edinte<\/li>\n<li>Membri:\n<ul>\n<li>Coman Angelica<\/li>\n<li>Chiric Silvia<\/li>\n<\/ul>\n<\/li>\n<\/ul>\n<h3>Comisia pentru prevenirea \u0219i eliminarea violen\u021bei, a faptelor de corup\u021bie \u0219i discrimin\u0103rii \u00een mediul \u0219colar \u0219i promovarea interculturalit\u0103\u021bii<\/h3>\n<ul>\n<li>Racheru Daniela \u2013 Responsabil<\/li>\n<li>Burcin Angelica<\/li>\n<li>Vincene Ana Maria<\/li>\n<li>Tudose Diana Alexandra \u2013 Elev<\/li>\n<li>Matei Simona \u2013 P\u0103rinte<\/li>\n<\/ul>\t\t\t\t\t\t\t\t<\/div>\n\t\t\t\t<\/div>\n\t\t\t\t<\/div>\n\t\t\t\t\t<\/div>\n\t\t\t\t<\/div>\n\t\t\t\t<\/div>\n\t\t","protected":false},"excerpt":{"rendered":"<p>Comisia metodic\u0103 a educatoarelor Ungureanu Monica \u2013 Responsabil Cazone Ancu\u021ba M\u0103d\u0103lina Comisia metodic\u0103 a \u00eenv\u0103\u0163\u0103torilor Barbu Felicia Mariana \u2013 Responsabil Aldea Eugenia T\u00eern\u0103cop Florentina Burcin Angelica Racheru Daniela Stoica Roxana Daniela Vincene Ana Maria Diaconescu Elena Cioltei Maria Ionescu Florentina C\u0103preanu Elisabeta Casapu Steliana Vasilica Diaconu Carmen Comisia dirigin\u0163ilor Bondar<span class=\"more-link\"><a href=\"https:\/\/scoalaioanbadescu.ro\/?page_id=1945\">Continue Reading<\/a><\/span><\/p>\n","protected":false},"author":2,"featured_media":0,"parent":0,"menu_order":0,"comment_status":"closed","ping_status":"closed","template":"","meta":{"footnotes":""},"class_list":["entry","author-cristian-ene","post-1945","page","type-page","status-publish"],"_links":{"self":[{"href":"https:\/\/scoalaioanbadescu.ro\/index.php?rest_route=\/wp\/v2\/pages\/1945","targetHints":{"allow":["GET"]}}],"collection":[{"href":"https:\/\/scoalaioanbadescu.ro\/index.php?rest_route=\/wp\/v2\/pages"}],"about":[{"href":"https:\/\/scoalaioanbadescu.ro\/index.php?rest_route=\/wp\/v2\/types\/page"}],"author":[{"embeddable":true,"href":"https:\/\/scoalaioanbadescu.ro\/index.php?rest_route=\/wp\/v2\/users\/2"}],"replies":[{"embeddable":true,"href":"https:\/\/scoalaioanbadescu.ro\/index.php?rest_route=%2Fwp%2Fv2%2Fcomments&post=1945"}],"version-history":[{"count":13,"href":"https:\/\/scoalaioanbadescu.ro\/index.php?rest_route=\/wp\/v2\/pages\/1945\/revisions"}],"predecessor-version":[{"id":1958,"href":"https:\/\/scoalaioanbadescu.ro\/index.php?rest_route=\/wp\/v2\/pages\/1945\/revisions\/1958"}],"wp:attachment":[{"href":"https:\/\/scoalaioanbadescu.ro\/index.php?rest_route=%2Fwp%2Fv2%2Fmedia&parent=1945"}],"curies":[{"name":"wp","href":"https:\/\/api.w.org\/{rel}","templated":true}]}}