{"id":1776,"date":"2023-12-03T16:33:30","date_gmt":"2023-12-03T16:33:30","guid":{"rendered":"https:\/\/scoalaioanbadescu.ro\/?page_id=1776"},"modified":"2024-02-16T17:19:04","modified_gmt":"2024-02-16T17:19:04","slug":"1776-2","status":"publish","type":"page","link":"https:\/\/scoalaioanbadescu.ro\/?page_id=1776","title":{"rendered":""},"content":{"rendered":"\n<details class=\"wp-block-details is-layout-flow wp-block-details-is-layout-flow\" open><summary>Comisia pentru evaluarea \u0219i asigurarea calit\u0103\u021bii, \u00een anul \u0219colar 2018-2019, se constituie \u00een urm\u0103toarea componen\u021b\u0103<\/summary>\n<ul class=\"wp-block-list\">\n<li>Coman Angelica \u2013 coordonator<\/li>\n\n\n\n<li>Membri:\n<ul class=\"wp-block-list\">\n<li>Muntean Jeni Gabriela \u2013 reprezentant FE<\/li>\n\n\n\n<li>Petre Maria \u2013 responsabil<\/li>\n\n\n\n<li>T\u00eern\u0103cop Florentina \u2013 sindicat<\/li>\n\n\n\n<li>Vincene Ana Maria<\/li>\n\n\n\n<li>Simona Matei \u2013 reprezentant Asocia\u021biei de P\u0103rin\u021bi<\/li>\n\n\n\n<li>Oncu\u0163a Elena \u2013 reprezentant Consiliul Local<\/li>\n\n\n\n<li>Bod\u00eerc\u0103 Teodora \u2013 reprezentant elevi<\/li>\n<\/ul>\n<\/li>\n<\/ul>\n<\/details>\n\n\n\n<figure class=\"wp-block-table is-style-regular has-medium-font-size\"><table class=\"has-vivid-red-color has-text-color has-link-color\"><tbody><tr><td>Pentru informa\u021bii suplimentare v\u0103 rug\u0103m s\u0103 vizita\u021bi site-ul:\u00a0<a href=\"http:\/\/beta.aracip.eu\/\" target=\"_blank\" rel=\"noreferrer noopener\">Agen\u021bia Rom\u00e2n\u0103 de Asigurare a Calit\u0103\u021bii \u00een \u00cenv\u0103\u021b\u0103m\u00e2ntul Preuniversitar<\/a><\/td><\/tr><\/tbody><\/table><\/figure>\n","protected":false},"excerpt":{"rendered":"<p>Pentru informa\u021bii suplimentare v\u0103 rug\u0103m s\u0103 vizita\u021bi site-ul:\u00a0Agen\u021bia Rom\u00e2n\u0103 de Asigurare a Calit\u0103\u021bii \u00een \u00cenv\u0103\u021b\u0103m\u00e2ntul Preuniversitar<span class=\"more-link\"><a href=\"https:\/\/scoalaioanbadescu.ro\/?page_id=1776\">Continue Reading<\/a><\/span><\/p>\n","protected":false},"author":2,"featured_media":0,"parent":0,"menu_order":0,"comment_status":"closed","ping_status":"closed","template":"","meta":{"footnotes":""},"class_list":["entry","author-cristian-ene","post-1776","page","type-page","status-publish"],"_links":{"self":[{"href":"https:\/\/scoalaioanbadescu.ro\/index.php?rest_route=\/wp\/v2\/pages\/1776","targetHints":{"allow":["GET"]}}],"collection":[{"href":"https:\/\/scoalaioanbadescu.ro\/index.php?rest_route=\/wp\/v2\/pages"}],"about":[{"href":"https:\/\/scoalaioanbadescu.ro\/index.php?rest_route=\/wp\/v2\/types\/page"}],"author":[{"embeddable":true,"href":"https:\/\/scoalaioanbadescu.ro\/index.php?rest_route=\/wp\/v2\/users\/2"}],"replies":[{"embeddable":true,"href":"https:\/\/scoalaioanbadescu.ro\/index.php?rest_route=%2Fwp%2Fv2%2Fcomments&post=1776"}],"version-history":[{"count":2,"href":"https:\/\/scoalaioanbadescu.ro\/index.php?rest_route=\/wp\/v2\/pages\/1776\/revisions"}],"predecessor-version":[{"id":1779,"href":"https:\/\/scoalaioanbadescu.ro\/index.php?rest_route=\/wp\/v2\/pages\/1776\/revisions\/1779"}],"wp:attachment":[{"href":"https:\/\/scoalaioanbadescu.ro\/index.php?rest_route=%2Fwp%2Fv2%2Fmedia&parent=1776"}],"curies":[{"name":"wp","href":"https:\/\/api.w.org\/{rel}","templated":true}]}}