{"id":1673,"date":"2023-11-30T14:56:51","date_gmt":"2023-11-30T14:56:51","guid":{"rendered":"https:\/\/scoalaioanbadescu.ro\/?page_id=1673"},"modified":"2024-02-16T17:19:05","modified_gmt":"2024-02-16T17:19:05","slug":"evaluarea-nationala-cls-a-viii-a","status":"publish","type":"page","link":"https:\/\/scoalaioanbadescu.ro\/?page_id=1673","title":{"rendered":"Evaluarea na\u021bional\u0103 cls. a VIII-a"},"content":{"rendered":"\n<details class=\"wp-block-details is-layout-flow wp-block-details-is-layout-flow\"><summary>Anul \u0219colar 2017-2018<\/summary>\n<p class=\"has-medium-font-size\"><strong>Calendarul de desf\u0103\u015furare a evalu\u0103rii na\u0163ionale pentru absolven\u021bii clasei a VIII-a, \u00een anul \u015fcolar 2017-2018<\/strong><\/p>\n\n\n\n<ul class=\"wp-block-list\">\n<li>04-08 iunie 2018 \u2013 \u00censcrierea la evaluarea na\u021bional\u0103<\/li>\n\n\n\n<li>08 iunie 2018 \u2013 \u00cencheierea cursurilor pentru clasa a VIII-a<\/li>\n\n\n\n<li>11 iunie 2018 \u2013 Limba \u015fi literatura rom\u00e2n\u0103 \u2013 prob\u0103 scris\u0103<\/li>\n\n\n\n<li>13 iunie 2018 \u2013 Matematica &#8211; prob\u0103 scris\u0103<\/li>\n\n\n\n<li>14 iunie 2018 \u2013 Limba \u015fi literatura matern\u0103 &#8211; prob\u0103 scris\u0103<\/li>\n\n\n\n<li>19 iunie 2018 \u2013 Afi\u015farea rezultatelor \u00eenaintea contesta\u021biilor (p\u00e2n\u0103 la ora 12:00)<\/li>\n\n\n\n<li>19 iunie 2018 \u2013 Depunerea contesta\u0163iilor (orele 14:00 \u2013 19:00)<\/li>\n\n\n\n<li>20-22 iunie 2018 \u2013 Solu\u0163ionarea contesta\u0163iilor<\/li>\n\n\n\n<li>23 iunie 2018 \u2013 Afi\u015farea rezultatelor finale dup\u0103 solu\u0163ionarea contesta\u0163iilor.<\/li>\n<\/ul>\n\n\n\n<div class=\"wp-block-file\"><a id=\"wp-block-file--media-35eaa380-e71c-4e4b-86d5-7296c5964063\" href=\"https:\/\/scoalaioanbadescu.ro\/wp-content\/uploads\/2023\/11\/metodologie_en_viii.pdf\"><strong>METODOLOGIA DE ORGANIZARE \u015eI DESF\u0102\u015eURARE A EVALU\u0102RII NA\u0162IONALE PENTRU ELEVII CLASEI A VIII-A<\/strong><\/a><\/div>\n<\/details>\n\n\n\n<details class=\"wp-block-details is-layout-flow wp-block-details-is-layout-flow\"><summary>Anul \u0219colar 2018-2019<\/summary>\n<h5 class=\"wp-block-heading has-medium-font-size\">Calendarul de desf\u0103\u015furare a evalu\u0103rii na\u0163ionale pentru absolven\u021bii clasei a VIII-a, \u00een anul \u015fcolar 2018-2019<\/h5>\n\n\n\n<ul class=\"wp-block-list\">\n<li>3-7 iunie 2019 \u2013 \u00censcrierea la evaluarea na\u021bional\u0103<\/li>\n\n\n\n<li>7 iunie 2019 \u2013 \u00cencheierea cursurilor pentru clasa a VIII-a<\/li>\n\n\n\n<li>18 iunie 2019 \u2013 Limba \u015fi literatura rom\u00e2n\u0103 \u2013 prob\u0103 scris\u0103<\/li>\n\n\n\n<li>20 iunie 2019 \u2013 Matematica \u2013 prob\u0103 scris\u0103<\/li>\n\n\n\n<li>21 iunie 2019 \u2013 Limba \u015fi literatura matern\u0103 \u2013 prob\u0103 scris\u0103<\/li>\n\n\n\n<li>19 iunie 2019 \u2013 Afi\u015farea rezultatelor \u00eenaintea contesta\u021biilor (p\u00e2n\u0103 la ora 12:00)<\/li>\n\n\n\n<li>25 iunie 2019 \u2013 Depunerea contesta\u0163iilor (orele 14:00-20:00)<\/li>\n\n\n\n<li>26-28 iunie 2019 \u2013 Solu\u0163ionarea contesta\u0163iilor<\/li>\n\n\n\n<li>29 iunie 2019 \u2013 Afi\u015farea rezultatelor finale dup\u0103 solu\u0163ionarea contesta\u0163iilor.<\/li>\n<\/ul>\n\n\n\n<div class=\"wp-block-file\"><a id=\"wp-block-file--media-0618fee4-7016-4246-a229-611f4773f714\" href=\"https:\/\/scoalaioanbadescu.ro\/wp-content\/uploads\/2023\/11\/OMEN_Evaluare_Nationala_2019.pdf\">ORDIN PRIVIND ORGANIZAREA \u0218I DESF\u0102\u0218URAREA EVALU\u0102RII NA\u021aIONALE PENTRU ABSOLVEN\u021aII CLASEI A VIII-A \u00ceN ANUL \u0218COLAR 2018-2019<\/a><\/div>\n<\/details>\n","protected":false},"excerpt":{"rendered":"<p><span class=\"more-link\"><a href=\"https:\/\/scoalaioanbadescu.ro\/?page_id=1673\">Continue Reading<\/a><\/span><\/p>\n","protected":false},"author":2,"featured_media":0,"parent":0,"menu_order":0,"comment_status":"closed","ping_status":"closed","template":"","meta":{"footnotes":""},"class_list":["entry","author-cristian-ene","post-1673","page","type-page","status-publish"],"_links":{"self":[{"href":"https:\/\/scoalaioanbadescu.ro\/index.php?rest_route=\/wp\/v2\/pages\/1673","targetHints":{"allow":["GET"]}}],"collection":[{"href":"https:\/\/scoalaioanbadescu.ro\/index.php?rest_route=\/wp\/v2\/pages"}],"about":[{"href":"https:\/\/scoalaioanbadescu.ro\/index.php?rest_route=\/wp\/v2\/types\/page"}],"author":[{"embeddable":true,"href":"https:\/\/scoalaioanbadescu.ro\/index.php?rest_route=\/wp\/v2\/users\/2"}],"replies":[{"embeddable":true,"href":"https:\/\/scoalaioanbadescu.ro\/index.php?rest_route=%2Fwp%2Fv2%2Fcomments&post=1673"}],"version-history":[{"count":3,"href":"https:\/\/scoalaioanbadescu.ro\/index.php?rest_route=\/wp\/v2\/pages\/1673\/revisions"}],"predecessor-version":[{"id":1677,"href":"https:\/\/scoalaioanbadescu.ro\/index.php?rest_route=\/wp\/v2\/pages\/1673\/revisions\/1677"}],"wp:attachment":[{"href":"https:\/\/scoalaioanbadescu.ro\/index.php?rest_route=%2Fwp%2Fv2%2Fmedia&parent=1673"}],"curies":[{"name":"wp","href":"https:\/\/api.w.org\/{rel}","templated":true}]}}