{"id":1649,"date":"2023-11-30T14:09:11","date_gmt":"2023-11-30T14:09:11","guid":{"rendered":"https:\/\/scoalaioanbadescu.ro\/?page_id=1649"},"modified":"2024-02-16T17:19:04","modified_gmt":"2024-02-16T17:19:04","slug":"2022-2023","status":"publish","type":"page","link":"https:\/\/scoalaioanbadescu.ro\/?page_id=1649","title":{"rendered":""},"content":{"rendered":"\n<p>\u00cen s\u0103pt\u0103m\u00e2na 13-17.03.2023 se desf\u0103\u0219oar\u0103 Programul Na\u021bional ,,\u0218coala altfel\u201d.<\/p>\n\n\n\n<p>\u00cen s\u0103pt\u0103m\u00e2na 24-28.04.2023 se desf\u0103\u0219oar\u0103 Programul ,,S\u0103pt\u0103m\u00e2na verde\u201d.<\/p>\n\n\n\n<div class=\"_df_book df-lite\" id=\"df_1650\"  data-title=\"ordin-sas-2022-2023\" _slug=\"ordin-sas-2022-2023\" wpoptions=\"true\" thumbtype=\"bg\" ><\/div><script class=\"df-shortcode-script\" type=\"application\/javascript\">window.option_df_1650 = {\"outline\":[],\"forceFit\":\"true\",\"autoEnableOutline\":\"false\",\"autoEnableThumbnail\":\"false\",\"overwritePDFOutline\":\"false\",\"direction\":\"1\",\"pageSize\":\"0\",\"soundEnable\":\"false\",\"source\":\"https:\\\/\\\/scoalaioanbadescu.ro\\\/wp-content\\\/uploads\\\/2023\\\/11\\\/ordinul-nr-3505-2022-privind-structura-anului-scolar-2022-2023.pdf\",\"wpOptions\":\"true\"}; if(window.DFLIP && window.DFLIP.parseBooks){window.DFLIP.parseBooks();}<\/script>\n","protected":false},"excerpt":{"rendered":"<p>\u00cen s\u0103pt\u0103m\u00e2na 13-17.03.2023 se desf\u0103\u0219oar\u0103 Programul Na\u021bional ,,\u0218coala altfel\u201d. \u00cen s\u0103pt\u0103m\u00e2na 24-28.04.2023 se desf\u0103\u0219oar\u0103 Programul ,,S\u0103pt\u0103m\u00e2na verde\u201d.<span class=\"more-link\"><a href=\"https:\/\/scoalaioanbadescu.ro\/?page_id=1649\">Continue Reading<\/a><\/span><\/p>\n","protected":false},"author":2,"featured_media":0,"parent":0,"menu_order":0,"comment_status":"closed","ping_status":"closed","template":"","meta":{"footnotes":""},"class_list":["entry","author-cristian-ene","post-1649","page","type-page","status-publish"],"_links":{"self":[{"href":"https:\/\/scoalaioanbadescu.ro\/index.php?rest_route=\/wp\/v2\/pages\/1649","targetHints":{"allow":["GET"]}}],"collection":[{"href":"https:\/\/scoalaioanbadescu.ro\/index.php?rest_route=\/wp\/v2\/pages"}],"about":[{"href":"https:\/\/scoalaioanbadescu.ro\/index.php?rest_route=\/wp\/v2\/types\/page"}],"author":[{"embeddable":true,"href":"https:\/\/scoalaioanbadescu.ro\/index.php?rest_route=\/wp\/v2\/users\/2"}],"replies":[{"embeddable":true,"href":"https:\/\/scoalaioanbadescu.ro\/index.php?rest_route=%2Fwp%2Fv2%2Fcomments&post=1649"}],"version-history":[{"count":2,"href":"https:\/\/scoalaioanbadescu.ro\/index.php?rest_route=\/wp\/v2\/pages\/1649\/revisions"}],"predecessor-version":[{"id":1663,"href":"https:\/\/scoalaioanbadescu.ro\/index.php?rest_route=\/wp\/v2\/pages\/1649\/revisions\/1663"}],"wp:attachment":[{"href":"https:\/\/scoalaioanbadescu.ro\/index.php?rest_route=%2Fwp%2Fv2%2Fmedia&parent=1649"}],"curies":[{"name":"wp","href":"https:\/\/api.w.org\/{rel}","templated":true}]}}