{"id":1630,"date":"2023-11-30T13:58:01","date_gmt":"2023-11-30T13:58:01","guid":{"rendered":"https:\/\/scoalaioanbadescu.ro\/?page_id=1630"},"modified":"2024-02-16T17:19:04","modified_gmt":"2024-02-16T17:19:04","slug":"structura-anului-scolar-2017-2018","status":"publish","type":"page","link":"https:\/\/scoalaioanbadescu.ro\/?page_id=1630","title":{"rendered":""},"content":{"rendered":"\n<p>ORDIN nr. 3382 din 24.02.2017 privind structura anului \u015fcolar 2017 \u2013 2018. \u00cen conformitate cu Hot\u0103r\u00e2rea Guvernului nr. 26\/20157 privind organizarea \u015fi func\u0163ionarea Ministerului Educa\u0163iei Na\u021bionale:<\/p>\n\n\n\n<p>Art. 1 (1) Anul scolar 2017-2018 are 35 de s\u0103pt\u0103m\u00e2ni de cursuri, \u00eensum\u00e2nd 167 de zile lucr\u0103toare.<\/p>\n\n\n\n<p>Art. 2 Anul \u015fcolar 2017-2018 \u00eencepe pe data de 1 septembrie 2017, se \u00eencheie pe data de 31 august 2018 \u015fi se structureaz\u0103 pe dou\u0103 semestre, dup\u0103 cum urmeaz\u0103:<\/p>\n\n\n\n<ul class=\"wp-block-list\">\n<li>semestrul I (11 septembrie 2017 \u2013 2 februarie 2018);<\/li>\n\n\n\n<li>semestrul al II-lea (12 februarie 2018 \u2013 15 iunie 2018).<\/li>\n<\/ul>\n\n\n\n<p>Vacantele elevilor din toate ciclurile de invatamant sunt programate astfel:<\/p>\n\n\n\n<ul class=\"wp-block-list\">\n<li>23 decembrie &#8211; 14 ianuarie Vacanta de iarna<\/li>\n\n\n\n<li>3 &#8211; 11 februarie Vacanta intersemestriala<\/li>\n\n\n\n<li>31 martie &#8211; 10 aprilie Vacanta de primavara<\/li>\n\n\n\n<li>16 iunie &#8211; 9 septembrie Vacanta de vara<\/li>\n<\/ul>\n\n\n\n<p>Zile Libere la scoala in 2018<\/p>\n\n\n\n<ul class=\"wp-block-list\">\n<li>30 Noiembrie Sf. Andrei<\/li>\n\n\n\n<li>1 Decembrie Ziua Nationala a Romaniei<\/li>\n\n\n\n<li>24 Ianuarie Ziua Unirii Principatelor Romane<\/li>\n\n\n\n<li>9 Aprilie a doua zi de Paste<\/li>\n\n\n\n<li>1 Mai Ziua Muncii<\/li>\n\n\n\n<li>28 Mai a doua zi de Rusalii<\/li>\n\n\n\n<li>1 Iunie Ziua Copilului<\/li>\n<\/ul>\n\n\n\n<p>Suplimentar, clasele din invatamantul primar si grupele din invatamantul prescolar beneficiaza de vacanta in saptamana 28 octombrie \u2013 5 noiembrie 2017.<\/p>\n","protected":false},"excerpt":{"rendered":"<p>ORDIN nr. 3382 din 24.02.2017 privind structura anului \u015fcolar 2017 \u2013 2018. \u00cen conformitate cu Hot\u0103r\u00e2rea Guvernului nr. 26\/20157 privind organizarea \u015fi func\u0163ionarea Ministerului Educa\u0163iei Na\u021bionale: Art. 1 (1) Anul scolar 2017-2018 are 35 de s\u0103pt\u0103m\u00e2ni de cursuri, \u00eensum\u00e2nd 167 de zile lucr\u0103toare. Art. 2 Anul \u015fcolar 2017-2018 \u00eencepe pe<span class=\"more-link\"><a href=\"https:\/\/scoalaioanbadescu.ro\/?page_id=1630\">Continue Reading<\/a><\/span><\/p>\n","protected":false},"author":2,"featured_media":0,"parent":0,"menu_order":0,"comment_status":"closed","ping_status":"closed","template":"","meta":{"footnotes":""},"class_list":["entry","author-cristian-ene","post-1630","page","type-page","status-publish"],"_links":{"self":[{"href":"https:\/\/scoalaioanbadescu.ro\/index.php?rest_route=\/wp\/v2\/pages\/1630","targetHints":{"allow":["GET"]}}],"collection":[{"href":"https:\/\/scoalaioanbadescu.ro\/index.php?rest_route=\/wp\/v2\/pages"}],"about":[{"href":"https:\/\/scoalaioanbadescu.ro\/index.php?rest_route=\/wp\/v2\/types\/page"}],"author":[{"embeddable":true,"href":"https:\/\/scoalaioanbadescu.ro\/index.php?rest_route=\/wp\/v2\/users\/2"}],"replies":[{"embeddable":true,"href":"https:\/\/scoalaioanbadescu.ro\/index.php?rest_route=%2Fwp%2Fv2%2Fcomments&post=1630"}],"version-history":[{"count":3,"href":"https:\/\/scoalaioanbadescu.ro\/index.php?rest_route=\/wp\/v2\/pages\/1630\/revisions"}],"predecessor-version":[{"id":1659,"href":"https:\/\/scoalaioanbadescu.ro\/index.php?rest_route=\/wp\/v2\/pages\/1630\/revisions\/1659"}],"wp:attachment":[{"href":"https:\/\/scoalaioanbadescu.ro\/index.php?rest_route=%2Fwp%2Fv2%2Fmedia&parent=1630"}],"curies":[{"name":"wp","href":"https:\/\/api.w.org\/{rel}","templated":true}]}}