{"id":1429,"date":"2023-10-12T07:49:49","date_gmt":"2023-10-12T07:49:49","guid":{"rendered":"https:\/\/scoalaioanbadescu.ro\/?page_id=1429"},"modified":"2024-02-21T12:53:44","modified_gmt":"2024-02-21T12:53:44","slug":"despre-noi","status":"publish","type":"page","link":"https:\/\/scoalaioanbadescu.ro\/?page_id=1429","title":{"rendered":"Despre Noi"},"content":{"rendered":"\n<div class=\"wp-block-columns is-layout-flex wp-container-core-columns-is-layout-9d6595d7 wp-block-columns-is-layout-flex\">\n<div class=\"wp-block-column is-layout-flow wp-block-column-is-layout-flow\">\n<p>\u0218coala Gimnazial\u0103 \u201eIoan B\u0103descu\u201d este situat\u0103 \u00een centrul ora\u0219ului Pope\u0219ti-Leordeni, \u00een imediata vecin\u0103tate a Prim\u0103riei, pe stada \u0218colii nr. 6. Localul \u0219colii nu este unul foarte mare, \u00eens\u0103 este bine \u00eengrijit \u0219i frumos decorat de elevii \u015fi profesorii care lucreaz\u0103 \u00eempreun\u0103 pentru crearea unui mediu pl\u0103cut \u0219i stimulativ. Mai mult dec\u00e2t at\u00e2t, \u00een ultimii ani, fiecare clas\u0103 a fost dotat\u0103 cu dou\u0103 table albe, o tabl\u0103 smartboard,videoproiector \u0219i laptop pentru fiecare sal\u0103 de clas\u0103 \u0219i mobilier ergonomic nou, pentru un \u00eenv\u0103\u021b\u0103m\u00e2nt modern de calitate.<\/p>\n<\/div>\n\n\n\n<div class=\"wp-block-column is-layout-flow wp-block-column-is-layout-flow\">\n<figure class=\"wp-block-video\"><video height=\"720\" style=\"aspect-ratio: 1280 \/ 720;\" width=\"1280\" src=\"https:\/\/scoalaioanbadescu.ro\/wp-content\/uploads\/2023\/10\/Algeco_HD_medium-1.mp4\"><\/video><\/figure>\n<\/div>\n<\/div>\n\n\n\n<div class=\"wp-block-columns is-layout-flex wp-container-core-columns-is-layout-9d6595d7 wp-block-columns-is-layout-flex\">\n<div class=\"wp-block-column is-layout-flow wp-block-column-is-layout-flow\">\n<figure class=\"wp-block-video\"><video height=\"576\" style=\"aspect-ratio: 720 \/ 576;\" width=\"720\" controls src=\"https:\/\/scoalaioanbadescu.ro\/wp-content\/uploads\/2023\/10\/digi24_30_11_2022_07_32_47.mp4\"><\/video><\/figure>\n<\/div>\n\n\n\n<div class=\"wp-block-column is-layout-flow wp-block-column-is-layout-flow\">\n<p><\/p>\n\n\n\n<p>Clasa Preg\u0103titoare \u00ee\u0219i desf\u0103\u0219oar\u0103 activitatea \u00een incinta Gr\u0103dini\u021bei Nr. 2 ce este structur\u0103 a \u0219colii noastre, \u00eentr-un ambient propice dezvolt\u0103rii fiec\u0103rui copil, cu un mobilier nou adecvat v\u00e2rstei, cu acelea\u0219i facilit\u0103\u021bi, dar \u00eentr-un spa\u021biupotrivit trecerii de la gr\u0103dini\u021b\u0103 spre \u201d\u0219coala mare\u201d.<\/p>\n<\/div>\n<\/div>\n\n\n\n<div class=\"wp-block-columns is-layout-flex wp-container-core-columns-is-layout-9d6595d7 wp-block-columns-is-layout-flex\">\n<div class=\"wp-block-column is-layout-flow wp-block-column-is-layout-flow\">\n<p>Colectivul de \u00eenv\u0103\u021b\u0103tori \u0219i profesori este format din cadre didactice foarte bine preg\u0103tite \u00eentre care exist\u0103 o str\u00e2ns\u0103 colaborare at\u00e2t pentru desf\u0103\u0219urarea activit\u0103\u021bilor \u0219colare, c\u00e2t \u0219i \u00een organizarea activit\u0103\u021bilor extracurriculare \u0219iextra\u0219colare. Ca o dovad\u0103 a bunei colabor\u0103ri \u00eentre cadrele didactice \u0219i familie, elevii \u0219colii noastre ob\u021bin constant rezultate foarte bune la concursurile \u0219i olimpiadele \u0219colare, f\u0103c\u00e2ndu-se remarca\u021bi at\u00e2t \u00een activit\u0103\u021bile \u0219tiin\u021bifice, c\u00e2t \u0219i \u00eencele creative \u0219i artistice.<\/p>\n<\/div>\n\n\n\n<div class=\"wp-block-column is-layout-flow wp-block-column-is-layout-flow\">\n<iframe width=\"640\" height=\"360\" src=\"https:\/\/www.youtube.com\/embed\/5GFyo2TgUMQ\" title=\"\u015ecoala de l\u00e2ng\u0103 Bucure\u015fti complet digitalizat\u0103\" frameborder=\"0\" allow=\"accelerometer; autoplay; clipboard-write; encrypted-media; gyroscope; picture-in-picture; web-share\" allowfullscreen><\/iframe>\n<\/div>\n<\/div>\n\n\n\n<div class=\"wp-block-columns is-layout-flex wp-container-core-columns-is-layout-9d6595d7 wp-block-columns-is-layout-flex\">\n<div class=\"wp-block-column is-layout-flow wp-block-column-is-layout-flow\">\n<figure class=\"wp-block-video\"><video height=\"406\" style=\"aspect-ratio: 700 \/ 406;\" width=\"700\" controls src=\"https:\/\/scoalaioanbadescu.ro\/wp-content\/uploads\/2023\/10\/100a_100s.m4v\"><\/video><\/figure>\n<\/div>\n\n\n\n<div class=\"wp-block-column is-layout-flow wp-block-column-is-layout-flow\">\n<p><\/p>\n\n\n\n<p>\u0218coala Gimnazial\u0103 \u201eIoan B\u0103descu\u201d este locul \u00een care fiecare copil este \u00eendrumat s\u0103 creasc\u0103 fizic, spiritual \u0219i moral \u00eempreun\u0103 cu ceilal\u021bi, s\u0103-\u0219i dezvolte capacit\u0103\u021bile, aptitudinile \u0219i sentimentele \u00eentr-un climat prietenos.<\/p>\n<\/div>\n<\/div>\n\n\n\n<div class=\"_df_book df-lite\" id=\"df_3181\"  data-title=\"pliant\" _slug=\"pliant\" wpoptions=\"true\" thumbtype=\"bg\" ><\/div><script class=\"df-shortcode-script\" type=\"application\/javascript\">window.option_df_3181 = {\"outline\":[],\"forceFit\":\"true\",\"autoEnableOutline\":\"false\",\"autoEnableThumbnail\":\"false\",\"overwritePDFOutline\":\"false\",\"direction\":\"1\",\"pageSize\":\"0\",\"soundEnable\":\"false\",\"source\":\"https:\\\/\\\/scoalaioanbadescu.ro\\\/wp-content\\\/uploads\\\/2024\\\/02\\\/pliant-sc-ioan-badescu-modificari-finale-ambele-poze.pdf\",\"wpOptions\":\"true\"}; if(window.DFLIP && window.DFLIP.parseBooks){window.DFLIP.parseBooks();}<\/script>\n\n\n\n<p><strong>Informa\u021bii pentru p\u0103rinti:<\/strong><\/p>\n\n\n\n<p>Noi dorim s\u0103 cre\u0103m din fiecare copil cel mai bun om \u0219i cet\u0103\u021bean european: respectuos fat\u0103 de ceilal\u021bi \u0219i fat\u0103 de sine, civilizat, demn, \u00eenv\u0103\u021bat s\u0103 pre\u021buiasc\u0103 diversitatea \u0219i s\u0103 seconstruiasc\u0103 pe sine pentru un viitor mai bun.<\/p>\n\n\n\n<p>Activit\u0103\u021bile \u0219colare se desf\u0103\u0219oar\u0103 \u00een cadrul unor lec\u021bii antrenante \u0219i cursuri op\u021bionale diversificate:&nbsp;<em>Clubul juc\u0103u\u0219ilor, Micii arti\u0219ti, Ce pot face dou\u0103 m\u00e2ini dibace?, ABC-ul bunelor maniere, Cum s\u0103 \u00eenv\u0103\u021b!, Educa\u021bie pentru s\u0103n\u0103tate, Folclorul copiilor, Educa\u021bie rutier\u0103, Pe aripile cuvintelor, Eu \u0219tiu, eu pot s\u0103 \u00eemi corectez vorbirea!, Codul bunelor maniere, Misterele lumii \u00eenconjur\u0103toare, Educa\u021bie financiar\u0103, Valorificarea folclorului local, Lectura \u0219i abilit\u0103\u021bile de via\u021b\u0103, English through pictures and games, Comunicare, joc, culoare, English is Fun through Music, Visiting U.K., English through pictures and games, Story Time, Round UK in 36 weeks, \u00cen v\u00e2rf de peni\u021b\u0103, E\u0219ti cool \u0219i dac\u0103 vorbe\u0219ti corect, Holocaustul rom\u00e2nesc, Communication &#8211; how do we do it?, Personajul &#8211; incursiune \u00een literatur\u0103, teatru \u0219i film, Creative English, Educa\u0163ie pentru s\u0103n\u0103tate, Matematica distractiv\u0103, English is fun, Drama, Caleidoscop Matematic, Primul ajutor \u00een caz de urgen\u021b\u0103 medical\u0103, It is cool to be British, British Culture and Civilization.<\/em><\/p>\n\n\n\n<p>Un alt specific al \u0219colii noastre \u00eel reprezint\u0103 studierea limbii engleze L1 \u00een sistem intensiv \u00eencep\u00e2nd cu clasa a V-a.<\/p>\n\n\n\n<p>\u00cencep\u00e2nd cu anul \u0219colar 2011, desf\u0103\u0219ur\u0103m parteneriatul \u00eencheiat cu&nbsp;<em>Asocia\u021bia de P\u0103rin\u021bi a \u0218colii Gimnaziale \u201eIoan B\u0103descu\u201d<\/em>. \u00cen cadrul activit\u0103\u021bilor extra\u0219colare, enumer\u0103m proiecte interdisciplinare, serb\u0103ri \u0219colare,expozi\u021bii tematice, excursii \u0219i tabere, vizite la muzee, ateliere de crea\u021bie \u0219i cerc de lectur\u0103 \u0219i scriere creativ\u0103, ateliere de \u00eenv\u0103\u021bare a unei limbi de circula\u021bie interna\u021bional\u0103.<\/p>\n\n\n\n<p><strong><em>V\u0103 a\u0219tept\u0103m cu drag!<\/em><\/strong><\/p>\n","protected":false},"excerpt":{"rendered":"<p>\u0218coala Gimnazial\u0103 \u201eIoan B\u0103descu\u201d este situat\u0103 \u00een centrul ora\u0219ului Pope\u0219ti-Leordeni, \u00een imediata vecin\u0103tate a Prim\u0103riei, pe stada \u0218colii nr. 6. Localul \u0219colii nu este unul foarte mare, \u00eens\u0103 este bine \u00eengrijit \u0219i frumos decorat de elevii \u015fi profesorii care lucreaz\u0103 \u00eempreun\u0103 pentru crearea unui mediu pl\u0103cut \u0219i stimulativ. Mai mult<span class=\"more-link\"><a href=\"https:\/\/scoalaioanbadescu.ro\/?page_id=1429\">Continue Reading<\/a><\/span><\/p>\n","protected":false},"author":1,"featured_media":0,"parent":0,"menu_order":0,"comment_status":"closed","ping_status":"closed","template":"","meta":{"footnotes":""},"class_list":["entry","author-ste","post-1429","page","type-page","status-publish"],"_links":{"self":[{"href":"https:\/\/scoalaioanbadescu.ro\/index.php?rest_route=\/wp\/v2\/pages\/1429","targetHints":{"allow":["GET"]}}],"collection":[{"href":"https:\/\/scoalaioanbadescu.ro\/index.php?rest_route=\/wp\/v2\/pages"}],"about":[{"href":"https:\/\/scoalaioanbadescu.ro\/index.php?rest_route=\/wp\/v2\/types\/page"}],"author":[{"embeddable":true,"href":"https:\/\/scoalaioanbadescu.ro\/index.php?rest_route=\/wp\/v2\/users\/1"}],"replies":[{"embeddable":true,"href":"https:\/\/scoalaioanbadescu.ro\/index.php?rest_route=%2Fwp%2Fv2%2Fcomments&post=1429"}],"version-history":[{"count":5,"href":"https:\/\/scoalaioanbadescu.ro\/index.php?rest_route=\/wp\/v2\/pages\/1429\/revisions"}],"predecessor-version":[{"id":3183,"href":"https:\/\/scoalaioanbadescu.ro\/index.php?rest_route=\/wp\/v2\/pages\/1429\/revisions\/3183"}],"wp:attachment":[{"href":"https:\/\/scoalaioanbadescu.ro\/index.php?rest_route=%2Fwp%2Fv2%2Fmedia&parent=1429"}],"curies":[{"name":"wp","href":"https:\/\/api.w.org\/{rel}","templated":true}]}}